NOAA style reports
NOAA-style Climate Reports
Select a Year or Month report
Report for 2021 Dec
Monthly Climatological Summary for Dec 2021
Name: www.anoliosia.meteoclub.gr/NOAA-reports.php City: Ano LIOSIA State: Attiki GR
Elevation: 190 m Lat: N 38° 05' 26" Lon: E 023° 41' 56"
Temperature (°C), Rain (mm), Wind Speed (km/h)
Heat Cool Avg
Mean Deg Deg Wind Dom
Day Temp High Time Low Time Days Days Rain Speed High Time Dir
----------------------------------------------------------------------------------
1 10.1 15.9 14:32 4.5 07:34 8.2 0.0 0.0 6.1 30.6 12:16 W
2 11.6 17.4 15:04 6.6 06:57 6.7 0.0 0.0 2.4 19.4 14:23 WNW
3 14.8 18.8 12:01 11.1 06:23 3.5 0.0 0.0 7.3 43.9 19:51 SSW
4 12.4 16.0 00:37 9.4 23:22 5.9 0.0 0.0 2.9 41.8 00:40 WSW
5 11.8 17.5 13:45 8.0 05:22 6.5 0.0 0.0 4.1 24.5 11:59 WNW
6 14.2 18.3 13:21 -22.4 15:23 4.1 0.0 0.0 7.2 47.9 15:54 SSW
7 11.3 13.7 14:59 9.5 21:56 6.4 0.0 0.0 6.2 37.8 00:26 W
8 10.6 14.5 14:42 7.7 07:54 7.7 0.0 0.0 7.0 30.6 04:44 WNW
9 13.1 18.6 13:04 7.1 05:53 5.2 0.0 0.0 6.1 45.4 18:24 SSW
10 13.2 16.9 02:06 8.8 21:25 5.1 0.0 0.0 8.7 43.9 03:16 SW
11 13.3 15.2 17:34 9.8 02:41 5.0 0.0 0.0 11.0 58.7 17:38 SSW
12 12.8 16.8 13:12 9.8 23:57 5.6 0.0 0.0 4.8 28.1 00:20 W
13 10.3 14.5 12:51 6.3 23:54 8.0 0.0 0.0 7.5 41.8 08:01 WNW
14 6.3 9.4 11:03 4.1 15:11 12.0 0.0 0.0 7.7 57.6 14:28 NNW
15 7.6 9.1 13:39 6.1 03:28 10.7 0.0 0.0 7.1 49.0 00:19 N
16 8.1 12.3 13:26 0.0 20:54 10.2 0.0 0.0 3.9 43.9 00:57 SW
17 7.9 11.5 12:22 5.1 07:58 10.4 0.0 0.0 5.2 40.3 02:47 NNW
18 5.8 8.9 00:17 3.0 21:31 12.5 0.0 0.0 17.7 56.2 12:38 NNE
22 3.8 6.3 15:23 0.0 22:57 13.8 0.0 0.0 ---- 58.7 13:01 N
23 7.4 10.8 12:41 0.0 09:09 6.8 0.0 0.0 3.3 22.0 09:19 N
24 8.1 13.8 14:50 3.9 05:34 10.2 0.0 0.0 3.1 20.9 15:35 W
----------------------------------------------------------------------------------
10.2 18.8 3 -22.4 6 164.5 0.0 0.0 6.5 58.7 11 W
Max >= 27.0: 0
Max <= 0.0: 0
Min <= 0.0: 4
Min <= -18.0: 1
Max Rain: 0.0 on day 0
Days of Rain: 0 (>= 0.2 mm) 0 (>= 2.0 mm) 0 (>= 20.0 mm)
Heat Base: 18.3 Cool Base: 18.3 Method: Integration
Select a Year or Month report
Report for 2021 Dec
Monthly Climatological Summary for Dec 2021 Name: www.anoliosia.meteoclub.gr/NOAA-reports.php City: Ano LIOSIA State: Attiki GR Elevation: 190 m Lat: N 38° 05' 26" Lon: E 023° 41' 56" Temperature (°C), Rain (mm), Wind Speed (km/h) Heat Cool Avg Mean Deg Deg Wind Dom Day Temp High Time Low Time Days Days Rain Speed High Time Dir ---------------------------------------------------------------------------------- 1 10.1 15.9 14:32 4.5 07:34 8.2 0.0 0.0 6.1 30.6 12:16 W 2 11.6 17.4 15:04 6.6 06:57 6.7 0.0 0.0 2.4 19.4 14:23 WNW 3 14.8 18.8 12:01 11.1 06:23 3.5 0.0 0.0 7.3 43.9 19:51 SSW 4 12.4 16.0 00:37 9.4 23:22 5.9 0.0 0.0 2.9 41.8 00:40 WSW 5 11.8 17.5 13:45 8.0 05:22 6.5 0.0 0.0 4.1 24.5 11:59 WNW 6 14.2 18.3 13:21 -22.4 15:23 4.1 0.0 0.0 7.2 47.9 15:54 SSW 7 11.3 13.7 14:59 9.5 21:56 6.4 0.0 0.0 6.2 37.8 00:26 W 8 10.6 14.5 14:42 7.7 07:54 7.7 0.0 0.0 7.0 30.6 04:44 WNW 9 13.1 18.6 13:04 7.1 05:53 5.2 0.0 0.0 6.1 45.4 18:24 SSW 10 13.2 16.9 02:06 8.8 21:25 5.1 0.0 0.0 8.7 43.9 03:16 SW 11 13.3 15.2 17:34 9.8 02:41 5.0 0.0 0.0 11.0 58.7 17:38 SSW 12 12.8 16.8 13:12 9.8 23:57 5.6 0.0 0.0 4.8 28.1 00:20 W 13 10.3 14.5 12:51 6.3 23:54 8.0 0.0 0.0 7.5 41.8 08:01 WNW 14 6.3 9.4 11:03 4.1 15:11 12.0 0.0 0.0 7.7 57.6 14:28 NNW 15 7.6 9.1 13:39 6.1 03:28 10.7 0.0 0.0 7.1 49.0 00:19 N 16 8.1 12.3 13:26 0.0 20:54 10.2 0.0 0.0 3.9 43.9 00:57 SW 17 7.9 11.5 12:22 5.1 07:58 10.4 0.0 0.0 5.2 40.3 02:47 NNW 18 5.8 8.9 00:17 3.0 21:31 12.5 0.0 0.0 17.7 56.2 12:38 NNE 22 3.8 6.3 15:23 0.0 22:57 13.8 0.0 0.0 ---- 58.7 13:01 N 23 7.4 10.8 12:41 0.0 09:09 6.8 0.0 0.0 3.3 22.0 09:19 N 24 8.1 13.8 14:50 3.9 05:34 10.2 0.0 0.0 3.1 20.9 15:35 W ---------------------------------------------------------------------------------- 10.2 18.8 3 -22.4 6 164.5 0.0 0.0 6.5 58.7 11 W Max >= 27.0: 0 Max <= 0.0: 0 Min <= 0.0: 4 Min <= -18.0: 1 Max Rain: 0.0 on day 0 Days of Rain: 0 (>= 0.2 mm) 0 (>= 2.0 mm) 0 (>= 20.0 mm) Heat Base: 18.3 Cool Base: 18.3 Method: Integration