2011 2012 2013

NOAA style reports

NOAA-style Climate Reports

Select a Year or Month report
V/Λ2017 > Jan Feb Mar Apr May Jun Jul Aug Sep Oct Nov Dec
V/Λ2016 > Jan Feb Mar Apr May Jun Jul Aug Sep Oct Nov Dec
V/Λ2015 > Jan Feb Mar Apr May Jun Jul Aug Sep Oct Nov Dec
V/Λ2014 > Jan Feb Mar Apr May Jun Jul Aug Sep Oct Nov Dec
V/Λ2013 > Jan Feb Mar Apr May Jun Jul Aug Sep Oct Nov Dec
V/Λ2012 > Jan Feb Mar Apr May Jun Jul Aug Sep Oct Nov Dec
V/Λ2011 > Jan Feb Mar Apr May Jun Jul Aug Sep Oct Nov Dec
V/Λ2010 > Jan Feb Mar Apr May Jun Jul Aug Sep Oct Nov Dec
V/Λ2009 > Jan Feb Mar Apr May Jun Jul Aug Sep Oct Nov Dec
V/Λ2008 > Jan Feb Mar Apr May Jun Jul Aug Sep Oct Nov Dec
V/Λ2007 > Jan Feb Mar Apr May Jun Jul Aug Sep Oct Nov Dec
V/Λ2006 > Jan Feb Mar Apr May Jun Jul Aug Sep Oct Nov Dec
V/Λ2005 > Jan Feb Mar Apr May Jun Jul Aug Sep Oct Nov Dec
V/Λ2004 > Jan Feb Mar Apr May Jun Jul Aug Sep Oct Nov Dec
V/Λ2003 > Jan Feb Mar Apr May Jun Jul Aug Sep Oct Nov Dec
V/Λ2002 > Jan Feb Mar Apr May Jun Jul Aug Sep Oct Nov Dec
V/Λ2001 > Jan Feb Mar Apr May Jun Jul Aug Sep Oct Nov Dec
V/Λ2000 > Jan Feb Mar Apr May Jun Jul Aug Sep Oct Nov Dec
V/Λ1999 > Jan Feb Mar Apr May Jun Jul Aug Sep Oct Nov Dec
V/Λ1998 > Jan Feb Mar Apr May Jun Jul Aug Sep Oct Nov Dec
V/Λ1997 > Jan Feb Mar Apr May Jun Jul Aug Sep Oct Nov Dec
V/Λ1996 > Jan Feb Mar Apr May Jun Jul Aug Sep Oct Nov Dec
V/Λ1995 > Jan Feb Mar Apr May Jun Jul Aug Sep Oct Nov Dec
V/Λ1994 > Jan Feb Mar Apr May Jun Jul Aug Sep Oct Nov Dec
V/Λ1993 > Jan Feb Mar Apr May Jun Jul Aug Sep Oct Nov Dec
V/Λ1992 > Jan Feb Mar Apr May Jun Jul Aug Sep Oct Nov Dec
V/Λ1991 > Jan Feb Mar Apr May Jun Jul Aug Sep Oct Nov Dec
V/Λ1990 > Jan Feb Mar Apr May Jun Jul Aug Sep Oct Nov Dec
V/Λ1989 > Jan Feb Mar Apr May Jun Jul Aug Sep Oct Nov Dec
V/Λ1988 > Jan Feb Mar Apr May Jun Jul Aug Sep Oct Nov Dec
V/Λ1987 > Jan Feb Mar Apr May Jun Jul Aug Sep Oct Nov Dec
V/Λ1986 > Jan Feb Mar Apr May Jun Jul Aug Sep Oct Nov Dec
V/Λ1985 > Jan Feb Mar Apr May Jun Jul Aug Sep Oct Nov Dec
V/Λ1984 > Jan Feb Mar Apr May Jun Jul Aug Sep Oct Nov Dec
V/Λ1983 > Jan Feb Mar Apr May Jun Jul Aug Sep Oct Nov Dec
V/Λ1982 > Jan Feb Mar Apr May Jun Jul Aug Sep Oct Nov Dec
V/Λ1981 > Jan Feb Mar Apr May Jun Jul Aug Sep Oct Nov Dec
V/Λ1980 > Jan Feb Mar Apr May Jun Jul Aug Sep Oct Nov Dec

Report for 2015
                   Annual Climatological Summary for 2015

Name: www.anoliosia.meteoclub .gr   City: Ano Liosia   State: Attiki
Elevation: 160 m  Lat: N 38 08' 03"   Lon: E 024 12' 58"

                  Temperature (C), Heat Base: 18.3  Cool Base: 18.3
                          Dep.  Heat  Cool                       Max  Max  Min  Min
        Mean  Mean        From  Deg   Deg                        >=   <=   <=   <=
 YR MO  Max   Min   Mean  Norm  Days  Days  Hi  Date  Low  Date 27.0  0.0  0.0 -18.0
------------------------------------------------------------------------------------
 15  1  12.8   6.6   9.5   0.0   230     0  20.2  21  -2.6    3    0    0    3    0
 15  2  11.7   5.2   8.2   0.0   282     0  20.0   1  -1.3   19    0    0    4    0
 15  3  14.4   7.5  10.6   0.0   239     0  20.3   3   2.2   19    0    0    0    0
 15  4  20.9  10.0  14.9   0.0   126    23  26.8  30   3.6    9    0    0    0    0
 15  5  27.3  15.6  21.3   0.0    20   115  33.8   7  12.3    1   21    0    0    0
 15  6  29.3  19.0  23.8   0.0     2   162  36.1  15  15.1    1   20    0    0    0
 15  7  33.0  22.0  27.5   0.0     0   286  38.8  29   0.0   19   30    0    1    0
 15  8  33.2  23.3  27.8   0.0     0   263  35.8   5  18.9   24   27    0    0    0
 15  9  30.3  19.9  24.7   0.0     2   192  40.2   7  15.5   30   24    0    0    0
 15 10  22.6  14.4  17.8   0.0    55    39  28.5   7  10.0   26    4    0    0    0
 15 11  21.3  10.8  15.3   0.0   125    24  25.8  12   7.7    3    0    0    0    0
 15 12  14.1   6.2   9.5   0.0   272     0  20.0  24  -0.4   31    0    0    1    0
------------------------------------------------------------------------------------
        22.6  13.4  17.6   0.0  1358  1108  40.2 Sep  -2.6  Jan  126    0    9    0

                                Precipitation (mm)

              Dep.   Max        Days of Rain
              From   Obs.           >=
 YR MO Total  Norm   Day Date  0.2  2.0 20.0
---------------------------------------------
 15  1  36.6   0.0   7.8  26    14    9    0
 15  2  78.0   0.0  17.4  26    12    7    0
 15  3  97.5   0.0  17.7   7    15   10    0
 15  4  18.6   0.0  17.7   9     3    1    0
 15  5  10.5   0.0   6.0  28     6    2    0
 15  6  48.6   0.0  13.8  30     9    6    0
 15  7   0.0   0.0   0.0   0     0    0    0
 15  8   6.6   0.0   4.8  17     3    1    0
 15  9 105.6   0.0  46.8  21     6    6    2
 15 10 148.8   0.0 112.8  22     6    5    1
 15 11  55.8   0.0  43.8  25     4    3    1
 15 12   7.5   0.0   6.0   7     3    1    0
---------------------------------------------
       614.1   0.0 112.8  Oct   81   51    4

                                Wind Speed (km/h)
                          Dom
 YR MO   Avg.  Hi   Date  Dir
------------------------------
 15  1   4.3 114.0   12   NNW
 15  2   3.0  46.0   19     N
 15  3   5.1  59.0   14     N
 15  4   5.4  58.0    4    NW
 15  5   4.6  72.0   12    NW
 15  6   5.9  49.0    6     N
 15  7   5.1  44.0   17   NNE
 15  8   5.8  54.0   30     N
 15  9   3.9  50.0   21    NW
 15 10   4.0  59.0   23   NNE
 15 11   3.8  58.0   10   WNW
 15 12   3.6  55.0   30   NNE
------------------------------
         4.5 114.0  Jan     N