NOAA style reports
NOAA-style Climate Reports
Select a Year or Month report
Report for 2013
Annual Climatological Summary for 2013
Name: www.anoliosia.meteoclub .gr City: Ano Liosia State: Attiki
Elevation: 160 m Lat: N 38° 08' 03" Lon: E 023° 07' 58"
Temperature (°C), Heat Base: 18.3 Cool Base: 18.3
Dep. Heat Cool Max Max Min Min
Mean Mean From Deg Deg >= <= <= <=
YR MO Max Min Mean Norm Days Days Hi Date Low Date 27.0 0.0 0.0 -18.0
------------------------------------------------------------------------------------
13 1
13 2
13 3
13 4
13 5
13 6
13 7
13 8
13 9
13 10 25.0 12.1 17.9 0.0 26 22 27.8 29 9.1 26 3 0 0 0
13 11 16.4 9.3 13.5 0.0 50 12 24.3 9 0.0 14 0 4 7 0
13 12 10.6 5.4 8.1 0.0 52 0 15.6 5 0.0 4 0 1 2 0
------------------------------------------------------------------------------------
17.4 8.9 13.2 0.0 129 35 27.8 Oct 0.0 Nov 3 5 9 0
Precipitation (mm)
Dep. Max Days of Rain
From Obs. >=
YR MO Total Norm Day Date 0.2 2.0 20.0
---------------------------------------------
13 1
13 2
13 3
13 4
13 5
13 6
13 7
13 8
13 9
13 10 0.0 0.0 0.0 0 0 0 0
13 11 97.0 0.0 57.2 11 4 4 2
13 12 334.8 0.0 311.4 3 3 2 2
---------------------------------------------
431.8 0.0 311.4 Dec 7 6 4
Wind Speed (km/h)
Dom
YR MO Avg. Hi Date Dir
------------------------------
13 1
13 2
13 3
13 4
13 5
13 6
13 7
13 8
13 9
13 10 2.2 28.0 23 E
13 11 3.6 26.0 5 ENE
13 12 5.2 39.0 4 NE
------------------------------
3.7 39.0 Dec ENE
Select a Year or Month report
Report for 2013
Annual Climatological Summary for 2013 Name: www.anoliosia.meteoclub .gr City: Ano Liosia State: Attiki Elevation: 160 m Lat: N 38° 08' 03" Lon: E 023° 07' 58" Temperature (°C), Heat Base: 18.3 Cool Base: 18.3 Dep. Heat Cool Max Max Min Min Mean Mean From Deg Deg >= <= <= <= YR MO Max Min Mean Norm Days Days Hi Date Low Date 27.0 0.0 0.0 -18.0 ------------------------------------------------------------------------------------ 13 1 13 2 13 3 13 4 13 5 13 6 13 7 13 8 13 9 13 10 25.0 12.1 17.9 0.0 26 22 27.8 29 9.1 26 3 0 0 0 13 11 16.4 9.3 13.5 0.0 50 12 24.3 9 0.0 14 0 4 7 0 13 12 10.6 5.4 8.1 0.0 52 0 15.6 5 0.0 4 0 1 2 0 ------------------------------------------------------------------------------------ 17.4 8.9 13.2 0.0 129 35 27.8 Oct 0.0 Nov 3 5 9 0 Precipitation (mm) Dep. Max Days of Rain From Obs. >= YR MO Total Norm Day Date 0.2 2.0 20.0 --------------------------------------------- 13 1 13 2 13 3 13 4 13 5 13 6 13 7 13 8 13 9 13 10 0.0 0.0 0.0 0 0 0 0 13 11 97.0 0.0 57.2 11 4 4 2 13 12 334.8 0.0 311.4 3 3 2 2 --------------------------------------------- 431.8 0.0 311.4 Dec 7 6 4 Wind Speed (km/h) Dom YR MO Avg. Hi Date Dir ------------------------------ 13 1 13 2 13 3 13 4 13 5 13 6 13 7 13 8 13 9 13 10 2.2 28.0 23 E 13 11 3.6 26.0 5 ENE 13 12 5.2 39.0 4 NE ------------------------------ 3.7 39.0 Dec ENE