NOAA style reports
NOAA-style Climate Reports
Select a Year or Month report
Report for 2018
Annual Climatological Summary for 2018
Name: www.anoliosia.meteoclub.gr/NOAA-reports.php City: Ano LIOSIA State: Attiki GR
Elevation: 190 m Lat: N 38° 05' 26" Lon: E 023° 41' 56"
Temperature (°C), Heat Base: 18.3 Cool Base: 18.3
Dep. Heat Cool Max Max Min Min
Mean Mean From Deg Deg >= <= <= <=
YR MO Max Min Mean Norm Days Days Hi Date Low Date 27.0 0.0 0.0 -18.0
------------------------------------------------------------------------------------
18 1 14.6 6.4 10.1 0.0 217 0 18.7 30 0.0 26 0 0 2 0
18 2 14.9 7.4 10.8 0.0 209 0 17.9 4 4.2 18 0 0 0 0
18 3 18.9 9.8 14.0 0.0 134 3 22.1 17 4.4 1 0 0 0 0
18 4 27.1 13.0 19.8 0.0 26 65 33.6 25 0.0 8 13 0 2 0
18 5 27.5 15.9 21.7 0.0 8 99 32.8 19 0.0 6 18 0 2 0
18 6 26.4 13.6 22.5 0.0 0 40 31.1 30 0.0 15 6 0 4 0
18 7 32.6 13.6 27.4 0.0 0 70 35.1 6 -22.4 6 11 0 3 1
18 8 31.7 15.6 26.2 0.0 0 100 34.9 25 0.0 12 13 0 4 0
18 9 25.6 14.0 21.8 0.0 10 57 33.0 5 0.0 3 8 0 4 0
18 10 22.7 13.1 17.4 0.0 31 27 26.4 31 0.0 19 0 0 2 0
18 11 17.4 10.3 13.7 0.0 125 6 27.8 2 0.0 7 1 0 1 0
18 12 12.1 5.1 8.8 0.0 252 0 18.5 15 0.0 6 0 0 5 0
------------------------------------------------------------------------------------
22.6 11.5 17.9 0.0 1017 472 35.1 Jul -22.4 Jul 70 0 29 1
Precipitation (mm)
Dep. Max Days of Rain
From Obs. >=
YR MO Total Norm Day Date 0.2 2.0 20.0
---------------------------------------------
18 1 42.0 0.0 11.4 4 10 6 0
18 2 73.5 0.0 23.1 15 10 7 1
18 3 10.8 0.0 3.0 19 10 3 0
18 4 2.1 0.0 2.1 9 1 1 0
18 5 46.8 0.0 27.6 6 4 3 1
18 6 42.0 0.0 9.3 15 6 6 0
18 7 56.7 0.0 25.2 26 5 4 1
18 8 34.8 0.0 14.4 12 4 4 0
18 9 72.0 0.0 35.4 29 4 4 2
18 10 4.2 0.0 3.6 1 3 1 0
18 11 45.3 0.0 13.8 18 12 6 0
18 12 46.2 0.0 10.2 18 11 8 0
---------------------------------------------
476.4 0.0 35.4 Sep 80 53 5
Wind Speed (km/h)
Dom
YR MO Avg. Hi Date Dir
------------------------------
18 1 4.9 79.6 22 WNW
18 2 6.2 55.1 16 W
18 3 3.6 57.6 8 WSW
18 4 4.8 56.2 20 NNE
18 5 5.0 46.4 26 N
18 6 5.9 64.8 18 WNW
18 7 4.4 73.4 23 NW
18 8 6.5 67.3 28 NNW
18 9 9.5 70.9 27 NNE
18 10 5.0 57.6 9 N
18 11 5.0 57.6 29 NNE
18 12 5.2 64.8 25 NW
------------------------------
5.5 79.6 Jan NNW
Select a Year or Month report
Report for 2018
Annual Climatological Summary for 2018 Name: www.anoliosia.meteoclub.gr/NOAA-reports.php City: Ano LIOSIA State: Attiki GR Elevation: 190 m Lat: N 38° 05' 26" Lon: E 023° 41' 56" Temperature (°C), Heat Base: 18.3 Cool Base: 18.3 Dep. Heat Cool Max Max Min Min Mean Mean From Deg Deg >= <= <= <= YR MO Max Min Mean Norm Days Days Hi Date Low Date 27.0 0.0 0.0 -18.0 ------------------------------------------------------------------------------------ 18 1 14.6 6.4 10.1 0.0 217 0 18.7 30 0.0 26 0 0 2 0 18 2 14.9 7.4 10.8 0.0 209 0 17.9 4 4.2 18 0 0 0 0 18 3 18.9 9.8 14.0 0.0 134 3 22.1 17 4.4 1 0 0 0 0 18 4 27.1 13.0 19.8 0.0 26 65 33.6 25 0.0 8 13 0 2 0 18 5 27.5 15.9 21.7 0.0 8 99 32.8 19 0.0 6 18 0 2 0 18 6 26.4 13.6 22.5 0.0 0 40 31.1 30 0.0 15 6 0 4 0 18 7 32.6 13.6 27.4 0.0 0 70 35.1 6 -22.4 6 11 0 3 1 18 8 31.7 15.6 26.2 0.0 0 100 34.9 25 0.0 12 13 0 4 0 18 9 25.6 14.0 21.8 0.0 10 57 33.0 5 0.0 3 8 0 4 0 18 10 22.7 13.1 17.4 0.0 31 27 26.4 31 0.0 19 0 0 2 0 18 11 17.4 10.3 13.7 0.0 125 6 27.8 2 0.0 7 1 0 1 0 18 12 12.1 5.1 8.8 0.0 252 0 18.5 15 0.0 6 0 0 5 0 ------------------------------------------------------------------------------------ 22.6 11.5 17.9 0.0 1017 472 35.1 Jul -22.4 Jul 70 0 29 1 Precipitation (mm) Dep. Max Days of Rain From Obs. >= YR MO Total Norm Day Date 0.2 2.0 20.0 --------------------------------------------- 18 1 42.0 0.0 11.4 4 10 6 0 18 2 73.5 0.0 23.1 15 10 7 1 18 3 10.8 0.0 3.0 19 10 3 0 18 4 2.1 0.0 2.1 9 1 1 0 18 5 46.8 0.0 27.6 6 4 3 1 18 6 42.0 0.0 9.3 15 6 6 0 18 7 56.7 0.0 25.2 26 5 4 1 18 8 34.8 0.0 14.4 12 4 4 0 18 9 72.0 0.0 35.4 29 4 4 2 18 10 4.2 0.0 3.6 1 3 1 0 18 11 45.3 0.0 13.8 18 12 6 0 18 12 46.2 0.0 10.2 18 11 8 0 --------------------------------------------- 476.4 0.0 35.4 Sep 80 53 5 Wind Speed (km/h) Dom YR MO Avg. Hi Date Dir ------------------------------ 18 1 4.9 79.6 22 WNW 18 2 6.2 55.1 16 W 18 3 3.6 57.6 8 WSW 18 4 4.8 56.2 20 NNE 18 5 5.0 46.4 26 N 18 6 5.9 64.8 18 WNW 18 7 4.4 73.4 23 NW 18 8 6.5 67.3 28 NNW 18 9 9.5 70.9 27 NNE 18 10 5.0 57.6 9 N 18 11 5.0 57.6 29 NNE 18 12 5.2 64.8 25 NW ------------------------------ 5.5 79.6 Jan NNW