NOAA style reports
NOAA-style Climate Reports
Select a Year or Month report
Report for 2022 Jan
Monthly Climatological Summary for Jan 2022
Name: www.anoliosia.meteoclub.gr/NOAA-reports.php City: Ano LIOSIA State: Attiki GR
Elevation: 190 m Lat: N 38° 05' 26" Lon: E 023° 41' 56"
Temperature (°C), Rain (mm), Wind Speed (km/h)
Heat Cool Avg
Mean Deg Deg Wind Dom
Day Temp High Time Low Time Days Days Rain Speed High Time Dir
----------------------------------------------------------------------------------
11 9.7 15.1 11:18 6.8 02:48 5.3 0.0 0.0 ---- 18.4 13:13 W
12 4.9 7.5 10:56 0.0 09:22 8.2 0.0 0.0 7.7 50.0 16:36 NE
13 3.3 5.3 13:33 2.0 19:41 15.0 0.0 0.0 8.4 42.8 23:56 N
14 4.9 10.7 16:05 1.1 07:54 13.4 0.0 0.0 4.6 43.9 04:45 N
15 7.5 13.9 11:03 2.0 02:11 10.8 0.0 0.0 5.6 56.2 09:17 ENE
16 7.1 8.6 00:00 3.3 21:30 11.2 0.0 0.0 4.6 20.9 10:49 NE
17 7.7 13.8 15:08 2.6 02:52 10.4 0.0 0.0 3.5 15.8 15:28 WNW
18 8.4 11.8 11:05 4.4 23:46 9.9 0.0 0.0 7.0 46.4 13:06 N
19 5.2 9.3 15:16 2.1 21:25 13.1 0.0 0.0 5.0 34.2 08:49 NNW
20 7.6 14.0 15:04 2.9 00:00 10.7 0.0 0.0 4.3 23.4 15:53 W
21 10.2 15.5 15:07 5.8 04:23 8.1 0.0 0.0 4.1 22.0 13:41 W
22 3.7 10.1 00:00 -0.6 23:22 14.6 0.0 0.0 10.1 58.7 11:52 NNW
23 1.3 3.6 16:14 -0.7 21:43 17.0 0.0 0.0 13.7 63.7 07:52 NNW
24 0.0 1.3 14:53 -1.4 08:40 18.3 0.0 0.0 7.8 54.0 07:15 N
25 1.1 4.1 11:02 -1.4 22:52 17.2 0.0 0.0 14.3 68.4 04:11 NNE
26 1.6 4.9 14:08 -0.4 01:11 16.7 0.0 0.0 7.7 36.7 14:42 WNW
27 5.0 10.2 13:20 1.0 00:52 13.3 0.0 0.0 5.2 29.5 06:19 NW
28 6.3 12.9 15:24 1.1 07:43 12.0 0.0 0.0 3.4 17.3 15:53 W
29 6.4 8.7 11:45 3.9 05:46 11.9 0.0 0.0 10.5 55.1 16:46 N
30 8.5 13.2 14:22 4.6 23:50 9.8 0.0 0.0 6.9 45.4 04:52 N
----------------------------------------------------------------------------------
5.5 15.5 21 -1.4 24 246.9 0.0 0.0 7.1 68.4 25 N
Max >= 27.0: 0
Max <= 0.0: 0
Min <= 0.0: 6
Min <= -18.0: 0
Max Rain: 0.0 on day 0
Days of Rain: 0 (>= 0.2 mm) 0 (>= 2.0 mm) 0 (>= 20.0 mm)
Heat Base: 18.3 Cool Base: 18.3 Method: Integration
Select a Year or Month report
Report for 2022 Jan
Monthly Climatological Summary for Jan 2022 Name: www.anoliosia.meteoclub.gr/NOAA-reports.php City: Ano LIOSIA State: Attiki GR Elevation: 190 m Lat: N 38° 05' 26" Lon: E 023° 41' 56" Temperature (°C), Rain (mm), Wind Speed (km/h) Heat Cool Avg Mean Deg Deg Wind Dom Day Temp High Time Low Time Days Days Rain Speed High Time Dir ---------------------------------------------------------------------------------- 11 9.7 15.1 11:18 6.8 02:48 5.3 0.0 0.0 ---- 18.4 13:13 W 12 4.9 7.5 10:56 0.0 09:22 8.2 0.0 0.0 7.7 50.0 16:36 NE 13 3.3 5.3 13:33 2.0 19:41 15.0 0.0 0.0 8.4 42.8 23:56 N 14 4.9 10.7 16:05 1.1 07:54 13.4 0.0 0.0 4.6 43.9 04:45 N 15 7.5 13.9 11:03 2.0 02:11 10.8 0.0 0.0 5.6 56.2 09:17 ENE 16 7.1 8.6 00:00 3.3 21:30 11.2 0.0 0.0 4.6 20.9 10:49 NE 17 7.7 13.8 15:08 2.6 02:52 10.4 0.0 0.0 3.5 15.8 15:28 WNW 18 8.4 11.8 11:05 4.4 23:46 9.9 0.0 0.0 7.0 46.4 13:06 N 19 5.2 9.3 15:16 2.1 21:25 13.1 0.0 0.0 5.0 34.2 08:49 NNW 20 7.6 14.0 15:04 2.9 00:00 10.7 0.0 0.0 4.3 23.4 15:53 W 21 10.2 15.5 15:07 5.8 04:23 8.1 0.0 0.0 4.1 22.0 13:41 W 22 3.7 10.1 00:00 -0.6 23:22 14.6 0.0 0.0 10.1 58.7 11:52 NNW 23 1.3 3.6 16:14 -0.7 21:43 17.0 0.0 0.0 13.7 63.7 07:52 NNW 24 0.0 1.3 14:53 -1.4 08:40 18.3 0.0 0.0 7.8 54.0 07:15 N 25 1.1 4.1 11:02 -1.4 22:52 17.2 0.0 0.0 14.3 68.4 04:11 NNE 26 1.6 4.9 14:08 -0.4 01:11 16.7 0.0 0.0 7.7 36.7 14:42 WNW 27 5.0 10.2 13:20 1.0 00:52 13.3 0.0 0.0 5.2 29.5 06:19 NW 28 6.3 12.9 15:24 1.1 07:43 12.0 0.0 0.0 3.4 17.3 15:53 W 29 6.4 8.7 11:45 3.9 05:46 11.9 0.0 0.0 10.5 55.1 16:46 N 30 8.5 13.2 14:22 4.6 23:50 9.8 0.0 0.0 6.9 45.4 04:52 N ---------------------------------------------------------------------------------- 5.5 15.5 21 -1.4 24 246.9 0.0 0.0 7.1 68.4 25 N Max >= 27.0: 0 Max <= 0.0: 0 Min <= 0.0: 6 Min <= -18.0: 0 Max Rain: 0.0 on day 0 Days of Rain: 0 (>= 0.2 mm) 0 (>= 2.0 mm) 0 (>= 20.0 mm) Heat Base: 18.3 Cool Base: 18.3 Method: Integration