2011 2012 2013

NOAA style reports

NOAA-style Climate Reports

Select a Year or Month report
V/Λ2017 > Jan Feb Mar Apr May Jun Jul Aug Sep Oct Nov Dec
V/Λ2016 > Jan Feb Mar Apr May Jun Jul Aug Sep Oct Nov Dec
V/Λ2015 > Jan Feb Mar Apr May Jun Jul Aug Sep Oct Nov Dec
V/Λ2014 > Jan Feb Mar Apr May Jun Jul Aug Sep Oct Nov Dec
V/Λ2013 > Jan Feb Mar Apr May Jun Jul Aug Sep Oct Nov Dec
V/Λ2012 > Jan Feb Mar Apr May Jun Jul Aug Sep Oct Nov Dec
V/Λ2011 > Jan Feb Mar Apr May Jun Jul Aug Sep Oct Nov Dec
V/Λ2010 > Jan Feb Mar Apr May Jun Jul Aug Sep Oct Nov Dec
V/Λ2009 > Jan Feb Mar Apr May Jun Jul Aug Sep Oct Nov Dec
V/Λ2008 > Jan Feb Mar Apr May Jun Jul Aug Sep Oct Nov Dec
V/Λ2007 > Jan Feb Mar Apr May Jun Jul Aug Sep Oct Nov Dec
V/Λ2006 > Jan Feb Mar Apr May Jun Jul Aug Sep Oct Nov Dec
V/Λ2005 > Jan Feb Mar Apr May Jun Jul Aug Sep Oct Nov Dec
V/Λ2004 > Jan Feb Mar Apr May Jun Jul Aug Sep Oct Nov Dec
V/Λ2003 > Jan Feb Mar Apr May Jun Jul Aug Sep Oct Nov Dec
V/Λ2002 > Jan Feb Mar Apr May Jun Jul Aug Sep Oct Nov Dec
V/Λ2001 > Jan Feb Mar Apr May Jun Jul Aug Sep Oct Nov Dec
V/Λ2000 > Jan Feb Mar Apr May Jun Jul Aug Sep Oct Nov Dec
V/Λ1999 > Jan Feb Mar Apr May Jun Jul Aug Sep Oct Nov Dec
V/Λ1998 > Jan Feb Mar Apr May Jun Jul Aug Sep Oct Nov Dec
V/Λ1997 > Jan Feb Mar Apr May Jun Jul Aug Sep Oct Nov Dec
V/Λ1996 > Jan Feb Mar Apr May Jun Jul Aug Sep Oct Nov Dec
V/Λ1995 > Jan Feb Mar Apr May Jun Jul Aug Sep Oct Nov Dec
V/Λ1994 > Jan Feb Mar Apr May Jun Jul Aug Sep Oct Nov Dec
V/Λ1993 > Jan Feb Mar Apr May Jun Jul Aug Sep Oct Nov Dec
V/Λ1992 > Jan Feb Mar Apr May Jun Jul Aug Sep Oct Nov Dec
V/Λ1991 > Jan Feb Mar Apr May Jun Jul Aug Sep Oct Nov Dec
V/Λ1990 > Jan Feb Mar Apr May Jun Jul Aug Sep Oct Nov Dec
V/Λ1989 > Jan Feb Mar Apr May Jun Jul Aug Sep Oct Nov Dec
V/Λ1988 > Jan Feb Mar Apr May Jun Jul Aug Sep Oct Nov Dec
V/Λ1987 > Jan Feb Mar Apr May Jun Jul Aug Sep Oct Nov Dec
V/Λ1986 > Jan Feb Mar Apr May Jun Jul Aug Sep Oct Nov Dec
V/Λ1985 > Jan Feb Mar Apr May Jun Jul Aug Sep Oct Nov Dec
V/Λ1984 > Jan Feb Mar Apr May Jun Jul Aug Sep Oct Nov Dec
V/Λ1983 > Jan Feb Mar Apr May Jun Jul Aug Sep Oct Nov Dec
V/Λ1982 > Jan Feb Mar Apr May Jun Jul Aug Sep Oct Nov Dec
V/Λ1981 > Jan Feb Mar Apr May Jun Jul Aug Sep Oct Nov Dec
V/Λ1980 > Jan Feb Mar Apr May Jun Jul Aug Sep Oct Nov Dec

Report for 2014
                   Annual Climatological Summary for 2014

Name: www.anoliosia.meteoclub .gr   City: Ano Liosia   State: Attiki
Elevation: 160 m  Lat: N 38 08' 03"   Lon: E 024 12' 58"

                  Temperature (C), Heat Base: 18.3  Cool Base: 18.3
                          Dep.  Heat  Cool                       Max  Max  Min  Min
        Mean  Mean        From  Deg   Deg                        >=   <=   <=   <=
 YR MO  Max   Min   Mean  Norm  Days  Days  Hi  Date  Low  Date 27.0  0.0  0.0 -18.0
------------------------------------------------------------------------------------
 14  1  15.0   7.8  11.1   0.0   225     0  18.9  21   4.0   30    0    0    0    0
 14  2  16.0   7.7  11.7   0.0   186     0  21.2  18   0.0   19    0    0    1    0
 14  3  17.0   8.4  12.3   0.0   190     4  23.8  18   4.9   15    0    0    0    0
 14  4  20.4  11.0  15.3   0.0    99    14  25.9  23   6.4    1    0    0    0    0
 14  5  25.2  15.0  19.9   0.0    32    83  31.8  28  10.1    8    9    0    0    0
 14  6  29.8  19.9  24.9   0.0    10   197  38.5  26  15.1    4   26    0    0    0
 14  7  32.0  21.9  27.0   0.0     0   259  36.1   9  19.6   18   31    0    0    0
 14  8  33.2  23.0  27.9   0.0     0   302  37.0  14  19.4   20   31    0    0    0
 14  9  27.9  19.3  23.2   0.0     4   151  32.4  23  13.9   30   22    0    0    0
 14 10  23.5  13.9  18.2   0.0    61    58  30.8  18  10.0   30    4    0    0    0
 14 11  17.5  10.9  14.1   0.0   132     5  21.9  17   5.1   26    0    0    0    0
 14 12  15.8   7.9  11.6   0.0   208     1  21.2   3   2.2   28    0    0    0    0
------------------------------------------------------------------------------------
        22.8  13.9  18.1   0.0  1150  1077  38.5 Jun   0.0  Feb  123    0    1    0

                                Precipitation (mm)

              Dep.   Max        Days of Rain
              From   Obs.           >=
 YR MO Total  Norm   Day Date  0.2  2.0 20.0
---------------------------------------------
 14  1 107.6   0.0  29.5  28    11    8    2
 14  2  21.8   0.0  11.1   6     5    2    0
 14  3  63.2   0.0  19.1   1    11    5    0
 14  4  49.2   0.0  12.6  27    12    8    0
 14  5   1.2   0.0   0.6   5     3    0    0
 14  6  13.2   0.0   4.7  16     6    3    0
 14  7  14.0   0.0   9.5  15     4    2    0
 14  8   1.8   0.0   1.8  11     1    0    0
 14  9  34.8   0.0  12.6  16     8    5    0
 14 10  67.0   0.0  55.2  24     6    4    1
 14 11  39.7   0.0  16.0  14    10    4    0
 14 12 148.9   0.0  28.2   8    20   12    3
---------------------------------------------
       562.4   0.0  55.2  Oct   97   53    6

                                Wind Speed (km/h)
                          Dom
 YR MO   Avg.  Hi   Date  Dir
------------------------------
 14  1   4.8  51.0   25    NE
 14  2   5.8  58.0    3   NNE
 14  3   6.3  73.0   20     N
 14  4   5.6  53.0   30     S
 14  5   7.6  65.0   14   SSW
 14  6   7.4  51.0   28   NNE
 14  7   7.6  55.0    4   NNE
 14  8   7.4  55.0   13   NNE
 14  9   5.7  68.0   26    NE
 14 10   6.5  67.0   18   NNE
 14 11   4.8  49.0    1   NNE
 14 12   5.2  91.0   21   NNE
------------------------------
         6.2  91.0  Dec   NNE