2011 2012 2013

NOAA style reports

NOAA-style Climate Reports

Select a Year or Month report
V/Λ2017 > Jan Feb Mar Apr May Jun Jul Aug Sep Oct Nov Dec
V/Λ2016 > Jan Feb Mar Apr May Jun Jul Aug Sep Oct Nov Dec
V/Λ2015 > Jan Feb Mar Apr May Jun Jul Aug Sep Oct Nov Dec
V/Λ2014 > Jan Feb Mar Apr May Jun Jul Aug Sep Oct Nov Dec
V/Λ2013 > Jan Feb Mar Apr May Jun Jul Aug Sep Oct Nov Dec
V/Λ2012 > Jan Feb Mar Apr May Jun Jul Aug Sep Oct Nov Dec
V/Λ2011 > Jan Feb Mar Apr May Jun Jul Aug Sep Oct Nov Dec
V/Λ2010 > Jan Feb Mar Apr May Jun Jul Aug Sep Oct Nov Dec
V/Λ2009 > Jan Feb Mar Apr May Jun Jul Aug Sep Oct Nov Dec
V/Λ2008 > Jan Feb Mar Apr May Jun Jul Aug Sep Oct Nov Dec
V/Λ2007 > Jan Feb Mar Apr May Jun Jul Aug Sep Oct Nov Dec
V/Λ2006 > Jan Feb Mar Apr May Jun Jul Aug Sep Oct Nov Dec
V/Λ2005 > Jan Feb Mar Apr May Jun Jul Aug Sep Oct Nov Dec
V/Λ2004 > Jan Feb Mar Apr May Jun Jul Aug Sep Oct Nov Dec
V/Λ2003 > Jan Feb Mar Apr May Jun Jul Aug Sep Oct Nov Dec
V/Λ2002 > Jan Feb Mar Apr May Jun Jul Aug Sep Oct Nov Dec
V/Λ2001 > Jan Feb Mar Apr May Jun Jul Aug Sep Oct Nov Dec
V/Λ2000 > Jan Feb Mar Apr May Jun Jul Aug Sep Oct Nov Dec
V/Λ1999 > Jan Feb Mar Apr May Jun Jul Aug Sep Oct Nov Dec
V/Λ1998 > Jan Feb Mar Apr May Jun Jul Aug Sep Oct Nov Dec
V/Λ1997 > Jan Feb Mar Apr May Jun Jul Aug Sep Oct Nov Dec
V/Λ1996 > Jan Feb Mar Apr May Jun Jul Aug Sep Oct Nov Dec
V/Λ1995 > Jan Feb Mar Apr May Jun Jul Aug Sep Oct Nov Dec
V/Λ1994 > Jan Feb Mar Apr May Jun Jul Aug Sep Oct Nov Dec
V/Λ1993 > Jan Feb Mar Apr May Jun Jul Aug Sep Oct Nov Dec
V/Λ1992 > Jan Feb Mar Apr May Jun Jul Aug Sep Oct Nov Dec
V/Λ1991 > Jan Feb Mar Apr May Jun Jul Aug Sep Oct Nov Dec
V/Λ1990 > Jan Feb Mar Apr May Jun Jul Aug Sep Oct Nov Dec
V/Λ1989 > Jan Feb Mar Apr May Jun Jul Aug Sep Oct Nov Dec
V/Λ1988 > Jan Feb Mar Apr May Jun Jul Aug Sep Oct Nov Dec
V/Λ1987 > Jan Feb Mar Apr May Jun Jul Aug Sep Oct Nov Dec
V/Λ1986 > Jan Feb Mar Apr May Jun Jul Aug Sep Oct Nov Dec
V/Λ1985 > Jan Feb Mar Apr May Jun Jul Aug Sep Oct Nov Dec
V/Λ1984 > Jan Feb Mar Apr May Jun Jul Aug Sep Oct Nov Dec
V/Λ1983 > Jan Feb Mar Apr May Jun Jul Aug Sep Oct Nov Dec
V/Λ1982 > Jan Feb Mar Apr May Jun Jul Aug Sep Oct Nov Dec
V/Λ1981 > Jan Feb Mar Apr May Jun Jul Aug Sep Oct Nov Dec
V/Λ1980 > Jan Feb Mar Apr May Jun Jul Aug Sep Oct Nov Dec

Report for 2016
                   Annual Climatological Summary for 2016

Name: www.anoliosia.meteoclub.gr/NOAA-reports.php   City: Ano LIOSIA   State: Attiki GR
Elevation: 190 m  Lat: N 38 05' 26"   Lon: E 023 41' 56"

                  Temperature (C), Heat Base: 18.3  Cool Base: 18.3
                          Dep.  Heat  Cool                       Max  Max  Min  Min
        Mean  Mean        From  Deg   Deg                        >=   <=   <=   <=
 YR MO  Max   Min   Mean  Norm  Days  Days  Hi  Date  Low  Date 27.0  0.0  0.0 -18.0
------------------------------------------------------------------------------------
 16  1  13.2   6.0   9.4   0.0   275     0  20.4   5  -2.4    1    0    0    2    0
 16  2  18.1   9.0  13.2   0.0   153     6  23.5  16   1.6    7    0    0    0    0
 16  3  17.1   8.3  12.2   0.0   191     2  24.0  31   4.2   26    0    0    0    0
 16  4  25.8  11.8  18.7   0.0    54    65  30.4  18   0.0    8   14    0    2    0
 16  5  25.1  12.2  20.0   0.0    33    69  34.8  31   0.0   14   11    0    5    0
 16  6  32.1  15.6  27.1   0.0     1   196  41.3  19   0.0    3   26    0    8    0
 16  7  33.4  23.2  28.4   0.0     0   310  37.5  14  20.6   13   31    0    0    0
 16  8  32.8  23.4  27.9   0.0     0   290  37.4   2  20.0   14   31    0    0    0
 16  9  28.1  18.0  22.8   0.0     8   128  34.2  18   0.0   10   20    0    1    0
 16 10  23.1  13.4  18.4   0.0    40    43  31.5   3   0.0    7    3    0    3    0
 16 11  18.0   9.8  13.9   0.0   114     7  24.6   8   0.0    4    0    0    2    0
 16 12  11.6   3.9   7.6   0.0   328     0  18.1  10  -0.2   29    0    0    2    0
------------------------------------------------------------------------------------
        23.2  12.9  18.3   0.0  1202  1122  41.3 Jun  -2.4  Jan  136    0   25    0

                                Precipitation (mm)

              Dep.   Max        Days of Rain
              From   Obs.           >=
 YR MO Total  Norm   Day Date  0.2  2.0 20.0
---------------------------------------------
 16  1  29.1   0.0  11.7  17     7    5    0
 16  2  24.0   0.0  11.1   5     7    3    0
 16  3  45.3   0.0  15.8  14    12    6    0
 16  4   0.0   0.0   0.0   0     0    0    0
 16  5   7.8   0.0   4.8  21     4    1    0
 16  6  21.3   0.0  10.8  28     4    2    0
 16  7   0.0   0.0   0.0   0     0    0    0
 16  8   0.0   0.0   0.0   0     0    0    0
 16  9  12.9   0.0   6.9  10     7    2    0
 16 10  22.5   0.0  11.1  22     5    3    0
 16 11 122.5   0.0  72.2  27     5    4    2
 16 12  23.4   0.0   8.1  29    12    3    0
---------------------------------------------
       308.8   0.0  72.2  Nov   63   29    2

                                Wind Speed (km/h)
                          Dom
 YR MO   Avg.  Hi   Date  Dir
------------------------------
 16  1   4.9  61.0   18   WNW
 16  2   4.2  76.0   20     W
 16  3   4.8  51.0   25     W
 16  4   6.1  49.0   26   WSW
 16  5   5.0  43.9   25   WSW
 16  6   5.2  47.9   28    NW
 16  7   7.3  46.4   11     N
 16  8   7.6  67.3   26     N
 16  9   4.9 131.0   23   NNE
 16 10   4.3  58.7    7    NE
 16 11   3.9  56.2    9    NW
 16 12   6.5  69.8   28     N
------------------------------
         5.4 131.0  Sep    NW