NOAA style reports
NOAA-style Climate Reports
Select a Year or Month report
Report for 2017
Annual Climatological Summary for 2017
Name: www.anoliosia.meteoclub.gr/NOAA-reports.php City: Ano LIOSIA State: Attiki GR
Elevation: 190 m Lat: N 38° 05' 26" Lon: E 023° 41' 56"
Temperature (°C), Heat Base: 18.3 Cool Base: 18.3
Dep. Heat Cool Max Max Min Min
Mean Mean From Deg Deg >= <= <= <=
YR MO Max Min Mean Norm Days Days Hi Date Low Date 27.0 0.0 0.0 -18.0
------------------------------------------------------------------------------------
17 1 10.1 3.0 6.3 0.0 354 0 16.1 5 -2.9 8 0 0 5 0
17 2 14.5 6.2 10.1 0.0 205 0 19.9 28 0.0 7 0 0 2 0
17 3 17.8 7.9 12.6 0.0 154 7 25.0 25 0.0 31 0 0 1 0
17 4 21.4 9.8 15.4 0.0 96 27 29.7 29 0.0 13 4 1 2 0
17 5 26.6 12.3 21.0 0.0 11 74 34.7 13 0.0 11 15 0 6 0
17 6 32.5 18.7 26.2 0.0 0 207 43.1 30 0.0 21 24 0 2 0
17 7 30.7 21.2 29.7 0.0 0 74 44.4 1 21.2 9 7 0 0 0
17 8
17 9
17 10
17 11
17 12
------------------------------------------------------------------------------------
21.9 11.3 17.3 0.0 823 392 44.4 Jul -2.9 Jan 50 1 18 0
Precipitation (mm)
Dep. Max Days of Rain
From Obs. >=
YR MO Total Norm Day Date 0.2 2.0 20.0
---------------------------------------------
17 1 32.7 0.0 12.3 18 9 6 0
17 2 13.5 0.0 7.5 7 4 3 0
17 3 50.7 0.0 19.5 9 5 5 0
17 4 6.3 0.0 6.3 17 1 1 0
17 5 31.5 0.0 12.9 21 6 3 0
17 6 31.8 0.0 11.7 21 4 4 0
17 7 0.0 0.0 0.0 0 0 0 0
17 8
17 9
17 10
17 11
17 12
---------------------------------------------
166.5 0.0 19.5 Mar 29 22 0
Wind Speed (km/h)
Dom
YR MO Avg. Hi Date Dir
------------------------------
17 1 5.8 157.0 16 NNW
17 2 4.8 49.0 7 NNW
17 3 5.2 56.2 31 NNW
17 4 4.9 78.5 20 NW
17 5 4.9 52.6 10 W
17 6 4.0 197.0 24 SW
17 7 7.0 61.2 4 N
17 8
17 9
17 10
17 11
17 12
------------------------------
5.2 197.0 Jun NW
Select a Year or Month report
Report for 2017
Annual Climatological Summary for 2017 Name: www.anoliosia.meteoclub.gr/NOAA-reports.php City: Ano LIOSIA State: Attiki GR Elevation: 190 m Lat: N 38° 05' 26" Lon: E 023° 41' 56" Temperature (°C), Heat Base: 18.3 Cool Base: 18.3 Dep. Heat Cool Max Max Min Min Mean Mean From Deg Deg >= <= <= <= YR MO Max Min Mean Norm Days Days Hi Date Low Date 27.0 0.0 0.0 -18.0 ------------------------------------------------------------------------------------ 17 1 10.1 3.0 6.3 0.0 354 0 16.1 5 -2.9 8 0 0 5 0 17 2 14.5 6.2 10.1 0.0 205 0 19.9 28 0.0 7 0 0 2 0 17 3 17.8 7.9 12.6 0.0 154 7 25.0 25 0.0 31 0 0 1 0 17 4 21.4 9.8 15.4 0.0 96 27 29.7 29 0.0 13 4 1 2 0 17 5 26.6 12.3 21.0 0.0 11 74 34.7 13 0.0 11 15 0 6 0 17 6 32.5 18.7 26.2 0.0 0 207 43.1 30 0.0 21 24 0 2 0 17 7 30.7 21.2 29.7 0.0 0 74 44.4 1 21.2 9 7 0 0 0 17 8 17 9 17 10 17 11 17 12 ------------------------------------------------------------------------------------ 21.9 11.3 17.3 0.0 823 392 44.4 Jul -2.9 Jan 50 1 18 0 Precipitation (mm) Dep. Max Days of Rain From Obs. >= YR MO Total Norm Day Date 0.2 2.0 20.0 --------------------------------------------- 17 1 32.7 0.0 12.3 18 9 6 0 17 2 13.5 0.0 7.5 7 4 3 0 17 3 50.7 0.0 19.5 9 5 5 0 17 4 6.3 0.0 6.3 17 1 1 0 17 5 31.5 0.0 12.9 21 6 3 0 17 6 31.8 0.0 11.7 21 4 4 0 17 7 0.0 0.0 0.0 0 0 0 0 17 8 17 9 17 10 17 11 17 12 --------------------------------------------- 166.5 0.0 19.5 Mar 29 22 0 Wind Speed (km/h) Dom YR MO Avg. Hi Date Dir ------------------------------ 17 1 5.8 157.0 16 NNW 17 2 4.8 49.0 7 NNW 17 3 5.2 56.2 31 NNW 17 4 4.9 78.5 20 NW 17 5 4.9 52.6 10 W 17 6 4.0 197.0 24 SW 17 7 7.0 61.2 4 N 17 8 17 9 17 10 17 11 17 12 ------------------------------ 5.2 197.0 Jun NW