NOAA style reports
NOAA-style Climate Reports
Select a Year or Month report
Report for 2021 Sep
Monthly Climatological Summary for Sep 2021
Name: www.anoliosia.meteoclub.gr/NOAA-reports.php City: Ano LIOSIA State: Attiki GR
Elevation: 190 m Lat: N 38° 05' 26" Lon: E 023° 41' 56"
Temperature (°C), Rain (mm), Wind Speed (km/h)
Heat Cool Avg
Mean Deg Deg Wind Dom
Day Temp High Time Low Time Days Days Rain Speed High Time Dir
----------------------------------------------------------------------------------
1 27.0 34.6 11:20 21.3 06:11 0.0 8.7 0.0 4.1 24.5 16:57 ESE
2 25.2 29.6 16:55 -22.4 16:56 0.1 7.0 0.0 7.1 34.2 15:31 ENE
6 22.6 27.0 12:35 20.0 01:49 0.0 2.3 0.0 ---- 37.8 08:11 NE
7 21.4 22.9 18:20 0.0 18:19 0.0 0.8 0.0 10.1 43.9 19:05 NE
8 20.2 24.5 12:02 18.5 23:55 0.0 1.9 0.6 8.0 40.3 14:09 NNW
9 19.8 22.6 16:10 17.9 06:12 0.0 1.5 0.0 7.8 40.3 14:53 NW
13 19.3 19.4 00:09 19.2 00:00 0.0 0.0 0.0 ---- 19.4 00:15 NW
14 26.3 28.9 14:47 0.0 12:19 0.0 3.9 0.0 9.2 42.8 16:54 N
15 25.5 31.2 11:20 19.8 06:24 0.0 7.2 0.0 5.0 37.8 13:51 NNW
16 25.5 32.8 13:25 19.3 05:58 0.0 7.2 0.0 4.2 23.4 14:00 W
17 25.8 33.1 15:08 20.2 07:29 0.0 7.5 0.0 3.1 24.5 15:56 WSW
18 28.5 37.2 14:50 -22.4 19:25 0.1 10.3 0.0 6.7 47.9 17:42 W
19 28.8 36.0 13:35 23.4 07:03 0.0 10.5 0.0 3.8 25.6 12:37 WSW
20 28.1 35.2 14:58 -22.4 11:03 0.2 10.0 0.0 6.7 40.3 20:04 W
21 27.0 33.8 14:12 -22.4 12:20 0.1 8.8 0.0 4.6 23.4 14:46 SSE
22 22.5 26.7 11:25 19.8 22:45 0.0 4.2 0.0 6.6 28.1 09:16 ENE
23 17.7 20.7 14:48 14.6 23:59 1.2 0.5 0.0 8.6 58.7 06:18 NNE
24 18.9 25.8 16:31 12.5 06:09 1.9 2.5 0.0 3.9 23.4 14:30 W
25 22.4 30.2 14:53 15.0 06:18 0.8 4.9 0.0 3.1 24.5 13:47 SSW
26 24.0 30.8 16:35 17.5 07:15 0.0 5.8 0.0 4.4 29.5 14:45 NE
27 25.0 32.5 14:17 18.4 06:44 0.0 6.7 0.0 3.4 24.5 15:37 NNW
28 23.4 28.3 14:13 19.5 07:17 0.0 5.1 0.0 6.8 30.6 13:53 ENE
29 21.5 26.0 13:26 18.6 23:57 0.0 3.2 0.0 5.4 35.6 15:55 NE
----------------------------------------------------------------------------------
23.8 37.2 18 -22.4 2 4.4 120.5 0.6 5.6 58.7 23 N
Max >= 27.0: 15
Max <= 0.0: 0
Min <= 0.0: 6
Min <= -18.0: 4
Max Rain: 0.6 on day 8
Days of Rain: 1 (>= 0.2 mm) 0 (>= 2.0 mm) 0 (>= 20.0 mm)
Heat Base: 18.3 Cool Base: 18.3 Method: Integration
Select a Year or Month report
Report for 2021 Sep
Monthly Climatological Summary for Sep 2021 Name: www.anoliosia.meteoclub.gr/NOAA-reports.php City: Ano LIOSIA State: Attiki GR Elevation: 190 m Lat: N 38° 05' 26" Lon: E 023° 41' 56" Temperature (°C), Rain (mm), Wind Speed (km/h) Heat Cool Avg Mean Deg Deg Wind Dom Day Temp High Time Low Time Days Days Rain Speed High Time Dir ---------------------------------------------------------------------------------- 1 27.0 34.6 11:20 21.3 06:11 0.0 8.7 0.0 4.1 24.5 16:57 ESE 2 25.2 29.6 16:55 -22.4 16:56 0.1 7.0 0.0 7.1 34.2 15:31 ENE 6 22.6 27.0 12:35 20.0 01:49 0.0 2.3 0.0 ---- 37.8 08:11 NE 7 21.4 22.9 18:20 0.0 18:19 0.0 0.8 0.0 10.1 43.9 19:05 NE 8 20.2 24.5 12:02 18.5 23:55 0.0 1.9 0.6 8.0 40.3 14:09 NNW 9 19.8 22.6 16:10 17.9 06:12 0.0 1.5 0.0 7.8 40.3 14:53 NW 13 19.3 19.4 00:09 19.2 00:00 0.0 0.0 0.0 ---- 19.4 00:15 NW 14 26.3 28.9 14:47 0.0 12:19 0.0 3.9 0.0 9.2 42.8 16:54 N 15 25.5 31.2 11:20 19.8 06:24 0.0 7.2 0.0 5.0 37.8 13:51 NNW 16 25.5 32.8 13:25 19.3 05:58 0.0 7.2 0.0 4.2 23.4 14:00 W 17 25.8 33.1 15:08 20.2 07:29 0.0 7.5 0.0 3.1 24.5 15:56 WSW 18 28.5 37.2 14:50 -22.4 19:25 0.1 10.3 0.0 6.7 47.9 17:42 W 19 28.8 36.0 13:35 23.4 07:03 0.0 10.5 0.0 3.8 25.6 12:37 WSW 20 28.1 35.2 14:58 -22.4 11:03 0.2 10.0 0.0 6.7 40.3 20:04 W 21 27.0 33.8 14:12 -22.4 12:20 0.1 8.8 0.0 4.6 23.4 14:46 SSE 22 22.5 26.7 11:25 19.8 22:45 0.0 4.2 0.0 6.6 28.1 09:16 ENE 23 17.7 20.7 14:48 14.6 23:59 1.2 0.5 0.0 8.6 58.7 06:18 NNE 24 18.9 25.8 16:31 12.5 06:09 1.9 2.5 0.0 3.9 23.4 14:30 W 25 22.4 30.2 14:53 15.0 06:18 0.8 4.9 0.0 3.1 24.5 13:47 SSW 26 24.0 30.8 16:35 17.5 07:15 0.0 5.8 0.0 4.4 29.5 14:45 NE 27 25.0 32.5 14:17 18.4 06:44 0.0 6.7 0.0 3.4 24.5 15:37 NNW 28 23.4 28.3 14:13 19.5 07:17 0.0 5.1 0.0 6.8 30.6 13:53 ENE 29 21.5 26.0 13:26 18.6 23:57 0.0 3.2 0.0 5.4 35.6 15:55 NE ---------------------------------------------------------------------------------- 23.8 37.2 18 -22.4 2 4.4 120.5 0.6 5.6 58.7 23 N Max >= 27.0: 15 Max <= 0.0: 0 Min <= 0.0: 6 Min <= -18.0: 4 Max Rain: 0.6 on day 8 Days of Rain: 1 (>= 0.2 mm) 0 (>= 2.0 mm) 0 (>= 20.0 mm) Heat Base: 18.3 Cool Base: 18.3 Method: Integration