NOAA style reports
NOAA-style Climate Reports
Select a Year or Month report
Report for 2021 Mar
Monthly Climatological Summary for Mar 2021
Name: www.anoliosia.meteoclub.gr/NOAA-reports.php City: Ano LIOSIA State: Attiki GR
Elevation: 190 m Lat: N 38° 05' 26" Lon: E 023° 41' 56"
Temperature (°C), Rain (mm), Wind Speed (km/h)
Heat Cool Avg
Mean Deg Deg Wind Dom
Day Temp High Time Low Time Days Days Rain Speed High Time Dir
----------------------------------------------------------------------------------
9 13.7 21.5 12:00 7.7 06:49 3.9 0.3 0.0 ---- 33.1 16:16 NE
10 15.2 19.8 14:48 0.0 14:00 1.4 0.1 0.0 4.1 20.9 16:22 WSW
11 9.4 13.8 02:30 6.4 23:58 8.9 0.0 0.3 12.7 67.3 10:15 NNW
12 9.4 15.7 15:21 4.2 06:36 8.9 0.0 0.0 4.7 23.4 13:58 W
13 12.0 18.1 10:34 6.0 06:51 6.3 0.0 0.0 3.4 25.6 13:36 WSW
14 12.2 16.9 17:19 9.2 06:43 6.1 0.0 0.0 2.9 19.4 14:09 W
15 11.3 17.7 10:35 8.1 06:40 7.0 0.0 0.0 10.3 55.1 20:37 W
16 10.5 15.5 14:38 7.4 05:48 7.8 0.0 0.0 16.5 57.6 11:06 W
17 10.4 15.2 14:40 4.3 06:14 7.9 0.0 0.0 9.3 46.4 18:07 W
18 10.5 15.8 15:56 3.4 06:50 7.8 0.0 0.0 6.2 36.7 14:00 WSW
19 12.6 18.1 16:54 8.5 06:53 5.7 0.0 0.3 5.7 23.4 20:56 WSW
20 12.6 16.9 15:08 10.5 06:41 5.7 0.0 0.6 2.4 19.4 00:00 E
21 13.4 15.6 14:37 11.1 01:52 4.9 0.0 0.0 7.8 36.7 18:29 ENE
22 14.6 19.1 13:14 11.2 23:50 3.6 0.0 0.0 7.3 54.0 13:34 W
23 8.4 11.2 00:00 5.7 23:55 9.9 0.0 0.6 8.3 54.0 07:26 N
24 7.0 11.8 13:35 4.1 04:03 11.3 0.0 0.9 10.2 45.4 06:42 NNW
25 4.8 9.2 14:41 2.1 03:11 13.5 0.0 0.6 6.6 40.3 15:34 N
26 8.1 15.0 14:38 1.0 06:41 10.1 0.0 0.0 3.3 20.9 12:27 WSW
27 11.0 17.9 13:16 5.1 05:30 7.3 0.0 0.0 5.3 25.6 13:50 W
28 13.3 20.3 15:42 6.7 07:23 5.1 0.3 0.0 5.0 22.0 16:10 WNW
29 14.4 21.0 12:56 7.7 05:25 4.5 0.6 0.0 4.4 35.6 14:26 N
30 13.4 16.5 11:23 10.0 23:34 4.9 0.0 0.0 8.3 42.8 14:54 NE
31 8.6 11.5 00:06 6.7 02:18 9.0 0.0 6.6 11.3 54.0 08:31 NNE
----------------------------------------------------------------------------------
11.2 21.5 9 0.0 10 161.5 1.3 9.9 7.2 67.3 11 NW
Max >= 27.0: 0
Max <= 0.0: 0
Min <= 0.0: 1
Min <= -18.0: 0
Max Rain: 6.6 on day 31
Days of Rain: 7 (>= 0.2 mm) 1 (>= 2.0 mm) 0 (>= 20.0 mm)
Heat Base: 18.3 Cool Base: 18.3 Method: Integration
Select a Year or Month report
Report for 2021 Mar
Monthly Climatological Summary for Mar 2021 Name: www.anoliosia.meteoclub.gr/NOAA-reports.php City: Ano LIOSIA State: Attiki GR Elevation: 190 m Lat: N 38° 05' 26" Lon: E 023° 41' 56" Temperature (°C), Rain (mm), Wind Speed (km/h) Heat Cool Avg Mean Deg Deg Wind Dom Day Temp High Time Low Time Days Days Rain Speed High Time Dir ---------------------------------------------------------------------------------- 9 13.7 21.5 12:00 7.7 06:49 3.9 0.3 0.0 ---- 33.1 16:16 NE 10 15.2 19.8 14:48 0.0 14:00 1.4 0.1 0.0 4.1 20.9 16:22 WSW 11 9.4 13.8 02:30 6.4 23:58 8.9 0.0 0.3 12.7 67.3 10:15 NNW 12 9.4 15.7 15:21 4.2 06:36 8.9 0.0 0.0 4.7 23.4 13:58 W 13 12.0 18.1 10:34 6.0 06:51 6.3 0.0 0.0 3.4 25.6 13:36 WSW 14 12.2 16.9 17:19 9.2 06:43 6.1 0.0 0.0 2.9 19.4 14:09 W 15 11.3 17.7 10:35 8.1 06:40 7.0 0.0 0.0 10.3 55.1 20:37 W 16 10.5 15.5 14:38 7.4 05:48 7.8 0.0 0.0 16.5 57.6 11:06 W 17 10.4 15.2 14:40 4.3 06:14 7.9 0.0 0.0 9.3 46.4 18:07 W 18 10.5 15.8 15:56 3.4 06:50 7.8 0.0 0.0 6.2 36.7 14:00 WSW 19 12.6 18.1 16:54 8.5 06:53 5.7 0.0 0.3 5.7 23.4 20:56 WSW 20 12.6 16.9 15:08 10.5 06:41 5.7 0.0 0.6 2.4 19.4 00:00 E 21 13.4 15.6 14:37 11.1 01:52 4.9 0.0 0.0 7.8 36.7 18:29 ENE 22 14.6 19.1 13:14 11.2 23:50 3.6 0.0 0.0 7.3 54.0 13:34 W 23 8.4 11.2 00:00 5.7 23:55 9.9 0.0 0.6 8.3 54.0 07:26 N 24 7.0 11.8 13:35 4.1 04:03 11.3 0.0 0.9 10.2 45.4 06:42 NNW 25 4.8 9.2 14:41 2.1 03:11 13.5 0.0 0.6 6.6 40.3 15:34 N 26 8.1 15.0 14:38 1.0 06:41 10.1 0.0 0.0 3.3 20.9 12:27 WSW 27 11.0 17.9 13:16 5.1 05:30 7.3 0.0 0.0 5.3 25.6 13:50 W 28 13.3 20.3 15:42 6.7 07:23 5.1 0.3 0.0 5.0 22.0 16:10 WNW 29 14.4 21.0 12:56 7.7 05:25 4.5 0.6 0.0 4.4 35.6 14:26 N 30 13.4 16.5 11:23 10.0 23:34 4.9 0.0 0.0 8.3 42.8 14:54 NE 31 8.6 11.5 00:06 6.7 02:18 9.0 0.0 6.6 11.3 54.0 08:31 NNE ---------------------------------------------------------------------------------- 11.2 21.5 9 0.0 10 161.5 1.3 9.9 7.2 67.3 11 NW Max >= 27.0: 0 Max <= 0.0: 0 Min <= 0.0: 1 Min <= -18.0: 0 Max Rain: 6.6 on day 31 Days of Rain: 7 (>= 0.2 mm) 1 (>= 2.0 mm) 0 (>= 20.0 mm) Heat Base: 18.3 Cool Base: 18.3 Method: Integration