NOAA style reports
NOAA-style Climate Reports
Select a Year or Month report
Report for 2021 Feb
Monthly Climatological Summary for Feb 2021
Name: www.anoliosia.meteoclub.gr/NOAA-reports.php City: Ano LIOSIA State: Attiki GR
Elevation: 190 m Lat: N 38° 05' 26" Lon: E 023° 41' 56"
Temperature (°C), Rain (mm), Wind Speed (km/h)
Heat Cool Avg
Mean Deg Deg Wind Dom
Day Temp High Time Low Time Days Days Rain Speed High Time Dir
----------------------------------------------------------------------------------
1 13.4 15.2 07:12 10.3 23:57 4.9 0.0 2.7 5.6 46.4 02:50 SW
2 12.6 18.0 15:37 9.3 06:17 5.7 0.0 0.3 4.2 17.3 15:12 WNW
3 13.1 18.9 13:05 8.8 06:07 5.3 0.0 0.0 4.2 17.3 15:04 WNW
4 13.1 21.1 14:50 7.6 07:03 5.4 0.2 0.0 2.4 19.4 15:36 W
5 13.6 20.1 15:31 8.9 07:14 5.0 0.3 0.0 2.7 15.8 12:51 W
6 13.4 21.1 15:16 7.8 07:27 5.3 0.4 0.0 2.9 18.4 12:17 W
7 14.0 21.3 13:46 8.7 06:45 4.5 0.2 0.0 1.8 14.8 22:09 W
8 15.5 19.4 16:03 12.2 23:53 2.9 0.0 0.0 6.5 46.4 12:39 SSW
9 14.6 19.2 14:11 10.4 07:16 3.8 0.1 0.0 6.3 35.6 16:30 WSW
11 12.7 15.3 18:16 0.0 01:13 0.4 0.0 0.0 ---- 13.3 00:03 W
12 10.1 15.6 16:42 0.0 16:41 2.5 0.0 1.2 11.9 28.1 18:25 ENE
13 8.8 10.5 11:09 6.8 21:28 9.5 0.0 1.5 7.4 29.5 11:42 ENE
14 4.7 7.0 00:00 1.8 23:43 13.6 0.0 4.8 7.6 54.0 21:28 NNW
15 0.6 2.7 00:26 -1.0 08:24 17.6 0.0 1.8 10.3 50.0 00:52 NW
16 -0.2 0.7 15:08 -1.8 09:17 18.4 0.0 0.0 2.1 19.4 19:08 WNW
17 2.4 7.1 15:02 -0.4 02:39 15.9 0.0 3.3 5.1 25.6 08:04 WNW
18 5.7 12.0 16:16 1.1 02:11 12.6 0.0 0.0 3.5 33.1 13:35 WNW
19 8.4 14.6 15:17 3.5 05:32 9.9 0.0 0.0 3.8 23.4 13:25 NW
20 9.9 15.0 15:01 5.3 07:01 8.4 0.0 0.0 5.4 17.3 00:13 WNW
21 8.8 12.8 14:31 5.3 23:50 9.4 0.0 0.6 6.3 47.9 17:46 N
22 9.0 17.0 15:42 3.1 05:20 9.3 0.0 0.0 2.0 12.2 13:44 NNW
23 12.0 21.0 14:53 4.5 07:09 6.7 0.5 0.0 1.5 15.8 14:17 W
----------------------------------------------------------------------------------
9.8 21.3 7 -1.8 16 177.0 1.7 16.2 4.7 54.0 14 NW
Max >= 27.0: 0
Max <= 0.0: 0
Min <= 0.0: 5
Min <= -18.0: 0
Max Rain: 4.8 on day 14
Days of Rain: 8 (>= 0.2 mm) 3 (>= 2.0 mm) 0 (>= 20.0 mm)
Heat Base: 18.3 Cool Base: 18.3 Method: Integration
Select a Year or Month report
Report for 2021 Feb
Monthly Climatological Summary for Feb 2021 Name: www.anoliosia.meteoclub.gr/NOAA-reports.php City: Ano LIOSIA State: Attiki GR Elevation: 190 m Lat: N 38° 05' 26" Lon: E 023° 41' 56" Temperature (°C), Rain (mm), Wind Speed (km/h) Heat Cool Avg Mean Deg Deg Wind Dom Day Temp High Time Low Time Days Days Rain Speed High Time Dir ---------------------------------------------------------------------------------- 1 13.4 15.2 07:12 10.3 23:57 4.9 0.0 2.7 5.6 46.4 02:50 SW 2 12.6 18.0 15:37 9.3 06:17 5.7 0.0 0.3 4.2 17.3 15:12 WNW 3 13.1 18.9 13:05 8.8 06:07 5.3 0.0 0.0 4.2 17.3 15:04 WNW 4 13.1 21.1 14:50 7.6 07:03 5.4 0.2 0.0 2.4 19.4 15:36 W 5 13.6 20.1 15:31 8.9 07:14 5.0 0.3 0.0 2.7 15.8 12:51 W 6 13.4 21.1 15:16 7.8 07:27 5.3 0.4 0.0 2.9 18.4 12:17 W 7 14.0 21.3 13:46 8.7 06:45 4.5 0.2 0.0 1.8 14.8 22:09 W 8 15.5 19.4 16:03 12.2 23:53 2.9 0.0 0.0 6.5 46.4 12:39 SSW 9 14.6 19.2 14:11 10.4 07:16 3.8 0.1 0.0 6.3 35.6 16:30 WSW 11 12.7 15.3 18:16 0.0 01:13 0.4 0.0 0.0 ---- 13.3 00:03 W 12 10.1 15.6 16:42 0.0 16:41 2.5 0.0 1.2 11.9 28.1 18:25 ENE 13 8.8 10.5 11:09 6.8 21:28 9.5 0.0 1.5 7.4 29.5 11:42 ENE 14 4.7 7.0 00:00 1.8 23:43 13.6 0.0 4.8 7.6 54.0 21:28 NNW 15 0.6 2.7 00:26 -1.0 08:24 17.6 0.0 1.8 10.3 50.0 00:52 NW 16 -0.2 0.7 15:08 -1.8 09:17 18.4 0.0 0.0 2.1 19.4 19:08 WNW 17 2.4 7.1 15:02 -0.4 02:39 15.9 0.0 3.3 5.1 25.6 08:04 WNW 18 5.7 12.0 16:16 1.1 02:11 12.6 0.0 0.0 3.5 33.1 13:35 WNW 19 8.4 14.6 15:17 3.5 05:32 9.9 0.0 0.0 3.8 23.4 13:25 NW 20 9.9 15.0 15:01 5.3 07:01 8.4 0.0 0.0 5.4 17.3 00:13 WNW 21 8.8 12.8 14:31 5.3 23:50 9.4 0.0 0.6 6.3 47.9 17:46 N 22 9.0 17.0 15:42 3.1 05:20 9.3 0.0 0.0 2.0 12.2 13:44 NNW 23 12.0 21.0 14:53 4.5 07:09 6.7 0.5 0.0 1.5 15.8 14:17 W ---------------------------------------------------------------------------------- 9.8 21.3 7 -1.8 16 177.0 1.7 16.2 4.7 54.0 14 NW Max >= 27.0: 0 Max <= 0.0: 0 Min <= 0.0: 5 Min <= -18.0: 0 Max Rain: 4.8 on day 14 Days of Rain: 8 (>= 0.2 mm) 3 (>= 2.0 mm) 0 (>= 20.0 mm) Heat Base: 18.3 Cool Base: 18.3 Method: Integration