NOAA style reports
NOAA-style Climate Reports
Select a Year or Month report
Report for 2020 Dec
Monthly Climatological Summary for Dec 2020
Name: www.anoliosia.meteoclub.gr/NOAA-reports.php City: Ano LIOSIA State: Attiki GR
Elevation: 190 m Lat: N 38° 05' 26" Lon: E 023° 41' 56"
Temperature (°C), Rain (mm), Wind Speed (km/h)
Heat Cool Avg
Mean Deg Deg Wind Dom
Day Temp High Time Low Time Days Days Rain Speed High Time Dir
----------------------------------------------------------------------------------
1 14.0 18.0 12:24 11.9 00:59 2.8 0.0 0.3 ---- 18.4 13:05 E
2 10.7 11.1 16:44 0.0 16:43 2.3 0.0 0.0 10.2 28.1 20:56 NE
3 11.9 15.2 14:43 10.3 01:43 6.4 0.0 0.0 7.9 25.6 21:05 ENE
4 13.0 15.4 13:29 11.2 09:22 5.3 0.0 16.8 3.9 28.1 02:35 ENE
5 13.5 18.2 14:00 10.1 05:37 4.8 0.0 0.0 2.8 14.8 18:04 NNE
6 14.2 17.8 13:17 11.3 02:45 4.1 0.0 0.3 3.9 19.4 15:00 E
7 13.3 15.8 15:18 10.5 22:40 5.0 0.0 9.0 5.8 36.7 08:21 W
8 10.7 11.3 00:00 10.2 02:42 0.9 0.0 0.0 4.0 14.8 02:15 WNW
9 16.5 18.4 11:53 0.0 10:11 1.0 0.0 0.0 13.2 42.8 18:11 SSW
10 12.5 16.2 02:11 8.0 23:57 5.8 0.0 22.5 7.5 42.8 07:31 SW
11 10.4 13.2 13:01 7.6 07:46 7.9 0.0 18.0 2.5 25.6 23:59 W
12 12.4 15.2 15:34 10.0 07:54 5.9 0.0 12.3 3.3 30.6 01:38 W
13 12.8 15.4 12:37 10.6 07:56 5.5 0.0 9.0 5.3 33.1 16:16 ENE
14 10.9 12.0 00:39 9.9 20:59 7.4 0.0 19.2 16.1 63.7 11:38 NNW
15 11.2 13.2 12:10 9.3 23:33 7.1 0.0 0.0 9.6 45.4 10:29 NW
16 10.9 16.5 14:18 7.5 04:34 7.4 0.0 0.0 2.0 17.3 13:30 SSE
17 10.0 14.1 11:21 6.4 06:58 8.3 0.0 0.0 1.7 11.2 11:42 WNW
18 10.8 13.9 11:32 8.1 23:57 7.5 0.0 0.0 1.4 19.4 13:17 NW
19 10.5 15.3 12:44 6.9 07:30 7.8 0.0 0.0 2.2 18.4 22:29 N
20 10.9 11.8 14:01 10.5 03:20 7.4 0.0 0.0 6.3 25.6 23:46 ENE
21 11.2 13.9 12:54 9.6 06:08 7.1 0.0 0.0 5.4 25.6 01:34 NE
22 9.6 12.7 15:48 6.5 23:44 8.7 0.0 0.0 1.5 15.8 12:23 ENE
23 10.7 16.9 15:04 6.7 00:34 7.6 0.0 0.3 2.6 15.8 14:11 W
24 11.6 17.5 14:45 7.6 05:08 6.7 0.0 0.0 3.0 19.4 12:16 W
25 12.8 18.7 13:25 8.5 05:30 5.5 0.0 0.0 3.3 28.1 13:35 WSW
26 14.5 19.0 12:45 10.3 06:34 3.8 0.0 0.0 4.9 30.6 14:14 SSW
27 14.4 17.9 10:53 11.6 17:13 3.9 0.0 17.1 9.6 51.5 13:02 S
28 12.1 15.8 15:19 8.7 07:21 6.2 0.0 0.0 5.9 28.1 02:23 W
29 14.4 18.4 14:26 11.0 00:31 3.9 0.0 0.0 7.1 33.1 22:56 SW
30 15.1 18.3 11:02 13.2 23:53 3.2 0.0 0.0 6.1 34.2 15:10 SW
31 13.7 17.1 14:17 10.5 23:56 4.6 0.0 0.0 4.5 27.0 07:39 WSW
----------------------------------------------------------------------------------
12.3 19.0 26 0.0 2 171.8 0.0 124.8 5.3 63.7 14 W
Max >= 27.0: 0
Max <= 0.0: 0
Min <= 0.0: 2
Min <= -18.0: 0
Max Rain: 22.5 on day 10
Days of Rain: 11 (>= 0.2 mm) 8 (>= 2.0 mm) 1 (>= 20.0 mm)
Heat Base: 18.3 Cool Base: 18.3 Method: Integration
Select a Year or Month report
Report for 2020 Dec
Monthly Climatological Summary for Dec 2020 Name: www.anoliosia.meteoclub.gr/NOAA-reports.php City: Ano LIOSIA State: Attiki GR Elevation: 190 m Lat: N 38° 05' 26" Lon: E 023° 41' 56" Temperature (°C), Rain (mm), Wind Speed (km/h) Heat Cool Avg Mean Deg Deg Wind Dom Day Temp High Time Low Time Days Days Rain Speed High Time Dir ---------------------------------------------------------------------------------- 1 14.0 18.0 12:24 11.9 00:59 2.8 0.0 0.3 ---- 18.4 13:05 E 2 10.7 11.1 16:44 0.0 16:43 2.3 0.0 0.0 10.2 28.1 20:56 NE 3 11.9 15.2 14:43 10.3 01:43 6.4 0.0 0.0 7.9 25.6 21:05 ENE 4 13.0 15.4 13:29 11.2 09:22 5.3 0.0 16.8 3.9 28.1 02:35 ENE 5 13.5 18.2 14:00 10.1 05:37 4.8 0.0 0.0 2.8 14.8 18:04 NNE 6 14.2 17.8 13:17 11.3 02:45 4.1 0.0 0.3 3.9 19.4 15:00 E 7 13.3 15.8 15:18 10.5 22:40 5.0 0.0 9.0 5.8 36.7 08:21 W 8 10.7 11.3 00:00 10.2 02:42 0.9 0.0 0.0 4.0 14.8 02:15 WNW 9 16.5 18.4 11:53 0.0 10:11 1.0 0.0 0.0 13.2 42.8 18:11 SSW 10 12.5 16.2 02:11 8.0 23:57 5.8 0.0 22.5 7.5 42.8 07:31 SW 11 10.4 13.2 13:01 7.6 07:46 7.9 0.0 18.0 2.5 25.6 23:59 W 12 12.4 15.2 15:34 10.0 07:54 5.9 0.0 12.3 3.3 30.6 01:38 W 13 12.8 15.4 12:37 10.6 07:56 5.5 0.0 9.0 5.3 33.1 16:16 ENE 14 10.9 12.0 00:39 9.9 20:59 7.4 0.0 19.2 16.1 63.7 11:38 NNW 15 11.2 13.2 12:10 9.3 23:33 7.1 0.0 0.0 9.6 45.4 10:29 NW 16 10.9 16.5 14:18 7.5 04:34 7.4 0.0 0.0 2.0 17.3 13:30 SSE 17 10.0 14.1 11:21 6.4 06:58 8.3 0.0 0.0 1.7 11.2 11:42 WNW 18 10.8 13.9 11:32 8.1 23:57 7.5 0.0 0.0 1.4 19.4 13:17 NW 19 10.5 15.3 12:44 6.9 07:30 7.8 0.0 0.0 2.2 18.4 22:29 N 20 10.9 11.8 14:01 10.5 03:20 7.4 0.0 0.0 6.3 25.6 23:46 ENE 21 11.2 13.9 12:54 9.6 06:08 7.1 0.0 0.0 5.4 25.6 01:34 NE 22 9.6 12.7 15:48 6.5 23:44 8.7 0.0 0.0 1.5 15.8 12:23 ENE 23 10.7 16.9 15:04 6.7 00:34 7.6 0.0 0.3 2.6 15.8 14:11 W 24 11.6 17.5 14:45 7.6 05:08 6.7 0.0 0.0 3.0 19.4 12:16 W 25 12.8 18.7 13:25 8.5 05:30 5.5 0.0 0.0 3.3 28.1 13:35 WSW 26 14.5 19.0 12:45 10.3 06:34 3.8 0.0 0.0 4.9 30.6 14:14 SSW 27 14.4 17.9 10:53 11.6 17:13 3.9 0.0 17.1 9.6 51.5 13:02 S 28 12.1 15.8 15:19 8.7 07:21 6.2 0.0 0.0 5.9 28.1 02:23 W 29 14.4 18.4 14:26 11.0 00:31 3.9 0.0 0.0 7.1 33.1 22:56 SW 30 15.1 18.3 11:02 13.2 23:53 3.2 0.0 0.0 6.1 34.2 15:10 SW 31 13.7 17.1 14:17 10.5 23:56 4.6 0.0 0.0 4.5 27.0 07:39 WSW ---------------------------------------------------------------------------------- 12.3 19.0 26 0.0 2 171.8 0.0 124.8 5.3 63.7 14 W Max >= 27.0: 0 Max <= 0.0: 0 Min <= 0.0: 2 Min <= -18.0: 0 Max Rain: 22.5 on day 10 Days of Rain: 11 (>= 0.2 mm) 8 (>= 2.0 mm) 1 (>= 20.0 mm) Heat Base: 18.3 Cool Base: 18.3 Method: Integration