NOAA style reports
NOAA-style Climate Reports
Select a Year or Month report
Report for 2020 Sep
Monthly Climatological Summary for Sep 2020
Name: www.anoliosia.meteoclub.gr/NOAA-reports.php City: Ano LIOSIA State: Attiki GR
Elevation: 190 m Lat: N 38° 05' 26" Lon: E 023° 41' 56"
Temperature (°C), Rain (mm), Wind Speed (km/h)
Heat Cool Avg
Mean Deg Deg Wind Dom
Day Temp High Time Low Time Days Days Rain Speed High Time Dir
----------------------------------------------------------------------------------
1 27.4 29.4 20:31 0.0 20:30 0.0 1.3 28.5 1.0 7.2 22:34 NNW
2 29.6 36.9 11:21 23.1 07:04 0.0 11.3 0.0 3.1 28.1 14:27 SSW
3 28.9 35.7 13:56 22.9 07:04 0.0 10.6 0.0 3.7 22.0 14:17 WSW
4 27.5 31.8 10:08 23.4 06:52 0.0 9.2 0.0 9.5 51.5 14:54 N
10 23.7 27.2 09:55 22.1 05:46 0.0 2.2 0.0 ---- 40.3 01:21 NNE
12 29.8 31.4 11:17 0.0 10:30 0.0 2.5 0.0 ---- 39.2 11:16 NNW
13 25.6 27.7 18:13 0.0 18:12 0.0 1.8 0.0 9.8 45.4 23:01 NNE
14 26.4 29.5 13:15 23.4 05:29 0.0 8.1 0.0 10.9 47.9 01:39 NNW
15 26.0 30.1 14:45 -33.6 21:05 0.0 7.7 0.0 7.4 37.8 12:24 NNW
16 25.6 30.7 13:27 21.2 05:34 0.0 7.3 0.0 4.9 34.2 07:29 NNW
17 25.1 31.6 14:29 20.1 06:58 0.0 6.8 0.0 3.8 23.4 12:19 SE
18 25.7 30.2 14:30 0.0 03:44 0.0 4.9 0.3 7.3 31.7 14:50 SE
19 21.7 23.2 00:00 0.0 15:28 0.0 2.2 7.8 13.9 43.9 13:03 ENE
20 21.9 25.3 11:22 0.0 08:39 0.0 2.3 0.0 11.2 45.4 10:26 N
21 21.7 26.3 13:32 18.0 01:49 0.0 3.4 0.0 8.0 41.8 14:14 NNW
22 22.7 28.4 11:21 17.4 07:20 0.1 4.4 0.0 3.8 28.1 15:15 NW
26 23.9 30.8 15:27 18.1 06:43 0.0 5.2 0.0 ---- 22.0 16:13 SSW
27 21.3 22.6 20:15 0.0 20:14 0.0 0.5 0.9 0.5 9.7 23:07 NNW
28 23.4 27.4 16:17 19.4 03:05 0.0 5.1 0.0 ---- 27.0 12:01 SW
29 23.6 28.3 16:06 19.0 05:49 0.0 5.3 0.0 ---- 37.8 13:24 W
30 22.5 26.6 14:43 18.0 07:37 0.0 3.6 0.0 ---- 35.6 03:30 WNW
----------------------------------------------------------------------------------
25.0 36.9 2 -33.6 15 0.1 105.7 37.5 6.9 51.5 4 N
Max >= 27.0: 16
Max <= 0.0: 0
Min <= 0.0: 8
Min <= -18.0: 1
Max Rain: 28.5 on day 1
Days of Rain: 4 (>= 0.2 mm) 2 (>= 2.0 mm) 1 (>= 20.0 mm)
Heat Base: 18.3 Cool Base: 18.3 Method: Integration
Select a Year or Month report
Report for 2020 Sep
Monthly Climatological Summary for Sep 2020 Name: www.anoliosia.meteoclub.gr/NOAA-reports.php City: Ano LIOSIA State: Attiki GR Elevation: 190 m Lat: N 38° 05' 26" Lon: E 023° 41' 56" Temperature (°C), Rain (mm), Wind Speed (km/h) Heat Cool Avg Mean Deg Deg Wind Dom Day Temp High Time Low Time Days Days Rain Speed High Time Dir ---------------------------------------------------------------------------------- 1 27.4 29.4 20:31 0.0 20:30 0.0 1.3 28.5 1.0 7.2 22:34 NNW 2 29.6 36.9 11:21 23.1 07:04 0.0 11.3 0.0 3.1 28.1 14:27 SSW 3 28.9 35.7 13:56 22.9 07:04 0.0 10.6 0.0 3.7 22.0 14:17 WSW 4 27.5 31.8 10:08 23.4 06:52 0.0 9.2 0.0 9.5 51.5 14:54 N 10 23.7 27.2 09:55 22.1 05:46 0.0 2.2 0.0 ---- 40.3 01:21 NNE 12 29.8 31.4 11:17 0.0 10:30 0.0 2.5 0.0 ---- 39.2 11:16 NNW 13 25.6 27.7 18:13 0.0 18:12 0.0 1.8 0.0 9.8 45.4 23:01 NNE 14 26.4 29.5 13:15 23.4 05:29 0.0 8.1 0.0 10.9 47.9 01:39 NNW 15 26.0 30.1 14:45 -33.6 21:05 0.0 7.7 0.0 7.4 37.8 12:24 NNW 16 25.6 30.7 13:27 21.2 05:34 0.0 7.3 0.0 4.9 34.2 07:29 NNW 17 25.1 31.6 14:29 20.1 06:58 0.0 6.8 0.0 3.8 23.4 12:19 SE 18 25.7 30.2 14:30 0.0 03:44 0.0 4.9 0.3 7.3 31.7 14:50 SE 19 21.7 23.2 00:00 0.0 15:28 0.0 2.2 7.8 13.9 43.9 13:03 ENE 20 21.9 25.3 11:22 0.0 08:39 0.0 2.3 0.0 11.2 45.4 10:26 N 21 21.7 26.3 13:32 18.0 01:49 0.0 3.4 0.0 8.0 41.8 14:14 NNW 22 22.7 28.4 11:21 17.4 07:20 0.1 4.4 0.0 3.8 28.1 15:15 NW 26 23.9 30.8 15:27 18.1 06:43 0.0 5.2 0.0 ---- 22.0 16:13 SSW 27 21.3 22.6 20:15 0.0 20:14 0.0 0.5 0.9 0.5 9.7 23:07 NNW 28 23.4 27.4 16:17 19.4 03:05 0.0 5.1 0.0 ---- 27.0 12:01 SW 29 23.6 28.3 16:06 19.0 05:49 0.0 5.3 0.0 ---- 37.8 13:24 W 30 22.5 26.6 14:43 18.0 07:37 0.0 3.6 0.0 ---- 35.6 03:30 WNW ---------------------------------------------------------------------------------- 25.0 36.9 2 -33.6 15 0.1 105.7 37.5 6.9 51.5 4 N Max >= 27.0: 16 Max <= 0.0: 0 Min <= 0.0: 8 Min <= -18.0: 1 Max Rain: 28.5 on day 1 Days of Rain: 4 (>= 0.2 mm) 2 (>= 2.0 mm) 1 (>= 20.0 mm) Heat Base: 18.3 Cool Base: 18.3 Method: Integration