NOAA style reports
NOAA-style Climate Reports
Select a Year or Month report
Report for 2020 Jul
Monthly Climatological Summary for Jul 2020
Name: www.anoliosia.meteoclub.gr/NOAA-reports.php City: Ano LIOSIA State: Attiki GR
Elevation: 190 m Lat: N 38° 05' 26" Lon: E 023° 41' 56"
Temperature (°C), Rain (mm), Wind Speed (km/h)
Heat Cool Avg
Mean Deg Deg Wind Dom
Day Temp High Time Low Time Days Days Rain Speed High Time Dir
----------------------------------------------------------------------------------
1 30.4 35.6 16:58 23.4 06:18 0.0 12.1 0.0 6.7 31.7 15:18 ENE
2 30.4 35.2 16:42 25.2 23:54 0.0 12.1 0.0 5.5 33.1 13:07 N
14 30.0 35.3 16:17 23.6 04:28 0.0 11.0 0.0 ---- 36.7 15:52 E
15 23.7 26.5 20:04 0.0 19:56 0.0 0.9 0.0 3.3 19.4 20:22 NE
16 26.0 32.9 14:00 20.0 05:48 0.0 7.7 0.0 3.5 24.5 15:10 S
18 22.3 22.3 00:00 22.3 00:00 0.0 0.0 0.0 ---- 7.2 00:03 WNW
19 29.6 33.5 14:02 0.0 11:35 0.0 5.9 0.0 5.7 23.4 14:22 S
20 27.6 33.6 14:34 21.6 06:20 0.0 9.3 0.0 5.9 28.1 12:00 E
21 25.7 31.7 11:08 22.1 04:04 0.0 4.0 0.0 5.8 31.7 10:46 NNW
22 27.4 30.0 19:16 0.0 19:15 0.0 1.8 0.0 8.2 27.0 19:40 NNW
23 28.7 32.6 17:01 25.3 06:33 0.0 10.4 0.0 12.1 43.9 15:17 NNW
24 28.7 33.6 14:50 24.7 04:50 0.0 10.4 0.0 10.4 47.9 11:16 NNW
25 29.4 36.3 11:11 22.9 06:11 0.0 11.1 0.0 5.0 30.6 11:59 NNW
26 29.3 35.4 13:27 24.0 06:08 0.0 11.0 0.0 3.9 29.5 13:27 S
----------------------------------------------------------------------------------
27.8 36.3 25 0.0 15 0.0 107.7 0.0 6.5 47.9 24 N
Max >= 27.0: 12
Max <= 0.0: 0
Min <= 0.0: 3
Min <= -18.0: 0
Max Rain: 0.0 on day 0
Days of Rain: 0 (>= 0.2 mm) 0 (>= 2.0 mm) 0 (>= 20.0 mm)
Heat Base: 18.3 Cool Base: 18.3 Method: Integration
Select a Year or Month report
Report for 2020 Jul
Monthly Climatological Summary for Jul 2020 Name: www.anoliosia.meteoclub.gr/NOAA-reports.php City: Ano LIOSIA State: Attiki GR Elevation: 190 m Lat: N 38° 05' 26" Lon: E 023° 41' 56" Temperature (°C), Rain (mm), Wind Speed (km/h) Heat Cool Avg Mean Deg Deg Wind Dom Day Temp High Time Low Time Days Days Rain Speed High Time Dir ---------------------------------------------------------------------------------- 1 30.4 35.6 16:58 23.4 06:18 0.0 12.1 0.0 6.7 31.7 15:18 ENE 2 30.4 35.2 16:42 25.2 23:54 0.0 12.1 0.0 5.5 33.1 13:07 N 14 30.0 35.3 16:17 23.6 04:28 0.0 11.0 0.0 ---- 36.7 15:52 E 15 23.7 26.5 20:04 0.0 19:56 0.0 0.9 0.0 3.3 19.4 20:22 NE 16 26.0 32.9 14:00 20.0 05:48 0.0 7.7 0.0 3.5 24.5 15:10 S 18 22.3 22.3 00:00 22.3 00:00 0.0 0.0 0.0 ---- 7.2 00:03 WNW 19 29.6 33.5 14:02 0.0 11:35 0.0 5.9 0.0 5.7 23.4 14:22 S 20 27.6 33.6 14:34 21.6 06:20 0.0 9.3 0.0 5.9 28.1 12:00 E 21 25.7 31.7 11:08 22.1 04:04 0.0 4.0 0.0 5.8 31.7 10:46 NNW 22 27.4 30.0 19:16 0.0 19:15 0.0 1.8 0.0 8.2 27.0 19:40 NNW 23 28.7 32.6 17:01 25.3 06:33 0.0 10.4 0.0 12.1 43.9 15:17 NNW 24 28.7 33.6 14:50 24.7 04:50 0.0 10.4 0.0 10.4 47.9 11:16 NNW 25 29.4 36.3 11:11 22.9 06:11 0.0 11.1 0.0 5.0 30.6 11:59 NNW 26 29.3 35.4 13:27 24.0 06:08 0.0 11.0 0.0 3.9 29.5 13:27 S ---------------------------------------------------------------------------------- 27.8 36.3 25 0.0 15 0.0 107.7 0.0 6.5 47.9 24 N Max >= 27.0: 12 Max <= 0.0: 0 Min <= 0.0: 3 Min <= -18.0: 0 Max Rain: 0.0 on day 0 Days of Rain: 0 (>= 0.2 mm) 0 (>= 2.0 mm) 0 (>= 20.0 mm) Heat Base: 18.3 Cool Base: 18.3 Method: Integration