NOAA style reports
NOAA-style Climate Reports
Select a Year or Month report
Report for 2020 May
Monthly Climatological Summary for May 2020
Name: www.anoliosia.meteoclub.gr/NOAA-reports.php City: Ano LIOSIA State: Attiki GR
Elevation: 190 m Lat: N 38° 05' 26" Lon: E 023° 41' 56"
Temperature (°C), Rain (mm), Wind Speed (km/h)
Heat Cool Avg
Mean Deg Deg Wind Dom
Day Temp High Time Low Time Days Days Rain Speed High Time Dir
----------------------------------------------------------------------------------
8 16.5 22.1 09:32 0.0 09:56 0.9 0.2 0.0 ---- 24.5 00:03 W
9 20.3 25.7 16:45 0.0 16:09 0.2 0.9 0.9 5.7 22.0 16:15 SSW
10 21.1 28.2 13:03 14.1 04:12 1.1 3.9 0.0 2.7 22.0 16:35 S
11 21.5 28.0 14:50 15.8 04:30 0.5 3.7 0.0 2.6 23.4 15:17 S
12 23.2 30.3 14:57 17.0 06:47 0.2 5.0 0.0 3.5 19.4 16:28 WSW
13 24.4 32.7 10:57 16.3 06:09 0.3 6.4 0.0 3.7 22.0 14:48 S
14 25.8 33.8 14:36 18.2 04:48 0.0 7.5 0.0 2.6 18.4 16:14 WSW
15 28.3 37.1 13:38 20.7 06:31 0.0 10.0 0.0 3.0 18.4 14:27 WSW
16 30.5 39.6 14:54 22.0 06:24 0.0 12.2 0.0 4.1 25.6 17:19 E
17 31.2 39.6 14:20 24.6 04:36 0.0 12.9 0.0 3.5 19.4 16:45 W
18 29.2 37.4 15:23 22.0 06:37 0.0 10.9 0.0 4.2 24.5 18:44 E
19 28.0 35.5 16:22 -22.4 17:29 0.1 9.8 0.0 3.1 25.6 12:38 E
20 26.2 33.2 10:58 20.0 06:25 0.0 7.9 0.0 3.6 24.5 18:08 SSW
21 22.8 28.0 14:38 17.8 23:07 0.0 4.5 0.6 9.2 45.4 22:09 W
22 19.2 22.8 13:58 15.8 04:47 0.2 0.9 0.0 9.9 35.6 04:34 ENE
23 22.4 26.4 13:31 0.0 00:00 0.0 2.7 0.0 7.9 35.6 14:48 NNW
26 13.2 17.1 17:14 0.0 17:13 1.4 0.0 23.8 5.3 35.6 19:42 NW
27 13.9 17.0 15:34 10.9 00:00 4.4 0.0 0.0 8.3 49.0 09:14 NW
28 16.6 22.3 13:00 0.0 00:30 2.1 0.6 0.0 3.8 28.1 10:24 WSW
29 16.3 23.7 13:35 11.5 05:20 2.9 0.9 10.5 2.8 24.5 14:40 SE
30 18.2 23.9 14:35 11.6 04:00 1.9 1.8 0.0 4.5 24.5 14:38 SSW
31 19.1 24.2 10:52 14.3 05:03 1.1 1.9 0.0 4.9 24.5 14:13 WSW
----------------------------------------------------------------------------------
22.2 39.6 16 -22.4 19 17.3 104.6 35.8 4.5 49.0 27 WSW
Max >= 27.0: 12
Max <= 0.0: 0
Min <= 0.0: 6
Min <= -18.0: 1
Max Rain: 23.8 on day 26
Days of Rain: 4 (>= 0.2 mm) 2 (>= 2.0 mm) 1 (>= 20.0 mm)
Heat Base: 18.3 Cool Base: 18.3 Method: Integration
Select a Year or Month report
Report for 2020 May
Monthly Climatological Summary for May 2020 Name: www.anoliosia.meteoclub.gr/NOAA-reports.php City: Ano LIOSIA State: Attiki GR Elevation: 190 m Lat: N 38° 05' 26" Lon: E 023° 41' 56" Temperature (°C), Rain (mm), Wind Speed (km/h) Heat Cool Avg Mean Deg Deg Wind Dom Day Temp High Time Low Time Days Days Rain Speed High Time Dir ---------------------------------------------------------------------------------- 8 16.5 22.1 09:32 0.0 09:56 0.9 0.2 0.0 ---- 24.5 00:03 W 9 20.3 25.7 16:45 0.0 16:09 0.2 0.9 0.9 5.7 22.0 16:15 SSW 10 21.1 28.2 13:03 14.1 04:12 1.1 3.9 0.0 2.7 22.0 16:35 S 11 21.5 28.0 14:50 15.8 04:30 0.5 3.7 0.0 2.6 23.4 15:17 S 12 23.2 30.3 14:57 17.0 06:47 0.2 5.0 0.0 3.5 19.4 16:28 WSW 13 24.4 32.7 10:57 16.3 06:09 0.3 6.4 0.0 3.7 22.0 14:48 S 14 25.8 33.8 14:36 18.2 04:48 0.0 7.5 0.0 2.6 18.4 16:14 WSW 15 28.3 37.1 13:38 20.7 06:31 0.0 10.0 0.0 3.0 18.4 14:27 WSW 16 30.5 39.6 14:54 22.0 06:24 0.0 12.2 0.0 4.1 25.6 17:19 E 17 31.2 39.6 14:20 24.6 04:36 0.0 12.9 0.0 3.5 19.4 16:45 W 18 29.2 37.4 15:23 22.0 06:37 0.0 10.9 0.0 4.2 24.5 18:44 E 19 28.0 35.5 16:22 -22.4 17:29 0.1 9.8 0.0 3.1 25.6 12:38 E 20 26.2 33.2 10:58 20.0 06:25 0.0 7.9 0.0 3.6 24.5 18:08 SSW 21 22.8 28.0 14:38 17.8 23:07 0.0 4.5 0.6 9.2 45.4 22:09 W 22 19.2 22.8 13:58 15.8 04:47 0.2 0.9 0.0 9.9 35.6 04:34 ENE 23 22.4 26.4 13:31 0.0 00:00 0.0 2.7 0.0 7.9 35.6 14:48 NNW 26 13.2 17.1 17:14 0.0 17:13 1.4 0.0 23.8 5.3 35.6 19:42 NW 27 13.9 17.0 15:34 10.9 00:00 4.4 0.0 0.0 8.3 49.0 09:14 NW 28 16.6 22.3 13:00 0.0 00:30 2.1 0.6 0.0 3.8 28.1 10:24 WSW 29 16.3 23.7 13:35 11.5 05:20 2.9 0.9 10.5 2.8 24.5 14:40 SE 30 18.2 23.9 14:35 11.6 04:00 1.9 1.8 0.0 4.5 24.5 14:38 SSW 31 19.1 24.2 10:52 14.3 05:03 1.1 1.9 0.0 4.9 24.5 14:13 WSW ---------------------------------------------------------------------------------- 22.2 39.6 16 -22.4 19 17.3 104.6 35.8 4.5 49.0 27 WSW Max >= 27.0: 12 Max <= 0.0: 0 Min <= 0.0: 6 Min <= -18.0: 1 Max Rain: 23.8 on day 26 Days of Rain: 4 (>= 0.2 mm) 2 (>= 2.0 mm) 1 (>= 20.0 mm) Heat Base: 18.3 Cool Base: 18.3 Method: Integration