NOAA style reports
NOAA-style Climate Reports
Select a Year or Month report
Report for 2019 Dec
Monthly Climatological Summary for Dec 2019
Name: www.anoliosia.meteoclub.gr/NOAA-reports.php City: Ano LIOSIA State: Attiki GR
Elevation: 190 m Lat: N 38° 05' 26" Lon: E 023° 41' 56"
Temperature (°C), Rain (mm), Wind Speed (km/h)
Heat Cool Avg
Mean Deg Deg Wind Dom
Day Temp High Time Low Time Days Days Rain Speed High Time Dir
----------------------------------------------------------------------------------
1 12.3 15.9 10:44 7.3 23:12 6.0 0.0 0.0 6.8 41.8 07:15 NNW
2 10.1 15.2 13:35 6.2 07:27 8.3 0.0 0.0 3.7 23.4 09:38 NNW
3 13.1 18.7 14:56 8.7 07:14 5.2 0.0 0.0 4.0 15.8 11:15 WNW
4 11.0 13.4 00:20 9.2 20:10 7.3 0.0 0.9 6.7 36.7 16:28 NE
5 9.5 11.1 10:32 0.0 12:08 4.5 0.0 0.0 7.8 35.6 00:29 ENE
6 11.1 14.4 13:40 0.0 13:13 3.2 0.0 0.0 2.4 17.3 14:23 NNE
7 12.7 18.1 14:05 9.7 00:00 5.6 0.0 0.0 1.6 13.3 13:42 W
8 12.7 17.1 15:13 8.1 23:35 5.6 0.0 0.0 4.1 33.1 13:39 NW
9 12.3 16.8 15:10 8.0 02:03 6.0 0.0 0.0 3.2 17.3 15:17 WNW
10 12.5 15.2 11:57 10.8 22:43 5.8 0.0 15.3 4.3 34.2 21:26 ENE
11 12.0 14.7 12:26 9.5 07:47 6.3 0.0 8.7 3.2 25.6 19:29 N
12 10.2 13.3 13:47 8.3 05:59 8.1 0.0 0.9 3.5 27.0 10:03 NE
13 10.9 15.3 15:07 8.2 05:51 7.4 0.0 0.0 3.8 24.5 14:08 W
14 11.4 13.8 07:02 9.7 23:52 6.9 0.0 25.8 4.0 34.2 21:28 SSW
15 12.3 17.0 16:24 9.4 00:48 6.0 0.0 0.0 4.0 25.6 12:24 NW
16 13.4 18.1 14:35 10.4 05:54 4.9 0.0 0.0 6.0 17.3 05:18 WNW
17 13.3 19.0 14:37 10.2 05:34 5.0 0.0 0.0 4.1 15.8 07:04 WNW
18 12.9 18.4 15:03 9.8 07:18 5.4 0.0 0.0 4.2 15.8 06:10 WNW
19 14.1 16.7 14:47 10.6 01:30 4.2 0.0 0.0 1.3 13.3 00:28 WNW
20 15.6 19.2 14:59 13.1 23:42 2.7 0.0 0.0 3.5 29.5 13:35 WSW
21 14.1 17.7 13:40 11.1 08:15 4.2 0.0 0.0 4.7 27.0 14:30 W
22 15.3 17.6 12:47 10.6 23:52 3.0 0.0 5.4 7.9 56.2 22:05 SW
23 11.5 13.8 12:34 10.0 00:47 6.8 0.0 0.3 4.6 23.4 12:08 W
24 10.5 13.1 10:55 7.5 07:24 7.8 0.0 0.0 5.3 35.6 23:35 WNW
25 9.5 12.0 12:17 6.8 23:48 8.8 0.0 0.9 7.4 49.0 14:09 WNW
26 8.0 11.1 14:59 6.1 05:36 10.3 0.0 3.3 4.9 34.2 15:13 NW
27 8.7 12.2 13:42 6.1 02:05 9.6 0.0 0.0 3.2 22.0 03:41 NW
28 7.1 9.1 14:03 4.5 23:14 11.2 0.0 0.6 14.2 58.7 10:24 N
29 5.2 6.6 14:15 3.6 04:36 13.2 0.0 7.5 11.2 56.2 17:36 N
30 3.1 6.4 03:27 0.7 18:00 15.2 0.0 42.9 13.8 67.3 02:10 NNW
31 4.5 7.9 15:49 2.1 04:24 13.8 0.0 7.5 7.6 50.0 13:22 NW
----------------------------------------------------------------------------------
11.0 19.2 20 0.0 5 218.3 0.0 120.0 5.4 67.3 30 NW
Max >= 27.0: 0
Max <= 0.0: 0
Min <= 0.0: 2
Min <= -18.0: 0
Max Rain: 42.9 on day 30
Days of Rain: 13 (>= 0.2 mm) 8 (>= 2.0 mm) 2 (>= 20.0 mm)
Heat Base: 18.3 Cool Base: 18.3 Method: Integration
Select a Year or Month report
Report for 2019 Dec
Monthly Climatological Summary for Dec 2019 Name: www.anoliosia.meteoclub.gr/NOAA-reports.php City: Ano LIOSIA State: Attiki GR Elevation: 190 m Lat: N 38° 05' 26" Lon: E 023° 41' 56" Temperature (°C), Rain (mm), Wind Speed (km/h) Heat Cool Avg Mean Deg Deg Wind Dom Day Temp High Time Low Time Days Days Rain Speed High Time Dir ---------------------------------------------------------------------------------- 1 12.3 15.9 10:44 7.3 23:12 6.0 0.0 0.0 6.8 41.8 07:15 NNW 2 10.1 15.2 13:35 6.2 07:27 8.3 0.0 0.0 3.7 23.4 09:38 NNW 3 13.1 18.7 14:56 8.7 07:14 5.2 0.0 0.0 4.0 15.8 11:15 WNW 4 11.0 13.4 00:20 9.2 20:10 7.3 0.0 0.9 6.7 36.7 16:28 NE 5 9.5 11.1 10:32 0.0 12:08 4.5 0.0 0.0 7.8 35.6 00:29 ENE 6 11.1 14.4 13:40 0.0 13:13 3.2 0.0 0.0 2.4 17.3 14:23 NNE 7 12.7 18.1 14:05 9.7 00:00 5.6 0.0 0.0 1.6 13.3 13:42 W 8 12.7 17.1 15:13 8.1 23:35 5.6 0.0 0.0 4.1 33.1 13:39 NW 9 12.3 16.8 15:10 8.0 02:03 6.0 0.0 0.0 3.2 17.3 15:17 WNW 10 12.5 15.2 11:57 10.8 22:43 5.8 0.0 15.3 4.3 34.2 21:26 ENE 11 12.0 14.7 12:26 9.5 07:47 6.3 0.0 8.7 3.2 25.6 19:29 N 12 10.2 13.3 13:47 8.3 05:59 8.1 0.0 0.9 3.5 27.0 10:03 NE 13 10.9 15.3 15:07 8.2 05:51 7.4 0.0 0.0 3.8 24.5 14:08 W 14 11.4 13.8 07:02 9.7 23:52 6.9 0.0 25.8 4.0 34.2 21:28 SSW 15 12.3 17.0 16:24 9.4 00:48 6.0 0.0 0.0 4.0 25.6 12:24 NW 16 13.4 18.1 14:35 10.4 05:54 4.9 0.0 0.0 6.0 17.3 05:18 WNW 17 13.3 19.0 14:37 10.2 05:34 5.0 0.0 0.0 4.1 15.8 07:04 WNW 18 12.9 18.4 15:03 9.8 07:18 5.4 0.0 0.0 4.2 15.8 06:10 WNW 19 14.1 16.7 14:47 10.6 01:30 4.2 0.0 0.0 1.3 13.3 00:28 WNW 20 15.6 19.2 14:59 13.1 23:42 2.7 0.0 0.0 3.5 29.5 13:35 WSW 21 14.1 17.7 13:40 11.1 08:15 4.2 0.0 0.0 4.7 27.0 14:30 W 22 15.3 17.6 12:47 10.6 23:52 3.0 0.0 5.4 7.9 56.2 22:05 SW 23 11.5 13.8 12:34 10.0 00:47 6.8 0.0 0.3 4.6 23.4 12:08 W 24 10.5 13.1 10:55 7.5 07:24 7.8 0.0 0.0 5.3 35.6 23:35 WNW 25 9.5 12.0 12:17 6.8 23:48 8.8 0.0 0.9 7.4 49.0 14:09 WNW 26 8.0 11.1 14:59 6.1 05:36 10.3 0.0 3.3 4.9 34.2 15:13 NW 27 8.7 12.2 13:42 6.1 02:05 9.6 0.0 0.0 3.2 22.0 03:41 NW 28 7.1 9.1 14:03 4.5 23:14 11.2 0.0 0.6 14.2 58.7 10:24 N 29 5.2 6.6 14:15 3.6 04:36 13.2 0.0 7.5 11.2 56.2 17:36 N 30 3.1 6.4 03:27 0.7 18:00 15.2 0.0 42.9 13.8 67.3 02:10 NNW 31 4.5 7.9 15:49 2.1 04:24 13.8 0.0 7.5 7.6 50.0 13:22 NW ---------------------------------------------------------------------------------- 11.0 19.2 20 0.0 5 218.3 0.0 120.0 5.4 67.3 30 NW Max >= 27.0: 0 Max <= 0.0: 0 Min <= 0.0: 2 Min <= -18.0: 0 Max Rain: 42.9 on day 30 Days of Rain: 13 (>= 0.2 mm) 8 (>= 2.0 mm) 2 (>= 20.0 mm) Heat Base: 18.3 Cool Base: 18.3 Method: Integration