NOAA style reports
NOAA-style Climate Reports
Select a Year or Month report
Report for 2019 Apr
Monthly Climatological Summary for Apr 2019
Name: www.anoliosia.meteoclub.gr/NOAA-reports.php City: Ano LIOSIA State: Attiki GR
Elevation: 190 m Lat: N 38° 05' 26" Lon: E 023° 41' 56"
Temperature (°C), Rain (mm), Wind Speed (km/h)
Heat Cool Avg
Mean Deg Deg Wind Dom
Day Temp High Time Low Time Days Days Rain Speed High Time Dir
----------------------------------------------------------------------------------
1 14.0 18.7 11:20 9.5 01:55 4.3 0.0 0.0 9.0 47.9 03:55 NNW
2 14.4 19.5 11:16 9.0 07:16 4.0 0.1 0.0 8.2 46.4 09:57 NNE
3 13.5 18.7 13:30 7.8 23:43 4.8 0.0 0.0 7.7 37.8 05:49 NNW
4 12.4 19.1 17:07 6.6 05:14 6.0 0.0 0.0 4.5 28.1 13:35 E
5 13.1 19.4 15:20 8.6 04:27 5.3 0.0 0.3 3.7 27.0 23:01 E
6 12.4 13.4 14:42 11.4 07:27 5.9 0.0 17.7 11.5 55.1 16:31 NE
7 14.4 20.2 11:07 9.1 07:23 3.9 0.0 0.0 2.7 20.9 01:00 S
11 12.3 12.6 02:57 12.0 00:33 1.2 0.0 0.0 ---- 12.2 00:08 NW
12 13.5 16.8 15:01 0.0 09:03 2.9 0.0 22.5 3.5 19.4 15:54 W
13 11.5 14.2 18:49 9.5 01:13 6.8 0.0 2.7 2.6 25.6 03:04 WNW
14 13.0 19.3 11:00 7.4 07:04 5.3 0.0 0.0 3.0 27.0 13:08 W
15 12.3 16.7 14:50 9.7 23:08 6.0 0.0 6.0 5.2 39.2 22:47 ENE
16 12.5 16.8 12:54 9.3 06:54 5.8 0.0 6.0 8.0 42.8 04:22 N
17 13.2 20.8 11:02 7.9 06:49 5.1 0.1 0.0 3.5 24.5 14:57 W
18 12.7 18.9 11:01 8.0 06:42 5.6 0.0 0.0 4.0 35.6 13:39 NE
19 12.6 17.6 18:29 9.1 04:48 5.7 0.0 0.0 5.2 33.1 17:19 N
20 11.6 15.5 10:27 8.3 06:58 6.7 0.0 0.3 7.3 36.7 15:33 ENE
26 8.4 9.8 00:53 6.6 03:25 1.5 0.0 0.0 ---- 17.3 00:47 NNE
27 23.3 27.2 13:59 0.0 13:26 0.0 2.2 0.0 5.3 22.0 15:44 SSW
28 20.3 27.1 11:01 14.5 06:45 0.9 2.9 0.0 3.6 22.0 12:23 SW
29 18.9 26.2 10:59 12.7 06:48 1.5 2.1 0.0 5.3 27.0 12:31 WSW
30 18.1 23.3 10:57 11.7 06:34 1.7 1.5 0.0 7.3 33.1 23:45 WSW
----------------------------------------------------------------------------------
14.0 27.2 27 0.0 12 90.9 8.9 55.5 5.6 55.1 6 N
Max >= 27.0: 2
Max <= 0.0: 0
Min <= 0.0: 2
Min <= -18.0: 0
Max Rain: 22.5 on day 12
Days of Rain: 7 (>= 0.2 mm) 5 (>= 2.0 mm) 1 (>= 20.0 mm)
Heat Base: 18.3 Cool Base: 18.3 Method: Integration
Select a Year or Month report
Report for 2019 Apr
Monthly Climatological Summary for Apr 2019 Name: www.anoliosia.meteoclub.gr/NOAA-reports.php City: Ano LIOSIA State: Attiki GR Elevation: 190 m Lat: N 38° 05' 26" Lon: E 023° 41' 56" Temperature (°C), Rain (mm), Wind Speed (km/h) Heat Cool Avg Mean Deg Deg Wind Dom Day Temp High Time Low Time Days Days Rain Speed High Time Dir ---------------------------------------------------------------------------------- 1 14.0 18.7 11:20 9.5 01:55 4.3 0.0 0.0 9.0 47.9 03:55 NNW 2 14.4 19.5 11:16 9.0 07:16 4.0 0.1 0.0 8.2 46.4 09:57 NNE 3 13.5 18.7 13:30 7.8 23:43 4.8 0.0 0.0 7.7 37.8 05:49 NNW 4 12.4 19.1 17:07 6.6 05:14 6.0 0.0 0.0 4.5 28.1 13:35 E 5 13.1 19.4 15:20 8.6 04:27 5.3 0.0 0.3 3.7 27.0 23:01 E 6 12.4 13.4 14:42 11.4 07:27 5.9 0.0 17.7 11.5 55.1 16:31 NE 7 14.4 20.2 11:07 9.1 07:23 3.9 0.0 0.0 2.7 20.9 01:00 S 11 12.3 12.6 02:57 12.0 00:33 1.2 0.0 0.0 ---- 12.2 00:08 NW 12 13.5 16.8 15:01 0.0 09:03 2.9 0.0 22.5 3.5 19.4 15:54 W 13 11.5 14.2 18:49 9.5 01:13 6.8 0.0 2.7 2.6 25.6 03:04 WNW 14 13.0 19.3 11:00 7.4 07:04 5.3 0.0 0.0 3.0 27.0 13:08 W 15 12.3 16.7 14:50 9.7 23:08 6.0 0.0 6.0 5.2 39.2 22:47 ENE 16 12.5 16.8 12:54 9.3 06:54 5.8 0.0 6.0 8.0 42.8 04:22 N 17 13.2 20.8 11:02 7.9 06:49 5.1 0.1 0.0 3.5 24.5 14:57 W 18 12.7 18.9 11:01 8.0 06:42 5.6 0.0 0.0 4.0 35.6 13:39 NE 19 12.6 17.6 18:29 9.1 04:48 5.7 0.0 0.0 5.2 33.1 17:19 N 20 11.6 15.5 10:27 8.3 06:58 6.7 0.0 0.3 7.3 36.7 15:33 ENE 26 8.4 9.8 00:53 6.6 03:25 1.5 0.0 0.0 ---- 17.3 00:47 NNE 27 23.3 27.2 13:59 0.0 13:26 0.0 2.2 0.0 5.3 22.0 15:44 SSW 28 20.3 27.1 11:01 14.5 06:45 0.9 2.9 0.0 3.6 22.0 12:23 SW 29 18.9 26.2 10:59 12.7 06:48 1.5 2.1 0.0 5.3 27.0 12:31 WSW 30 18.1 23.3 10:57 11.7 06:34 1.7 1.5 0.0 7.3 33.1 23:45 WSW ---------------------------------------------------------------------------------- 14.0 27.2 27 0.0 12 90.9 8.9 55.5 5.6 55.1 6 N Max >= 27.0: 2 Max <= 0.0: 0 Min <= 0.0: 2 Min <= -18.0: 0 Max Rain: 22.5 on day 12 Days of Rain: 7 (>= 0.2 mm) 5 (>= 2.0 mm) 1 (>= 20.0 mm) Heat Base: 18.3 Cool Base: 18.3 Method: Integration