NOAA style reports
NOAA-style Climate Reports
Select a Year or Month report
Report for 2019 Mar
Monthly Climatological Summary for Mar 2019
Name: www.anoliosia.meteoclub.gr/NOAA-reports.php City: Ano LIOSIA State: Attiki GR
Elevation: 190 m Lat: N 38° 05' 26" Lon: E 023° 41' 56"
Temperature (°C), Rain (mm), Wind Speed (km/h)
Heat Cool Avg
Mean Deg Deg Wind Dom
Day Temp High Time Low Time Days Days Rain Speed High Time Dir
----------------------------------------------------------------------------------
1 8.7 10.3 01:35 0.0 14:32 5.8 0.0 0.9 ---- 49.0 01:53 NNE
2 14.9 19.9 14:49 0.0 10:08 2.0 0.1 0.9 4.2 18.4 15:18 SSW
3 11.3 15.7 14:40 6.8 23:53 7.0 0.0 0.0 5.7 34.2 01:46 N
4 10.0 17.0 15:07 4.5 06:30 8.3 0.0 0.0 3.7 18.4 13:30 W
5 11.7 17.7 12:58 6.0 06:11 6.6 0.0 0.0 4.8 31.7 12:57 SW
6 14.5 21.8 15:08 9.8 06:22 4.3 0.5 0.0 2.9 18.4 00:53 WSW
7 14.2 21.2 14:43 8.5 06:37 4.6 0.5 0.0 3.1 23.4 13:25 WSW
8 14.1 21.2 13:39 8.6 04:40 4.6 0.5 0.0 2.8 20.9 12:05 WSW
9 14.0 20.1 13:56 8.3 07:01 4.5 0.2 0.0 4.1 27.0 13:31 WSW
10 15.1 24.1 14:58 8.3 06:32 4.3 1.0 0.0 3.6 25.6 14:31 WSW
11 15.8 21.5 13:34 9.9 04:09 3.0 0.5 0.0 8.6 35.6 13:52 WSW
12 13.9 17.7 11:30 11.2 23:59 4.4 0.0 0.0 5.2 30.6 18:36 S
13 8.2 11.2 00:00 5.6 23:46 10.1 0.0 3.3 13.9 80.6 15:23 NNE
14 9.3 15.5 15:10 3.8 05:48 9.0 0.0 0.9 4.2 24.5 23:35 ESE
15 8.4 10.5 15:14 6.2 22:32 9.9 0.0 10.8 5.9 25.6 00:07 NW
16 12.6 19.4 15:05 6.0 01:01 5.8 0.1 0.0 8.2 33.1 15:24 W
17 14.7 21.7 13:17 8.3 05:52 4.4 0.8 0.0 3.0 25.6 14:00 WSW
18 14.4 20.5 14:56 8.9 06:31 4.2 0.3 0.0 3.6 19.4 13:20 W
19 14.3 21.2 13:15 7.7 06:48 4.5 0.5 0.0 3.2 18.4 12:30 SW
20 14.0 18.3 11:52 10.1 05:06 4.3 0.0 0.0 5.2 31.7 12:57 NE
21 14.2 16.9 12:54 11.3 05:22 4.1 0.0 0.0 14.1 63.7 14:05 N
22 13.1 17.4 10:30 8.7 22:41 5.2 0.0 0.0 9.9 54.0 01:56 NNE
23 14.2 19.7 10:29 9.8 00:00 4.1 0.0 0.0 9.6 40.3 00:52 N
24 12.9 17.2 10:28 7.5 23:25 5.4 0.0 0.0 8.4 39.2 00:33 NNE
25 13.6 21.4 14:27 6.1 05:59 5.3 0.6 0.0 3.2 17.3 02:30 WSW
26 14.3 23.0 13:54 9.0 04:18 4.7 0.6 0.0 2.1 22.0 15:22 ESE
27 13.2 18.4 10:22 9.7 06:19 5.1 0.0 0.0 9.2 40.3 17:18 ENE
28 10.9 12.5 03:51 9.2 16:02 7.4 0.0 0.0 19.2 55.1 22:15 NE
29 10.0 12.4 13:38 8.5 03:27 8.3 0.0 0.0 18.1 64.8 11:14 NE
30 9.9 12.2 13:13 7.4 06:00 8.4 0.0 0.0 15.9 82.1 09:19 NNE
31 12.1 15.4 11:16 9.3 05:42 5.9 0.0 0.0 12.3 62.3 08:40 N
----------------------------------------------------------------------------------
12.7 24.1 10 0.0 1 175.5 6.2 16.8 7.3 82.1 30 N
Max >= 27.0: 0
Max <= 0.0: 0
Min <= 0.0: 2
Min <= -18.0: 0
Max Rain: 10.8 on day 15
Days of Rain: 5 (>= 0.2 mm) 2 (>= 2.0 mm) 0 (>= 20.0 mm)
Heat Base: 18.3 Cool Base: 18.3 Method: Integration
Select a Year or Month report
Report for 2019 Mar
Monthly Climatological Summary for Mar 2019 Name: www.anoliosia.meteoclub.gr/NOAA-reports.php City: Ano LIOSIA State: Attiki GR Elevation: 190 m Lat: N 38° 05' 26" Lon: E 023° 41' 56" Temperature (°C), Rain (mm), Wind Speed (km/h) Heat Cool Avg Mean Deg Deg Wind Dom Day Temp High Time Low Time Days Days Rain Speed High Time Dir ---------------------------------------------------------------------------------- 1 8.7 10.3 01:35 0.0 14:32 5.8 0.0 0.9 ---- 49.0 01:53 NNE 2 14.9 19.9 14:49 0.0 10:08 2.0 0.1 0.9 4.2 18.4 15:18 SSW 3 11.3 15.7 14:40 6.8 23:53 7.0 0.0 0.0 5.7 34.2 01:46 N 4 10.0 17.0 15:07 4.5 06:30 8.3 0.0 0.0 3.7 18.4 13:30 W 5 11.7 17.7 12:58 6.0 06:11 6.6 0.0 0.0 4.8 31.7 12:57 SW 6 14.5 21.8 15:08 9.8 06:22 4.3 0.5 0.0 2.9 18.4 00:53 WSW 7 14.2 21.2 14:43 8.5 06:37 4.6 0.5 0.0 3.1 23.4 13:25 WSW 8 14.1 21.2 13:39 8.6 04:40 4.6 0.5 0.0 2.8 20.9 12:05 WSW 9 14.0 20.1 13:56 8.3 07:01 4.5 0.2 0.0 4.1 27.0 13:31 WSW 10 15.1 24.1 14:58 8.3 06:32 4.3 1.0 0.0 3.6 25.6 14:31 WSW 11 15.8 21.5 13:34 9.9 04:09 3.0 0.5 0.0 8.6 35.6 13:52 WSW 12 13.9 17.7 11:30 11.2 23:59 4.4 0.0 0.0 5.2 30.6 18:36 S 13 8.2 11.2 00:00 5.6 23:46 10.1 0.0 3.3 13.9 80.6 15:23 NNE 14 9.3 15.5 15:10 3.8 05:48 9.0 0.0 0.9 4.2 24.5 23:35 ESE 15 8.4 10.5 15:14 6.2 22:32 9.9 0.0 10.8 5.9 25.6 00:07 NW 16 12.6 19.4 15:05 6.0 01:01 5.8 0.1 0.0 8.2 33.1 15:24 W 17 14.7 21.7 13:17 8.3 05:52 4.4 0.8 0.0 3.0 25.6 14:00 WSW 18 14.4 20.5 14:56 8.9 06:31 4.2 0.3 0.0 3.6 19.4 13:20 W 19 14.3 21.2 13:15 7.7 06:48 4.5 0.5 0.0 3.2 18.4 12:30 SW 20 14.0 18.3 11:52 10.1 05:06 4.3 0.0 0.0 5.2 31.7 12:57 NE 21 14.2 16.9 12:54 11.3 05:22 4.1 0.0 0.0 14.1 63.7 14:05 N 22 13.1 17.4 10:30 8.7 22:41 5.2 0.0 0.0 9.9 54.0 01:56 NNE 23 14.2 19.7 10:29 9.8 00:00 4.1 0.0 0.0 9.6 40.3 00:52 N 24 12.9 17.2 10:28 7.5 23:25 5.4 0.0 0.0 8.4 39.2 00:33 NNE 25 13.6 21.4 14:27 6.1 05:59 5.3 0.6 0.0 3.2 17.3 02:30 WSW 26 14.3 23.0 13:54 9.0 04:18 4.7 0.6 0.0 2.1 22.0 15:22 ESE 27 13.2 18.4 10:22 9.7 06:19 5.1 0.0 0.0 9.2 40.3 17:18 ENE 28 10.9 12.5 03:51 9.2 16:02 7.4 0.0 0.0 19.2 55.1 22:15 NE 29 10.0 12.4 13:38 8.5 03:27 8.3 0.0 0.0 18.1 64.8 11:14 NE 30 9.9 12.2 13:13 7.4 06:00 8.4 0.0 0.0 15.9 82.1 09:19 NNE 31 12.1 15.4 11:16 9.3 05:42 5.9 0.0 0.0 12.3 62.3 08:40 N ---------------------------------------------------------------------------------- 12.7 24.1 10 0.0 1 175.5 6.2 16.8 7.3 82.1 30 N Max >= 27.0: 0 Max <= 0.0: 0 Min <= 0.0: 2 Min <= -18.0: 0 Max Rain: 10.8 on day 15 Days of Rain: 5 (>= 0.2 mm) 2 (>= 2.0 mm) 0 (>= 20.0 mm) Heat Base: 18.3 Cool Base: 18.3 Method: Integration