NOAA style reports
NOAA-style Climate Reports
Select a Year or Month report
Report for 2018 Dec
Monthly Climatological Summary for Dec 2018
Name: www.anoliosia.meteoclub.gr/NOAA-reports.php City: Ano LIOSIA State: Attiki GR
Elevation: 190 m Lat: N 38° 05' 26" Lon: E 023° 41' 56"
Temperature (°C), Rain (mm), Wind Speed (km/h)
Heat Cool Avg
Mean Deg Deg Wind Dom
Day Temp High Time Low Time Days Days Rain Speed High Time Dir
----------------------------------------------------------------------------------
1 7.4 12.2 12:12 3.3 07:35 10.9 0.0 0.0 1.6 12.2 00:10 WNW
2 8.8 10.6 12:04 7.3 00:00 9.5 0.0 0.0 1.5 14.8 14:20 ENE
3 9.3 15.9 13:45 4.8 07:29 9.0 0.0 0.0 2.0 14.8 23:20 WNW
4 9.9 15.7 14:21 5.3 06:51 8.4 0.0 0.0 3.6 25.6 22:02 WNW
5 11.7 15.0 13:09 8.1 02:40 6.6 0.0 0.0 8.5 50.0 15:11 NW
6 8.2 11.1 00:00 0.0 22:55 9.7 0.0 1.5 7.6 63.7 03:29 N
7 4.1 6.2 20:49 0.0 20:48 1.9 0.0 0.0 1.9 8.6 23:41 NW
8 9.2 15.2 15:05 3.5 00:27 9.1 0.0 0.0 5.0 22.0 14:21 W
9 13.1 17.0 12:52 10.2 00:00 5.1 0.0 0.0 10.4 40.3 16:45 W
10 11.1 14.2 14:03 8.8 21:51 7.2 0.0 4.2 8.7 39.2 11:05 WNW
11 7.6 10.7 12:18 4.6 23:52 10.7 0.0 0.9 2.5 31.7 00:29 WNW
12 6.5 11.7 14:09 3.0 06:14 11.8 0.0 0.0 4.3 20.9 10:18 WNW
13 7.2 8.9 06:41 5.1 00:01 10.8 0.0 8.4 3.8 29.5 16:01 NE
14 11.6 15.4 15:20 7.0 00:00 6.7 0.0 0.0 0.8 15.8 23:30 W
15 14.7 18.5 12:47 12.2 07:54 3.6 0.0 0.3 3.3 29.5 13:26 SE
16 11.8 15.8 12:54 9.3 07:43 6.5 0.0 5.1 3.0 34.2 01:28 NNW
17 9.5 14.6 15:03 6.5 06:15 8.8 0.0 2.4 2.0 22.0 23:50 NW
18 9.0 11.0 10:51 7.4 23:11 9.3 0.0 10.2 10.3 50.0 21:32 N
19 6.9 8.2 14:00 6.0 09:41 11.1 0.0 2.1 6.3 39.2 03:25 NW
20 7.7 11.3 15:23 5.4 21:55 10.6 0.0 0.0 1.2 12.2 14:16 ENE
21 6.1 6.8 03:56 0.0 07:05 3.6 0.0 0.0 3.2 12.2 04:37 NW
22 6.9 7.2 00:58 0.0 00:29 0.5 0.0 0.0 1.5 5.0 00:31 NNW
23 10.8 11.9 19:27 0.0 19:11 1.5 0.0 0.0 5.7 17.3 22:52 NW
24 12.0 17.1 15:02 8.2 07:15 6.3 0.0 0.0 5.3 30.6 15:12 W
25 8.0 12.5 01:09 5.2 11:11 10.4 0.0 6.0 11.5 64.8 10:54 NNW
26 4.8 6.8 13:35 3.1 23:03 13.5 0.0 0.0 11.9 57.6 01:46 NNW
27 6.0 9.0 11:11 3.1 00:56 12.3 0.0 0.0 5.9 34.2 14:03 WNW
28 7.3 12.0 14:19 4.5 22:45 10.3 0.0 0.0 4.8 19.4 04:44 NW
29 8.8 14.0 13:27 3.5 04:26 9.5 0.0 0.0 5.1 46.4 11:25 NNW
30 8.9 10.4 00:10 7.3 19:42 9.4 0.0 0.0 2.4 28.1 00:16 NE
31 7.6 9.4 12:59 6.1 23:08 8.3 0.0 5.1 9.7 47.9 21:14 NE
----------------------------------------------------------------------------------
8.8 18.5 15 0.0 6 252.9 0.0 46.2 5.2 64.8 25 NW
Max >= 27.0: 0
Max <= 0.0: 0
Min <= 0.0: 5
Min <= -18.0: 0
Max Rain: 10.2 on day 18
Days of Rain: 11 (>= 0.2 mm) 8 (>= 2.0 mm) 0 (>= 20.0 mm)
Heat Base: 18.3 Cool Base: 18.3 Method: Integration
Select a Year or Month report
Report for 2018 Dec
Monthly Climatological Summary for Dec 2018 Name: www.anoliosia.meteoclub.gr/NOAA-reports.php City: Ano LIOSIA State: Attiki GR Elevation: 190 m Lat: N 38° 05' 26" Lon: E 023° 41' 56" Temperature (°C), Rain (mm), Wind Speed (km/h) Heat Cool Avg Mean Deg Deg Wind Dom Day Temp High Time Low Time Days Days Rain Speed High Time Dir ---------------------------------------------------------------------------------- 1 7.4 12.2 12:12 3.3 07:35 10.9 0.0 0.0 1.6 12.2 00:10 WNW 2 8.8 10.6 12:04 7.3 00:00 9.5 0.0 0.0 1.5 14.8 14:20 ENE 3 9.3 15.9 13:45 4.8 07:29 9.0 0.0 0.0 2.0 14.8 23:20 WNW 4 9.9 15.7 14:21 5.3 06:51 8.4 0.0 0.0 3.6 25.6 22:02 WNW 5 11.7 15.0 13:09 8.1 02:40 6.6 0.0 0.0 8.5 50.0 15:11 NW 6 8.2 11.1 00:00 0.0 22:55 9.7 0.0 1.5 7.6 63.7 03:29 N 7 4.1 6.2 20:49 0.0 20:48 1.9 0.0 0.0 1.9 8.6 23:41 NW 8 9.2 15.2 15:05 3.5 00:27 9.1 0.0 0.0 5.0 22.0 14:21 W 9 13.1 17.0 12:52 10.2 00:00 5.1 0.0 0.0 10.4 40.3 16:45 W 10 11.1 14.2 14:03 8.8 21:51 7.2 0.0 4.2 8.7 39.2 11:05 WNW 11 7.6 10.7 12:18 4.6 23:52 10.7 0.0 0.9 2.5 31.7 00:29 WNW 12 6.5 11.7 14:09 3.0 06:14 11.8 0.0 0.0 4.3 20.9 10:18 WNW 13 7.2 8.9 06:41 5.1 00:01 10.8 0.0 8.4 3.8 29.5 16:01 NE 14 11.6 15.4 15:20 7.0 00:00 6.7 0.0 0.0 0.8 15.8 23:30 W 15 14.7 18.5 12:47 12.2 07:54 3.6 0.0 0.3 3.3 29.5 13:26 SE 16 11.8 15.8 12:54 9.3 07:43 6.5 0.0 5.1 3.0 34.2 01:28 NNW 17 9.5 14.6 15:03 6.5 06:15 8.8 0.0 2.4 2.0 22.0 23:50 NW 18 9.0 11.0 10:51 7.4 23:11 9.3 0.0 10.2 10.3 50.0 21:32 N 19 6.9 8.2 14:00 6.0 09:41 11.1 0.0 2.1 6.3 39.2 03:25 NW 20 7.7 11.3 15:23 5.4 21:55 10.6 0.0 0.0 1.2 12.2 14:16 ENE 21 6.1 6.8 03:56 0.0 07:05 3.6 0.0 0.0 3.2 12.2 04:37 NW 22 6.9 7.2 00:58 0.0 00:29 0.5 0.0 0.0 1.5 5.0 00:31 NNW 23 10.8 11.9 19:27 0.0 19:11 1.5 0.0 0.0 5.7 17.3 22:52 NW 24 12.0 17.1 15:02 8.2 07:15 6.3 0.0 0.0 5.3 30.6 15:12 W 25 8.0 12.5 01:09 5.2 11:11 10.4 0.0 6.0 11.5 64.8 10:54 NNW 26 4.8 6.8 13:35 3.1 23:03 13.5 0.0 0.0 11.9 57.6 01:46 NNW 27 6.0 9.0 11:11 3.1 00:56 12.3 0.0 0.0 5.9 34.2 14:03 WNW 28 7.3 12.0 14:19 4.5 22:45 10.3 0.0 0.0 4.8 19.4 04:44 NW 29 8.8 14.0 13:27 3.5 04:26 9.5 0.0 0.0 5.1 46.4 11:25 NNW 30 8.9 10.4 00:10 7.3 19:42 9.4 0.0 0.0 2.4 28.1 00:16 NE 31 7.6 9.4 12:59 6.1 23:08 8.3 0.0 5.1 9.7 47.9 21:14 NE ---------------------------------------------------------------------------------- 8.8 18.5 15 0.0 6 252.9 0.0 46.2 5.2 64.8 25 NW Max >= 27.0: 0 Max <= 0.0: 0 Min <= 0.0: 5 Min <= -18.0: 0 Max Rain: 10.2 on day 18 Days of Rain: 11 (>= 0.2 mm) 8 (>= 2.0 mm) 0 (>= 20.0 mm) Heat Base: 18.3 Cool Base: 18.3 Method: Integration