NOAA style reports
NOAA-style Climate Reports
Select a Year or Month report
Report for 2018 Nov
Monthly Climatological Summary for Nov 2018
Name: www.anoliosia.meteoclub.gr/NOAA-reports.php City: Ano LIOSIA State: Attiki GR
Elevation: 190 m Lat: N 38° 05' 26" Lon: E 023° 41' 56"
Temperature (°C), Rain (mm), Wind Speed (km/h)
Heat Cool Avg
Mean Deg Deg Wind Dom
Day Temp High Time Low Time Days Days Rain Speed High Time Dir
----------------------------------------------------------------------------------
1 20.1 26.2 11:31 16.0 06:46 0.6 2.4 0.0 2.9 30.6 13:25 ENE
2 20.0 27.8 13:06 15.3 04:30 1.1 2.7 0.0 1.9 18.4 13:46 W
3 17.3 24.0 12:15 13.2 23:09 2.3 1.3 0.0 2.1 20.9 13:03 NNW
6 13.6 14.5 02:03 12.9 01:13 0.6 0.0 0.0 ---- 23.4 01:56 NNE
7 14.0 16.9 16:46 0.0 16:45 1.3 0.0 0.0 3.8 24.5 18:03 ENE
8 12.6 13.9 20:28 10.9 02:07 3.1 0.0 3.9 2.2 17.3 18:15 NNE
9 14.7 19.1 11:21 11.2 23:53 3.6 0.1 0.3 5.6 33.1 03:45 NNW
10 13.4 19.8 13:03 8.8 06:59 5.0 0.1 0.0 2.1 17.3 12:26 WSW
11 13.3 18.8 12:38 9.2 06:07 5.0 0.0 0.0 2.2 24.5 11:11 NE
12 13.4 18.4 14:51 9.2 07:10 4.9 0.0 0.0 3.9 25.6 15:06 NNW
13 14.7 17.5 10:55 11.6 00:10 3.6 0.0 0.0 9.0 36.7 06:47 N
14 13.5 16.8 10:56 10.8 05:45 4.8 0.0 0.0 6.6 40.3 15:40 NE
15 12.7 16.4 12:24 9.2 23:54 5.6 0.0 0.0 7.1 43.9 10:58 NNE
16 10.7 11.8 11:43 9.1 00:18 7.6 0.0 0.0 11.3 36.7 12:31 NE
17 10.4 11.7 13:54 8.3 05:43 7.9 0.0 3.9 11.8 36.7 03:14 NE
18 11.9 14.1 20:39 9.8 07:33 6.4 0.0 13.8 4.8 35.6 08:23 ENE
19 15.3 19.5 14:44 12.7 21:51 3.1 0.1 0.3 3.9 20.9 12:27 W
20 15.8 19.2 14:25 12.8 03:08 2.5 0.0 0.0 1.8 14.8 12:50 WNW
21 15.5 20.5 15:25 11.1 07:29 3.0 0.2 10.5 4.3 47.9 05:05 WSW
22 13.9 17.8 10:52 10.6 07:35 4.4 0.0 0.0 4.3 37.8 20:04 NW
23 11.7 13.9 14:15 9.3 23:58 6.6 0.0 0.0 4.9 30.6 14:28 ENE
24 10.8 15.8 13:11 7.8 04:17 7.5 0.0 0.0 3.3 22.0 06:30 N
25 12.6 16.5 13:45 8.0 02:12 5.7 0.0 4.5 1.6 24.5 23:17 WSW
26 15.9 19.3 14:40 14.0 07:55 2.4 0.0 4.2 4.5 23.4 13:26 WSW
27 16.2 17.8 12:03 13.9 06:16 2.1 0.0 0.3 4.8 28.1 11:52 SW
28 14.1 17.7 11:41 11.6 05:35 4.2 0.0 1.8 4.1 29.5 19:28 W
29 9.1 12.7 00:00 6.3 23:54 9.2 0.0 0.9 10.2 57.6 03:02 NE
30 7.1 8.5 13:30 4.8 23:58 11.2 0.0 0.9 7.0 47.9 04:47 NNE
----------------------------------------------------------------------------------
13.7 27.8 2 0.0 7 125.3 6.9 45.3 5.0 57.6 29 NNE
Max >= 27.0: 1
Max <= 0.0: 0
Min <= 0.0: 1
Min <= -18.0: 0
Max Rain: 13.8 on day 18
Days of Rain: 12 (>= 0.2 mm) 6 (>= 2.0 mm) 0 (>= 20.0 mm)
Heat Base: 18.3 Cool Base: 18.3 Method: Integration
Select a Year or Month report
Report for 2018 Nov
Monthly Climatological Summary for Nov 2018 Name: www.anoliosia.meteoclub.gr/NOAA-reports.php City: Ano LIOSIA State: Attiki GR Elevation: 190 m Lat: N 38° 05' 26" Lon: E 023° 41' 56" Temperature (°C), Rain (mm), Wind Speed (km/h) Heat Cool Avg Mean Deg Deg Wind Dom Day Temp High Time Low Time Days Days Rain Speed High Time Dir ---------------------------------------------------------------------------------- 1 20.1 26.2 11:31 16.0 06:46 0.6 2.4 0.0 2.9 30.6 13:25 ENE 2 20.0 27.8 13:06 15.3 04:30 1.1 2.7 0.0 1.9 18.4 13:46 W 3 17.3 24.0 12:15 13.2 23:09 2.3 1.3 0.0 2.1 20.9 13:03 NNW 6 13.6 14.5 02:03 12.9 01:13 0.6 0.0 0.0 ---- 23.4 01:56 NNE 7 14.0 16.9 16:46 0.0 16:45 1.3 0.0 0.0 3.8 24.5 18:03 ENE 8 12.6 13.9 20:28 10.9 02:07 3.1 0.0 3.9 2.2 17.3 18:15 NNE 9 14.7 19.1 11:21 11.2 23:53 3.6 0.1 0.3 5.6 33.1 03:45 NNW 10 13.4 19.8 13:03 8.8 06:59 5.0 0.1 0.0 2.1 17.3 12:26 WSW 11 13.3 18.8 12:38 9.2 06:07 5.0 0.0 0.0 2.2 24.5 11:11 NE 12 13.4 18.4 14:51 9.2 07:10 4.9 0.0 0.0 3.9 25.6 15:06 NNW 13 14.7 17.5 10:55 11.6 00:10 3.6 0.0 0.0 9.0 36.7 06:47 N 14 13.5 16.8 10:56 10.8 05:45 4.8 0.0 0.0 6.6 40.3 15:40 NE 15 12.7 16.4 12:24 9.2 23:54 5.6 0.0 0.0 7.1 43.9 10:58 NNE 16 10.7 11.8 11:43 9.1 00:18 7.6 0.0 0.0 11.3 36.7 12:31 NE 17 10.4 11.7 13:54 8.3 05:43 7.9 0.0 3.9 11.8 36.7 03:14 NE 18 11.9 14.1 20:39 9.8 07:33 6.4 0.0 13.8 4.8 35.6 08:23 ENE 19 15.3 19.5 14:44 12.7 21:51 3.1 0.1 0.3 3.9 20.9 12:27 W 20 15.8 19.2 14:25 12.8 03:08 2.5 0.0 0.0 1.8 14.8 12:50 WNW 21 15.5 20.5 15:25 11.1 07:29 3.0 0.2 10.5 4.3 47.9 05:05 WSW 22 13.9 17.8 10:52 10.6 07:35 4.4 0.0 0.0 4.3 37.8 20:04 NW 23 11.7 13.9 14:15 9.3 23:58 6.6 0.0 0.0 4.9 30.6 14:28 ENE 24 10.8 15.8 13:11 7.8 04:17 7.5 0.0 0.0 3.3 22.0 06:30 N 25 12.6 16.5 13:45 8.0 02:12 5.7 0.0 4.5 1.6 24.5 23:17 WSW 26 15.9 19.3 14:40 14.0 07:55 2.4 0.0 4.2 4.5 23.4 13:26 WSW 27 16.2 17.8 12:03 13.9 06:16 2.1 0.0 0.3 4.8 28.1 11:52 SW 28 14.1 17.7 11:41 11.6 05:35 4.2 0.0 1.8 4.1 29.5 19:28 W 29 9.1 12.7 00:00 6.3 23:54 9.2 0.0 0.9 10.2 57.6 03:02 NE 30 7.1 8.5 13:30 4.8 23:58 11.2 0.0 0.9 7.0 47.9 04:47 NNE ---------------------------------------------------------------------------------- 13.7 27.8 2 0.0 7 125.3 6.9 45.3 5.0 57.6 29 NNE Max >= 27.0: 1 Max <= 0.0: 0 Min <= 0.0: 1 Min <= -18.0: 0 Max Rain: 13.8 on day 18 Days of Rain: 12 (>= 0.2 mm) 6 (>= 2.0 mm) 0 (>= 20.0 mm) Heat Base: 18.3 Cool Base: 18.3 Method: Integration