NOAA style reports
NOAA-style Climate Reports
Select a Year or Month report
Report for 2018 Aug
Monthly Climatological Summary for Aug 2018
Name: www.anoliosia.meteoclub.gr/NOAA-reports.php City: Ano LIOSIA State: Attiki GR
Elevation: 190 m Lat: N 38° 05' 26" Lon: E 023° 41' 56"
Temperature (°C), Rain (mm), Wind Speed (km/h)
Heat Cool Avg
Mean Deg Deg Wind Dom
Day Temp High Time Low Time Days Days Rain Speed High Time Dir
----------------------------------------------------------------------------------
11 24.6 31.5 10:50 20.6 05:39 0.0 4.5 12.6 ---- 28.1 14:55 WNW
12 26.3 29.9 16:59 0.0 15:37 0.0 2.8 14.4 8.8 34.2 17:58 N
13 26.0 30.9 15:16 21.7 03:20 0.0 7.7 0.0 8.2 39.2 14:12 NNW
14 27.0 34.0 17:47 20.0 06:17 0.0 8.7 0.0 4.6 28.1 13:54 NNW
21 22.5 28.3 09:20 0.0 09:21 0.0 1.7 0.0 ---- 13.3 02:29 NW
22 27.0 31.9 14:53 0.0 00:34 0.0 8.5 0.0 7.4 35.6 17:52 NNW
23 27.7 32.0 14:53 23.5 01:39 0.0 9.4 0.0 9.2 36.7 14:25 NW
24 27.7 33.5 14:41 22.7 06:15 0.0 9.4 0.0 5.2 39.2 12:29 NW
25 26.7 34.9 11:12 20.8 06:43 0.0 8.4 0.0 4.7 24.5 18:03 SW
26 27.1 34.0 11:06 21.7 07:00 0.0 8.8 0.0 ---- 22.0 17:36 SW
27 26.7 33.8 11:14 21.3 23:59 0.0 8.4 3.9 ---- 35.6 14:10 ENE
28 22.4 25.5 16:42 0.0 04:45 0.0 4.1 3.9 ---- 67.3 13:21 N
29 26.7 30.9 11:07 22.9 05:15 0.0 8.4 0.0 ---- 51.5 02:40 NNW
30 27.8 33.2 11:07 23.4 05:43 0.0 9.5 0.0 ---- 34.2 14:22 N
----------------------------------------------------------------------------------
26.2 34.9 25 0.0 12 0.0 100.3 34.8 6.7 67.3 28 NNW
Max >= 27.0: 13
Max <= 0.0: 0
Min <= 0.0: 4
Min <= -18.0: 0
Max Rain: 14.4 on day 12
Days of Rain: 4 (>= 0.2 mm) 4 (>= 2.0 mm) 0 (>= 20.0 mm)
Heat Base: 18.3 Cool Base: 18.3 Method: Integration
Select a Year or Month report
Report for 2018 Aug
Monthly Climatological Summary for Aug 2018 Name: www.anoliosia.meteoclub.gr/NOAA-reports.php City: Ano LIOSIA State: Attiki GR Elevation: 190 m Lat: N 38° 05' 26" Lon: E 023° 41' 56" Temperature (°C), Rain (mm), Wind Speed (km/h) Heat Cool Avg Mean Deg Deg Wind Dom Day Temp High Time Low Time Days Days Rain Speed High Time Dir ---------------------------------------------------------------------------------- 11 24.6 31.5 10:50 20.6 05:39 0.0 4.5 12.6 ---- 28.1 14:55 WNW 12 26.3 29.9 16:59 0.0 15:37 0.0 2.8 14.4 8.8 34.2 17:58 N 13 26.0 30.9 15:16 21.7 03:20 0.0 7.7 0.0 8.2 39.2 14:12 NNW 14 27.0 34.0 17:47 20.0 06:17 0.0 8.7 0.0 4.6 28.1 13:54 NNW 21 22.5 28.3 09:20 0.0 09:21 0.0 1.7 0.0 ---- 13.3 02:29 NW 22 27.0 31.9 14:53 0.0 00:34 0.0 8.5 0.0 7.4 35.6 17:52 NNW 23 27.7 32.0 14:53 23.5 01:39 0.0 9.4 0.0 9.2 36.7 14:25 NW 24 27.7 33.5 14:41 22.7 06:15 0.0 9.4 0.0 5.2 39.2 12:29 NW 25 26.7 34.9 11:12 20.8 06:43 0.0 8.4 0.0 4.7 24.5 18:03 SW 26 27.1 34.0 11:06 21.7 07:00 0.0 8.8 0.0 ---- 22.0 17:36 SW 27 26.7 33.8 11:14 21.3 23:59 0.0 8.4 3.9 ---- 35.6 14:10 ENE 28 22.4 25.5 16:42 0.0 04:45 0.0 4.1 3.9 ---- 67.3 13:21 N 29 26.7 30.9 11:07 22.9 05:15 0.0 8.4 0.0 ---- 51.5 02:40 NNW 30 27.8 33.2 11:07 23.4 05:43 0.0 9.5 0.0 ---- 34.2 14:22 N ---------------------------------------------------------------------------------- 26.2 34.9 25 0.0 12 0.0 100.3 34.8 6.7 67.3 28 NNW Max >= 27.0: 13 Max <= 0.0: 0 Min <= 0.0: 4 Min <= -18.0: 0 Max Rain: 14.4 on day 12 Days of Rain: 4 (>= 0.2 mm) 4 (>= 2.0 mm) 0 (>= 20.0 mm) Heat Base: 18.3 Cool Base: 18.3 Method: Integration