2011 2012 2013

NOAA style reports

NOAA-style Climate Reports

Select a Year or Month report
V/Λ2018 > Jan Feb Mar Apr May Jun Jul Aug Sep Oct Nov Dec
V/Λ2017 > Jan Feb Mar Apr May Jun Jul Aug Sep Oct Nov Dec
V/Λ2016 > Jan Feb Mar Apr May Jun Jul Aug Sep Oct Nov Dec
V/Λ2015 > Jan Feb Mar Apr May Jun Jul Aug Sep Oct Nov Dec
V/Λ2014 > Jan Feb Mar Apr May Jun Jul Aug Sep Oct Nov Dec
V/Λ2013 > Jan Feb Mar Apr May Jun Jul Aug Sep Oct Nov Dec
V/Λ2012 > Jan Feb Mar Apr May Jun Jul Aug Sep Oct Nov Dec
V/Λ2011 > Jan Feb Mar Apr May Jun Jul Aug Sep Oct Nov Dec
V/Λ2010 > Jan Feb Mar Apr May Jun Jul Aug Sep Oct Nov Dec
V/Λ2009 > Jan Feb Mar Apr May Jun Jul Aug Sep Oct Nov Dec
V/Λ2008 > Jan Feb Mar Apr May Jun Jul Aug Sep Oct Nov Dec
V/Λ2007 > Jan Feb Mar Apr May Jun Jul Aug Sep Oct Nov Dec
V/Λ2006 > Jan Feb Mar Apr May Jun Jul Aug Sep Oct Nov Dec
V/Λ2005 > Jan Feb Mar Apr May Jun Jul Aug Sep Oct Nov Dec
V/Λ2004 > Jan Feb Mar Apr May Jun Jul Aug Sep Oct Nov Dec
V/Λ2003 > Jan Feb Mar Apr May Jun Jul Aug Sep Oct Nov Dec
V/Λ2002 > Jan Feb Mar Apr May Jun Jul Aug Sep Oct Nov Dec
V/Λ2001 > Jan Feb Mar Apr May Jun Jul Aug Sep Oct Nov Dec
V/Λ2000 > Jan Feb Mar Apr May Jun Jul Aug Sep Oct Nov Dec
V/Λ1999 > Jan Feb Mar Apr May Jun Jul Aug Sep Oct Nov Dec
V/Λ1998 > Jan Feb Mar Apr May Jun Jul Aug Sep Oct Nov Dec
V/Λ1997 > Jan Feb Mar Apr May Jun Jul Aug Sep Oct Nov Dec
V/Λ1996 > Jan Feb Mar Apr May Jun Jul Aug Sep Oct Nov Dec
V/Λ1995 > Jan Feb Mar Apr May Jun Jul Aug Sep Oct Nov Dec
V/Λ1994 > Jan Feb Mar Apr May Jun Jul Aug Sep Oct Nov Dec
V/Λ1993 > Jan Feb Mar Apr May Jun Jul Aug Sep Oct Nov Dec
V/Λ1992 > Jan Feb Mar Apr May Jun Jul Aug Sep Oct Nov Dec
V/Λ1991 > Jan Feb Mar Apr May Jun Jul Aug Sep Oct Nov Dec
V/Λ1990 > Jan Feb Mar Apr May Jun Jul Aug Sep Oct Nov Dec
V/Λ1989 > Jan Feb Mar Apr May Jun Jul Aug Sep Oct Nov Dec
V/Λ1988 > Jan Feb Mar Apr May Jun Jul Aug Sep Oct Nov Dec
V/Λ1987 > Jan Feb Mar Apr May Jun Jul Aug Sep Oct Nov Dec
V/Λ1986 > Jan Feb Mar Apr May Jun Jul Aug Sep Oct Nov Dec
V/Λ1985 > Jan Feb Mar Apr May Jun Jul Aug Sep Oct Nov Dec
V/Λ1984 > Jan Feb Mar Apr May Jun Jul Aug Sep Oct Nov Dec
V/Λ1983 > Jan Feb Mar Apr May Jun Jul Aug Sep Oct Nov Dec
V/Λ1982 > Jan Feb Mar Apr May Jun Jul Aug Sep Oct Nov Dec
V/Λ1981 > Jan Feb Mar Apr May Jun Jul Aug Sep Oct Nov Dec
V/Λ1980 > Jan Feb Mar Apr May Jun Jul Aug Sep Oct Nov Dec

Report for 2018 Jan
                   Monthly Climatological Summary for Jan 2018

Name: www.anoliosia.meteoclub.gr/NOAA-reports.php   City: Ano LIOSIA   State: Attiki GR
Elevation: 190 m  Lat: N 38 05' 26"   Lon: E 023 41' 56"

                  Temperature (C), Rain (mm), Wind Speed (km/h)

                                      Heat  Cool        Avg
    Mean                              Deg   Deg         Wind                 Dom
Day Temp  High   Time   Low    Time   Days  Days  Rain  Speed High   Time    Dir
----------------------------------------------------------------------------------
 1   9.5  16.4   13:22   4.3   05:38   8.8   0.0   0.0   3.0  24.5   15:08   WSW
 2  11.6  16.7   13:38   7.4   02:16   6.7   0.0   2.4   5.0  34.2   13:38   WSW
 3   9.8  14.0   14:50   7.4   23:06   8.5   0.0   1.2   4.6  33.1   11:29     W
 4   7.8  10.3   04:32   6.1   13:17  10.5   0.0  11.4   6.4  41.8   23:30     W
 5   9.0  15.9   14:36   4.5   06:09   9.3   0.0   0.0   4.7  30.6   00:26   WNW
 6  10.5  16.8   13:56   6.8   05:26   7.8   0.0   0.0   4.9  17.3   00:09   WNW
 7  12.8  16.7   15:14   8.5   01:19   5.5   0.0   0.0   2.8  13.3   00:36   WNW
 8  13.6  15.6   12:36  12.4   21:24   4.7   0.0   0.0   0.8  13.3   12:56   SSW
 9  12.3  15.6   14:55  10.1   06:50   6.0   0.0   0.0   3.4  27.0   14:05    NE
10  10.9  13.4   13:46   9.3   02:36   7.4   0.0   0.0   3.9  22.0   23:03   ENE
11  11.8  15.7   12:20   9.5   08:08   6.5   0.0   7.5   1.5  15.8   02:27    SE
12  11.2  15.8   15:23   7.4   07:44   7.1   0.0   2.7   4.2  25.6   21:40   ENE
13  10.1  12.3   13:20   9.1   01:37   8.2   0.0   8.4   6.8  31.7   23:31     E
14   6.8   9.3   00:00   4.8   23:58  11.5   0.0   1.2   8.6  34.2   00:03   ENE
15   8.0  10.6   11:31   3.8   02:28  10.3   0.0   0.0   2.2  14.8   05:43    NW
16  11.6  15.8   14:07   9.2   06:25   6.7   0.0   0.0   6.3  31.7   22:07     W
17  11.4  15.7   15:09   7.5   05:51   6.9   0.0   0.0   4.6  19.4   00:30     W
18   8.8  14.2   01:05   4.5   23:36   9.5   0.0   1.5  17.1  78.5   03:02   WNW
19   8.7  15.1   13:19   2.7   07:17   9.6   0.0   0.0   6.0  39.2   13:32     W
20  11.7  15.9   14:16   8.7   07:38   6.6   0.0   0.0   2.8  25.6   13:18   WSW
21  12.3  14.7   13:17  10.3   23:55   6.0   0.0   0.0   4.2  29.5   11:38   SSW
22   8.6  10.8   04:24   6.5   08:08   9.8   0.0   4.2  14.5  79.6   10:42    NW
26   6.2   7.6   00:00   0.0   08:45   4.4   0.0   0.0  ----  40.3   02:29     N
27   8.8  13.1   14:07   0.0   12:34   4.5   0.0   1.5   2.6  19.4   14:32   SSW
28   7.8  15.9   14:52   2.4   05:25  10.5   0.0   0.0   1.5  11.2   06:01   WNW
29   9.3  17.3   14:55   3.7   07:14   9.0   0.0   0.0   2.4  13.3   22:11     W
30  10.2  18.7   15:18   5.0   07:39   8.1   0.0   0.0   2.3  17.3   15:42     W
31  10.9  18.2   13:46   6.0   06:52   7.4   0.0   0.0   2.9  15.8   21:37   WNW
----------------------------------------------------------------------------------
    10.1  18.7    30     0.0    26   217.8   0.0  42.0   4.9  79.6    22     WNW

Max >=  27.0:  0
Max <=   0.0:  0
Min <=   0.0:  2
Min <= -18.0:  0
Max Rain: 11.4 on day 4
Days of Rain: 10 (>= 0.2 mm)  6 (>= 2.0 mm)  0 (>= 20.0 mm)
Heat Base: 18.3  Cool Base: 18.3  Method: Integration