2011 2012 2013

NOAA style reports

NOAA-style Climate Reports

Select a Year or Month report
V/Λ2018 > Jan Feb Mar Apr May Jun Jul Aug Sep Oct Nov Dec
V/Λ2017 > Jan Feb Mar Apr May Jun Jul Aug Sep Oct Nov Dec
V/Λ2016 > Jan Feb Mar Apr May Jun Jul Aug Sep Oct Nov Dec
V/Λ2015 > Jan Feb Mar Apr May Jun Jul Aug Sep Oct Nov Dec
V/Λ2014 > Jan Feb Mar Apr May Jun Jul Aug Sep Oct Nov Dec
V/Λ2013 > Jan Feb Mar Apr May Jun Jul Aug Sep Oct Nov Dec
V/Λ2012 > Jan Feb Mar Apr May Jun Jul Aug Sep Oct Nov Dec
V/Λ2011 > Jan Feb Mar Apr May Jun Jul Aug Sep Oct Nov Dec
V/Λ2010 > Jan Feb Mar Apr May Jun Jul Aug Sep Oct Nov Dec
V/Λ2009 > Jan Feb Mar Apr May Jun Jul Aug Sep Oct Nov Dec
V/Λ2008 > Jan Feb Mar Apr May Jun Jul Aug Sep Oct Nov Dec
V/Λ2007 > Jan Feb Mar Apr May Jun Jul Aug Sep Oct Nov Dec
V/Λ2006 > Jan Feb Mar Apr May Jun Jul Aug Sep Oct Nov Dec
V/Λ2005 > Jan Feb Mar Apr May Jun Jul Aug Sep Oct Nov Dec
V/Λ2004 > Jan Feb Mar Apr May Jun Jul Aug Sep Oct Nov Dec
V/Λ2003 > Jan Feb Mar Apr May Jun Jul Aug Sep Oct Nov Dec
V/Λ2002 > Jan Feb Mar Apr May Jun Jul Aug Sep Oct Nov Dec
V/Λ2001 > Jan Feb Mar Apr May Jun Jul Aug Sep Oct Nov Dec
V/Λ2000 > Jan Feb Mar Apr May Jun Jul Aug Sep Oct Nov Dec
V/Λ1999 > Jan Feb Mar Apr May Jun Jul Aug Sep Oct Nov Dec
V/Λ1998 > Jan Feb Mar Apr May Jun Jul Aug Sep Oct Nov Dec
V/Λ1997 > Jan Feb Mar Apr May Jun Jul Aug Sep Oct Nov Dec
V/Λ1996 > Jan Feb Mar Apr May Jun Jul Aug Sep Oct Nov Dec
V/Λ1995 > Jan Feb Mar Apr May Jun Jul Aug Sep Oct Nov Dec
V/Λ1994 > Jan Feb Mar Apr May Jun Jul Aug Sep Oct Nov Dec
V/Λ1993 > Jan Feb Mar Apr May Jun Jul Aug Sep Oct Nov Dec
V/Λ1992 > Jan Feb Mar Apr May Jun Jul Aug Sep Oct Nov Dec
V/Λ1991 > Jan Feb Mar Apr May Jun Jul Aug Sep Oct Nov Dec
V/Λ1990 > Jan Feb Mar Apr May Jun Jul Aug Sep Oct Nov Dec
V/Λ1989 > Jan Feb Mar Apr May Jun Jul Aug Sep Oct Nov Dec
V/Λ1988 > Jan Feb Mar Apr May Jun Jul Aug Sep Oct Nov Dec
V/Λ1987 > Jan Feb Mar Apr May Jun Jul Aug Sep Oct Nov Dec
V/Λ1986 > Jan Feb Mar Apr May Jun Jul Aug Sep Oct Nov Dec
V/Λ1985 > Jan Feb Mar Apr May Jun Jul Aug Sep Oct Nov Dec
V/Λ1984 > Jan Feb Mar Apr May Jun Jul Aug Sep Oct Nov Dec
V/Λ1983 > Jan Feb Mar Apr May Jun Jul Aug Sep Oct Nov Dec
V/Λ1982 > Jan Feb Mar Apr May Jun Jul Aug Sep Oct Nov Dec
V/Λ1981 > Jan Feb Mar Apr May Jun Jul Aug Sep Oct Nov Dec
V/Λ1980 > Jan Feb Mar Apr May Jun Jul Aug Sep Oct Nov Dec

Report for 2017 Dec
                   Monthly Climatological Summary for Dec 2017

Name: www.anoliosia.meteoclub.gr/NOAA-reports.php   City: Ano LIOSIA   State: Attiki GR
Elevation: 190 m  Lat: N 38 05' 26"   Lon: E 023 41' 56"

                  Temperature (C), Rain (mm), Wind Speed (km/h)

                                      Heat  Cool        Avg
    Mean                              Deg   Deg         Wind                 Dom
Day Temp  High   Time   Low    Time   Days  Days  Rain  Speed High   Time    Dir
----------------------------------------------------------------------------------
 1  17.0  18.8   11:31  16.2   22:25   1.3   0.0   0.0  12.5  54.0   12:39     S
 2  17.6  19.9   12:34  16.3   00:03   0.9   0.2   0.0   7.7  41.8   11:15   SSW
 3  17.9  21.1   10:57  16.8   00:00   0.9   0.5   0.0   7.1  34.2   06:59    SW
 4  13.6  18.3   13:33   9.5   23:54   4.7   0.0   1.5   4.8  18.4   17:29   WSW
 5   9.5  14.6   11:02   6.8   23:55   8.8   0.0   0.0   8.9  46.4   19:17   NNE
 6   7.1  10.2   15:28   4.7   07:45  11.2   0.0   0.0  11.6  66.2   02:26   WNW
 7   9.1  16.4   14:29   3.8   04:45   9.2   0.0   0.0   4.1  17.3   19:12     W
 8  10.6  16.6   11:03   7.1   04:57   7.7   0.0   0.0   4.8  18.4   02:21   WNW
 9  11.7  16.8   13:43   6.9   06:25   6.5   0.0   0.0   4.5  35.6   20:56   WSW
10  13.1  16.2   14:25   7.7   23:52   5.2   0.0   0.0  12.2  49.0   08:36     W
11  10.0  15.6   11:03   5.6   08:01   8.3   0.0   0.0   4.8  20.9   11:45     W
12  13.2  17.9   14:02   7.3   05:25   5.1   0.0   0.0   2.9  19.4   14:11     W
13  13.3  19.8   14:19   9.4   06:24   5.1   0.1   0.0   4.0  24.5   15:21   WSW
14  14.5  18.9   13:39   9.8   02:16   3.8   0.0   0.0  10.2  40.3   05:26     W
15  13.3  18.1   11:07   9.0   07:04   5.0   0.0   0.0   6.9  28.1   00:48     W
16  14.1  18.0   11:09  10.6   03:47   4.2   0.0   1.5   6.5  49.0   16:17   SSW
17  14.4  18.0   11:04   9.8   23:56   3.9   0.0   0.6   8.8  31.7   00:05    SW
19   9.0  11.6   10:44   7.8   07:21   4.6   0.0   0.0  ----  13.3   00:00   WNW
20   8.0  10.7   13:16   0.0   10:12   5.9   0.0   0.0   4.9  18.4   13:55   NNW
21   7.0   9.0   11:52   5.7   21:17  11.3   0.0   0.0   5.1  35.6   11:40     W
22   5.0   6.2   00:00   3.8   23:58  13.3   0.0   7.2   9.4  67.3   19:35   NNW
23   5.1   7.1   15:00   3.3   23:56  13.2   0.0   1.5  14.9  72.4   02:50    NW
24   6.6  11.1   14:36   2.2   02:57  11.7   0.0   0.3   6.0  33.1   14:03     W
25  10.4  17.1   14:43   6.0   07:28   7.9   0.0   0.0   4.4  25.6   01:56   WNW
30   7.9   8.0   00:00   7.8   00:10   1.4   0.0   0.0  ----  17.3   00:40    NW
31   8.5  13.9   14:33   0.0   14:25   3.9   0.0   4.5   4.1  23.4   15:49    NW
----------------------------------------------------------------------------------
    11.1  21.1     3     0.0    20   165.0   0.8  17.1   7.2  72.4    23       W

Max >=  27.0:  0
Max <=   0.0:  0
Min <=   0.0:  2
Min <= -18.0:  0
Max Rain: 7.2 on day 22
Days of Rain: 7 (>= 0.2 mm)  2 (>= 2.0 mm)  0 (>= 20.0 mm)
Heat Base: 18.3  Cool Base: 18.3  Method: Integration