2011 2012 2013

NOAA style reports

NOAA-style Climate Reports

Select a Year or Month report
V/Λ2017 > Jan Feb Mar Apr May Jun Jul Aug Sep Oct Nov Dec
V/Λ2016 > Jan Feb Mar Apr May Jun Jul Aug Sep Oct Nov Dec
V/Λ2015 > Jan Feb Mar Apr May Jun Jul Aug Sep Oct Nov Dec
V/Λ2014 > Jan Feb Mar Apr May Jun Jul Aug Sep Oct Nov Dec
V/Λ2013 > Jan Feb Mar Apr May Jun Jul Aug Sep Oct Nov Dec
V/Λ2012 > Jan Feb Mar Apr May Jun Jul Aug Sep Oct Nov Dec
V/Λ2011 > Jan Feb Mar Apr May Jun Jul Aug Sep Oct Nov Dec
V/Λ2010 > Jan Feb Mar Apr May Jun Jul Aug Sep Oct Nov Dec
V/Λ2009 > Jan Feb Mar Apr May Jun Jul Aug Sep Oct Nov Dec
V/Λ2008 > Jan Feb Mar Apr May Jun Jul Aug Sep Oct Nov Dec
V/Λ2007 > Jan Feb Mar Apr May Jun Jul Aug Sep Oct Nov Dec
V/Λ2006 > Jan Feb Mar Apr May Jun Jul Aug Sep Oct Nov Dec
V/Λ2005 > Jan Feb Mar Apr May Jun Jul Aug Sep Oct Nov Dec
V/Λ2004 > Jan Feb Mar Apr May Jun Jul Aug Sep Oct Nov Dec
V/Λ2003 > Jan Feb Mar Apr May Jun Jul Aug Sep Oct Nov Dec
V/Λ2002 > Jan Feb Mar Apr May Jun Jul Aug Sep Oct Nov Dec
V/Λ2001 > Jan Feb Mar Apr May Jun Jul Aug Sep Oct Nov Dec
V/Λ2000 > Jan Feb Mar Apr May Jun Jul Aug Sep Oct Nov Dec
V/Λ1999 > Jan Feb Mar Apr May Jun Jul Aug Sep Oct Nov Dec
V/Λ1998 > Jan Feb Mar Apr May Jun Jul Aug Sep Oct Nov Dec
V/Λ1997 > Jan Feb Mar Apr May Jun Jul Aug Sep Oct Nov Dec
V/Λ1996 > Jan Feb Mar Apr May Jun Jul Aug Sep Oct Nov Dec
V/Λ1995 > Jan Feb Mar Apr May Jun Jul Aug Sep Oct Nov Dec
V/Λ1994 > Jan Feb Mar Apr May Jun Jul Aug Sep Oct Nov Dec
V/Λ1993 > Jan Feb Mar Apr May Jun Jul Aug Sep Oct Nov Dec
V/Λ1992 > Jan Feb Mar Apr May Jun Jul Aug Sep Oct Nov Dec
V/Λ1991 > Jan Feb Mar Apr May Jun Jul Aug Sep Oct Nov Dec
V/Λ1990 > Jan Feb Mar Apr May Jun Jul Aug Sep Oct Nov Dec
V/Λ1989 > Jan Feb Mar Apr May Jun Jul Aug Sep Oct Nov Dec
V/Λ1988 > Jan Feb Mar Apr May Jun Jul Aug Sep Oct Nov Dec
V/Λ1987 > Jan Feb Mar Apr May Jun Jul Aug Sep Oct Nov Dec
V/Λ1986 > Jan Feb Mar Apr May Jun Jul Aug Sep Oct Nov Dec
V/Λ1985 > Jan Feb Mar Apr May Jun Jul Aug Sep Oct Nov Dec
V/Λ1984 > Jan Feb Mar Apr May Jun Jul Aug Sep Oct Nov Dec
V/Λ1983 > Jan Feb Mar Apr May Jun Jul Aug Sep Oct Nov Dec
V/Λ1982 > Jan Feb Mar Apr May Jun Jul Aug Sep Oct Nov Dec
V/Λ1981 > Jan Feb Mar Apr May Jun Jul Aug Sep Oct Nov Dec
V/Λ1980 > Jan Feb Mar Apr May Jun Jul Aug Sep Oct Nov Dec

Report for 2016 Nov
                   Monthly Climatological Summary for Nov 2016

Name: www.anoliosia.meteoclub.gr/NOAA-reports.php   City: Ano LIOSIA   State: Attiki GR
Elevation: 190 m  Lat: N 38 05' 26"   Lon: E 023 41' 56"

                  Temperature (C), Rain (mm), Wind Speed (km/h)

                                      Heat  Cool        Avg
    Mean                              Deg   Deg         Wind                 Dom
Day Temp  High   Time   Low    Time   Days  Days  Rain  Speed High   Time    Dir
----------------------------------------------------------------------------------
 1  11.9  16.9   14:09   8.7   23:18   6.4   0.0   0.0   5.9  34.2   09:20    NW
 2  12.7  18.4   14:37   7.2   03:35   5.6   0.0   0.0   3.9  18.4   11:33   WNW
 3  12.9  12.9   00:00  12.9   00:00   0.8   0.0   0.0   7.7  11.2   00:00    NW
 4  16.8  21.3   15:24   0.0   14:27   0.8   0.2   0.0   2.3  12.2   15:29   WNW
 5  16.9  22.3   13:46  12.9   05:53   2.3   0.9   0.0   3.5  15.8   14:56   WNW
 6  15.6  16.7   09:25  13.4   06:41   2.1   0.0   0.0   2.2  13.3   02:53   WNW
 7  18.9  21.7   12:01  15.7   03:14   0.8   1.3   0.0   3.3  29.5   20:33   SSW
 8  20.8  24.6   14:34  18.3   04:24   0.0   2.5   0.0   1.9  22.0   15:41   SSE
 9  17.7  22.9   12:58  12.1   21:28   2.0   1.5   4.5   6.8  56.2   14:25   WSW
10  15.7  19.4   12:58  12.1   02:36   2.7   0.1   0.0   6.5  34.2   03:26     W
11  16.2  21.3   13:24  12.7   05:37   2.6   0.6   0.0   4.4  22.0   11:54     W
12  16.2  20.5   15:28  12.2   04:05   2.4   0.4   0.0   4.3  29.5   17:08   WSW
13  15.4  20.1   14:14  10.4   23:45   3.1   0.2   0.0   7.9  41.8   11:16     W
14  12.8  17.2   12:01   9.5   03:55   5.4   0.0   0.0   1.9  15.8   14:49   NNE
15  11.5  13.4   13:09   9.9   23:30   6.8   0.0   0.0   7.5  33.1   10:17   ENE
16  10.3  14.3   11:20   6.7   23:57   7.9   0.0   0.3   4.7  24.5   09:36    NE
17   9.7  15.9   13:52   5.4   07:18   8.6   0.0   0.0   2.8  20.9   20:50   ENE
18  11.0  16.8   14:41   6.3   06:58   7.2   0.0   0.0   3.7  23.4   11:13     E
19  12.3  17.6   14:05   7.4   04:34   4.6   0.0   0.0   4.6  20.9   09:42    NE
20  13.5  19.5   13:37   0.0   13:36   2.1   0.0   0.0   2.0  18.4   14:36     E
21  11.8  17.6   12:02   7.4   06:46   6.5   0.0   0.0   1.7  22.0   14:05    SE
22  11.7  16.2   12:58   8.2   07:05   6.6   0.0   0.0   3.6  31.7   13:42   ENE
23  11.3  17.7   14:01   7.7   05:44   7.0   0.0   0.0   1.9  24.5   16:02    NW
24  11.2  17.8   14:52   6.5   06:00   7.1   0.0   0.0   1.5  15.8   18:07    SE
25  12.8  15.4   13:13  10.2   00:00   5.5   0.0   0.0   0.8  11.2   13:57   WNW
26  14.4  16.7   13:39  12.7   04:42   3.8   0.0   3.3   1.4  14.8   20:56   ENE
27  13.5  14.2   00:00  13.3   04:06   2.0   0.0  72.2   0.7  17.3   01:54   ENE
28  13.5  14.2   00:00  13.3   04:06   2.0   0.0  42.2  ----  16.6   01:54   ENE
----------------------------------------------------------------------------------
    13.9  24.6     8     0.0     4   114.7   7.7 122.5   3.7  56.2     9      NW

Max >=  27.0:  0
Max <=   0.0:  0
Min <=   0.0:  2
Min <= -18.0:  0
Max Rain: 72.2 on day 27
Days of Rain: 5 (>= 0.2 mm)  4 (>= 2.0 mm)  2 (>= 20.0 mm)
Heat Base: 18.3  Cool Base: 18.3  Method: Integration