2011 2012 2013

NOAA style reports

NOAA-style Climate Reports

Select a Year or Month report
V/Λ2017 > Jan Feb Mar Apr May Jun Jul Aug Sep Oct Nov Dec
V/Λ2016 > Jan Feb Mar Apr May Jun Jul Aug Sep Oct Nov Dec
V/Λ2015 > Jan Feb Mar Apr May Jun Jul Aug Sep Oct Nov Dec
V/Λ2014 > Jan Feb Mar Apr May Jun Jul Aug Sep Oct Nov Dec
V/Λ2013 > Jan Feb Mar Apr May Jun Jul Aug Sep Oct Nov Dec
V/Λ2012 > Jan Feb Mar Apr May Jun Jul Aug Sep Oct Nov Dec
V/Λ2011 > Jan Feb Mar Apr May Jun Jul Aug Sep Oct Nov Dec
V/Λ2010 > Jan Feb Mar Apr May Jun Jul Aug Sep Oct Nov Dec
V/Λ2009 > Jan Feb Mar Apr May Jun Jul Aug Sep Oct Nov Dec
V/Λ2008 > Jan Feb Mar Apr May Jun Jul Aug Sep Oct Nov Dec
V/Λ2007 > Jan Feb Mar Apr May Jun Jul Aug Sep Oct Nov Dec
V/Λ2006 > Jan Feb Mar Apr May Jun Jul Aug Sep Oct Nov Dec
V/Λ2005 > Jan Feb Mar Apr May Jun Jul Aug Sep Oct Nov Dec
V/Λ2004 > Jan Feb Mar Apr May Jun Jul Aug Sep Oct Nov Dec
V/Λ2003 > Jan Feb Mar Apr May Jun Jul Aug Sep Oct Nov Dec
V/Λ2002 > Jan Feb Mar Apr May Jun Jul Aug Sep Oct Nov Dec
V/Λ2001 > Jan Feb Mar Apr May Jun Jul Aug Sep Oct Nov Dec
V/Λ2000 > Jan Feb Mar Apr May Jun Jul Aug Sep Oct Nov Dec
V/Λ1999 > Jan Feb Mar Apr May Jun Jul Aug Sep Oct Nov Dec
V/Λ1998 > Jan Feb Mar Apr May Jun Jul Aug Sep Oct Nov Dec
V/Λ1997 > Jan Feb Mar Apr May Jun Jul Aug Sep Oct Nov Dec
V/Λ1996 > Jan Feb Mar Apr May Jun Jul Aug Sep Oct Nov Dec
V/Λ1995 > Jan Feb Mar Apr May Jun Jul Aug Sep Oct Nov Dec
V/Λ1994 > Jan Feb Mar Apr May Jun Jul Aug Sep Oct Nov Dec
V/Λ1993 > Jan Feb Mar Apr May Jun Jul Aug Sep Oct Nov Dec
V/Λ1992 > Jan Feb Mar Apr May Jun Jul Aug Sep Oct Nov Dec
V/Λ1991 > Jan Feb Mar Apr May Jun Jul Aug Sep Oct Nov Dec
V/Λ1990 > Jan Feb Mar Apr May Jun Jul Aug Sep Oct Nov Dec
V/Λ1989 > Jan Feb Mar Apr May Jun Jul Aug Sep Oct Nov Dec
V/Λ1988 > Jan Feb Mar Apr May Jun Jul Aug Sep Oct Nov Dec
V/Λ1987 > Jan Feb Mar Apr May Jun Jul Aug Sep Oct Nov Dec
V/Λ1986 > Jan Feb Mar Apr May Jun Jul Aug Sep Oct Nov Dec
V/Λ1985 > Jan Feb Mar Apr May Jun Jul Aug Sep Oct Nov Dec
V/Λ1984 > Jan Feb Mar Apr May Jun Jul Aug Sep Oct Nov Dec
V/Λ1983 > Jan Feb Mar Apr May Jun Jul Aug Sep Oct Nov Dec
V/Λ1982 > Jan Feb Mar Apr May Jun Jul Aug Sep Oct Nov Dec
V/Λ1981 > Jan Feb Mar Apr May Jun Jul Aug Sep Oct Nov Dec
V/Λ1980 > Jan Feb Mar Apr May Jun Jul Aug Sep Oct Nov Dec

Report for 2016 Oct
                   Monthly Climatological Summary for Oct 2016

Name: www.anoliosia.meteoclub.gr/NOAA-reports.php   City: Ano LIOSIA   State: Attiki GR
Elevation: 190 m  Lat: N 38 05' 26"   Lon: E 023 41' 56"

                  Temperature (C), Rain (mm), Wind Speed (km/h)

                                      Heat  Cool        Avg
    Mean                              Deg   Deg         Wind                 Dom
Day Temp  High   Time   Low    Time   Days  Days  Rain  Speed High   Time    Dir
----------------------------------------------------------------------------------
 1  21.8  29.8   13:58  15.6   05:30   0.5   4.0   0.0   3.3  19.4   15:38   WSW
 2  22.1  29.5   14:41  16.5   06:03   0.3   4.1   0.0   2.3  15.8   15:10     W
 3  24.2  31.5   15:33  18.8   03:29   0.0   5.9   0.0   3.0  22.0   15:38   SSW
 6  20.4  21.8   00:00  19.1   06:52   0.0   0.7   0.0  ----  11.2   00:00    NW
 7  18.2  21.5   20:59   0.0   19:53   0.2   0.2   6.3   7.7  58.7   21:21   WNW
 8  20.6  26.9   15:49  16.2   00:53   0.5   2.8   0.3   5.9  34.2   13:36     W
 9  19.7  25.6   16:59  16.6   07:43   0.1   1.4   0.0   3.5  22.0   17:09   ENE
10  19.7  24.3   15:58  16.6   04:37   0.4   1.8   0.3   2.1  22.0   15:42    SW
11  19.4  21.8   15:29  17.1   06:16   0.1   1.3   4.5   2.2  23.4   15:35    SW
12  21.0  26.9   15:05  17.5   05:24   0.1   2.8   0.0   6.9  35.6   23:18   WSW
13  18.5  25.1   14:06  13.0   07:13   1.6   1.8   0.0   3.5  33.1   00:06   WSW
14  18.5  26.7   15:49  12.7   07:37   1.8   2.0   0.0   3.3  23.4   18:51     E
15  17.7  24.1   15:48  14.0   03:54   1.8   1.3   0.0   3.6  23.4   13:12     E
16  19.8  24.3   13:16  14.0   04:05   1.5   2.9   0.0   2.2  11.2   09:53   ESE
18  24.3  24.3   00:00  24.3   00:00   0.0   5.6   0.0  ----   6.1   00:00   ESE
19  17.3  24.3   10:12   0.0   10:11   1.0   0.5   0.0   5.1  22.0   20:18     E
20  15.7  21.9   14:54  11.8   06:17   3.0   0.4   0.0   4.4  29.5   19:56   ENE
21  14.7  15.3   00:00  14.7   01:03   2.0   0.0   0.0   0.2  14.8   00:10    NE
22  16.7  20.0   11:07   0.0   10:33   1.0   0.1  11.1   2.2  27.0   12:10     W
23  18.0  24.8   15:05  13.6   06:44   1.6   1.3   0.0   2.3  18.4   19:41     E
24  18.4  22.5   13:39  15.3   23:09   1.0   1.1   0.0   2.7  28.1   15:05    NE
25  17.4  20.8   15:07  14.5   23:59   1.3   0.5   0.0   7.7  36.7   17:42   NNW
26  17.1  23.6   14:57  13.0   06:57   2.3   1.1   0.0   2.8  27.0   09:12     E
27  16.2  19.0   13:08  14.5   02:45   1.8   0.0   0.0   8.4  45.4   16:32   ENE
28  14.3  15.9   13:45  13.1   21:14   4.0   0.0   0.0  12.2  40.3   00:02   ENE
29  14.4  19.4   14:04  11.5   23:48   3.9   0.1   0.0   5.3  31.7   00:24     E
30  15.4  21.2   14:05  11.4   00:02   3.3   0.3   0.0   1.4  15.8   15:20     S
31  13.2  15.1   00:48  10.3   22:43   5.1   0.0   0.0   9.4  50.0   08:45   NNE
----------------------------------------------------------------------------------
    18.4  31.5     3     0.0     7    40.2  44.0  22.5   4.3  58.7     7      NE

Max >=  27.0:  3
Max <=   0.0:  0
Min <=   0.0:  3
Min <= -18.0:  0
Max Rain: 11.1 on day 22
Days of Rain: 5 (>= 0.2 mm)  3 (>= 2.0 mm)  0 (>= 20.0 mm)
Heat Base: 18.3  Cool Base: 18.3  Method: Integration