2011 2012 2013

NOAA style reports

NOAA-style Climate Reports

Select a Year or Month report
V/Λ2017 > Jan Feb Mar Apr May Jun Jul Aug Sep Oct Nov Dec
V/Λ2016 > Jan Feb Mar Apr May Jun Jul Aug Sep Oct Nov Dec
V/Λ2015 > Jan Feb Mar Apr May Jun Jul Aug Sep Oct Nov Dec
V/Λ2014 > Jan Feb Mar Apr May Jun Jul Aug Sep Oct Nov Dec
V/Λ2013 > Jan Feb Mar Apr May Jun Jul Aug Sep Oct Nov Dec
V/Λ2012 > Jan Feb Mar Apr May Jun Jul Aug Sep Oct Nov Dec
V/Λ2011 > Jan Feb Mar Apr May Jun Jul Aug Sep Oct Nov Dec
V/Λ2010 > Jan Feb Mar Apr May Jun Jul Aug Sep Oct Nov Dec
V/Λ2009 > Jan Feb Mar Apr May Jun Jul Aug Sep Oct Nov Dec
V/Λ2008 > Jan Feb Mar Apr May Jun Jul Aug Sep Oct Nov Dec
V/Λ2007 > Jan Feb Mar Apr May Jun Jul Aug Sep Oct Nov Dec
V/Λ2006 > Jan Feb Mar Apr May Jun Jul Aug Sep Oct Nov Dec
V/Λ2005 > Jan Feb Mar Apr May Jun Jul Aug Sep Oct Nov Dec
V/Λ2004 > Jan Feb Mar Apr May Jun Jul Aug Sep Oct Nov Dec
V/Λ2003 > Jan Feb Mar Apr May Jun Jul Aug Sep Oct Nov Dec
V/Λ2002 > Jan Feb Mar Apr May Jun Jul Aug Sep Oct Nov Dec
V/Λ2001 > Jan Feb Mar Apr May Jun Jul Aug Sep Oct Nov Dec
V/Λ2000 > Jan Feb Mar Apr May Jun Jul Aug Sep Oct Nov Dec
V/Λ1999 > Jan Feb Mar Apr May Jun Jul Aug Sep Oct Nov Dec
V/Λ1998 > Jan Feb Mar Apr May Jun Jul Aug Sep Oct Nov Dec
V/Λ1997 > Jan Feb Mar Apr May Jun Jul Aug Sep Oct Nov Dec
V/Λ1996 > Jan Feb Mar Apr May Jun Jul Aug Sep Oct Nov Dec
V/Λ1995 > Jan Feb Mar Apr May Jun Jul Aug Sep Oct Nov Dec
V/Λ1994 > Jan Feb Mar Apr May Jun Jul Aug Sep Oct Nov Dec
V/Λ1993 > Jan Feb Mar Apr May Jun Jul Aug Sep Oct Nov Dec
V/Λ1992 > Jan Feb Mar Apr May Jun Jul Aug Sep Oct Nov Dec
V/Λ1991 > Jan Feb Mar Apr May Jun Jul Aug Sep Oct Nov Dec
V/Λ1990 > Jan Feb Mar Apr May Jun Jul Aug Sep Oct Nov Dec
V/Λ1989 > Jan Feb Mar Apr May Jun Jul Aug Sep Oct Nov Dec
V/Λ1988 > Jan Feb Mar Apr May Jun Jul Aug Sep Oct Nov Dec
V/Λ1987 > Jan Feb Mar Apr May Jun Jul Aug Sep Oct Nov Dec
V/Λ1986 > Jan Feb Mar Apr May Jun Jul Aug Sep Oct Nov Dec
V/Λ1985 > Jan Feb Mar Apr May Jun Jul Aug Sep Oct Nov Dec
V/Λ1984 > Jan Feb Mar Apr May Jun Jul Aug Sep Oct Nov Dec
V/Λ1983 > Jan Feb Mar Apr May Jun Jul Aug Sep Oct Nov Dec
V/Λ1982 > Jan Feb Mar Apr May Jun Jul Aug Sep Oct Nov Dec
V/Λ1981 > Jan Feb Mar Apr May Jun Jul Aug Sep Oct Nov Dec
V/Λ1980 > Jan Feb Mar Apr May Jun Jul Aug Sep Oct Nov Dec

Report for 2016 Aug
                   Monthly Climatological Summary for Aug 2016

Name: www.anoliosia.meteoclub.gr/NOAA-reports.php   City: Ano LIOSIA   State: Attiki GR
Elevation: 190 m  Lat: N 38 05' 26"   Lon: E 023 41' 56"

                  Temperature (C), Rain (mm), Wind Speed (km/h)

                                      Heat  Cool        Avg
    Mean                              Deg   Deg         Wind                 Dom
Day Temp  High   Time   Low    Time   Days  Days  Rain  Speed High   Time    Dir
----------------------------------------------------------------------------------
 1  30.7  36.1   14:45  24.5   07:02   0.0  12.4   0.0   6.5  33.1   12:15   NNW
 2  30.7  37.4   13:32  24.9   05:11   0.0  12.4   0.0   3.4  24.5   14:10   SSW
 3  29.5  35.8   13:25  24.4   07:02   0.0  11.2   0.0   5.8  35.6   14:36   ENE
 4  28.8  32.8   12:58  25.8   06:32   0.0  10.5   0.0   9.0  33.1   11:10   NNW
 5  29.1  33.6   14:43  25.5   06:16   0.0  10.8   0.0   8.8  41.8   08:57   NNW
 6  29.9  34.6   16:17  25.8   04:32   0.0  11.6   0.0   7.8  50.0   07:42   NNW
 7  29.2  34.5   17:05  24.6   04:54   0.0  10.9   0.0   8.6  41.8   12:05     N
 8  29.1  33.6   13:13  25.1   06:49   0.0  10.8   0.0   8.3  42.8   21:50   NNW
 9  28.6  30.9   14:40  25.3   05:34   0.0  10.3   0.0  14.0  50.0   08:31     N
10  29.7  30.6   00:00  26.2   23:51   0.0   4.8   0.0  11.5  20.9   00:00     N
11  29.6  36.7   13:36  22.5   06:19   0.0  11.2   0.0   3.2  23.4   17:58     S
12  29.3  35.5   12:28  24.1   05:23   0.0  11.1   0.0   4.1  28.1   13:21   NNE
13  24.7  27.4   12:52  20.9   23:48   0.0   6.4   0.0  11.5  45.4   10:27    NE
14  23.4  27.6   14:20  20.0   01:50   0.0   5.2   0.0   7.7  39.2   14:58   NNE
15  24.6  28.2   14:20  21.0   00:55   0.0   6.3   0.0  10.2  40.3   04:28   NNW
16  27.5  33.1   14:03  23.2   00:30   0.0   9.2   0.0   9.9  37.8   06:15    NW
17  27.9  34.7   14:36  21.2   05:08   0.0   9.6   0.0   5.2  27.0   13:53   ENE
18  28.7  35.9   13:20  21.9   06:48   0.0  10.4   0.0   3.3  24.5   17:24   SSW
19  28.7  35.1   14:58  23.8   06:59   0.0  10.4   0.0   4.4  28.1   12:42     E
20  28.1  33.5   13:23  22.6   06:08   0.0   9.8   0.0   4.4  31.7   13:22   NNW
21  28.5  32.6   16:25  25.2   03:30   0.0  10.2   0.0   8.4  39.2   11:32   NNW
22  28.8  35.6   13:04  22.9   06:33   0.0  10.5   0.0   2.8  23.4   13:08     S
23  27.9  34.1   13:59  23.5   06:15   0.0   9.6   0.0   5.2  33.1   16:59   ENE
24  27.1  30.9   14:26  23.7   07:00   0.0   8.8   0.0   8.8  46.4   07:55     N
25  26.6  29.2   13:07  25.1   07:11   0.0   8.3   0.0  15.5  58.7   23:19    NE
26  26.0  29.4   14:52  23.5   07:07   0.0   7.7   0.0  17.5  67.3   02:07    NE
27  25.1  28.8   13:59  22.2   07:00   0.0   6.8   0.0  11.6  43.9   18:04   NNE
28  25.2  29.0   14:12  21.5   07:05   0.0   6.9   0.0   8.4  34.2   14:18     N
29  26.7  32.4   15:29  22.5   06:18   0.0   8.4   0.0   5.5  39.2   14:23    NW
30  26.8  33.6   13:23  20.9   06:53   0.0   8.5   0.0   3.0  29.5   14:16   SSW
31  27.8  32.9   11:38  22.6   02:27   0.0   9.5   0.0   4.2  28.1   15:39   NNE
----------------------------------------------------------------------------------
    27.9  37.4     2    20.0    14     0.0 290.5   0.0   7.6  67.3    26       N

Max >=  27.0: 31
Max <=   0.0:  0
Min <=   0.0:  0
Min <= -18.0:  0
Max Rain: 0.0 on day 0
Days of Rain: 0 (>= 0.2 mm)  0 (>= 2.0 mm)  0 (>= 20.0 mm)
Heat Base: 18.3  Cool Base: 18.3  Method: Integration