2011 2012 2013

NOAA style reports

NOAA-style Climate Reports

Select a Year or Month report
V/Λ2017 > Jan Feb Mar Apr May Jun Jul Aug Sep Oct Nov Dec
V/Λ2016 > Jan Feb Mar Apr May Jun Jul Aug Sep Oct Nov Dec
V/Λ2015 > Jan Feb Mar Apr May Jun Jul Aug Sep Oct Nov Dec
V/Λ2014 > Jan Feb Mar Apr May Jun Jul Aug Sep Oct Nov Dec
V/Λ2013 > Jan Feb Mar Apr May Jun Jul Aug Sep Oct Nov Dec
V/Λ2012 > Jan Feb Mar Apr May Jun Jul Aug Sep Oct Nov Dec
V/Λ2011 > Jan Feb Mar Apr May Jun Jul Aug Sep Oct Nov Dec
V/Λ2010 > Jan Feb Mar Apr May Jun Jul Aug Sep Oct Nov Dec
V/Λ2009 > Jan Feb Mar Apr May Jun Jul Aug Sep Oct Nov Dec
V/Λ2008 > Jan Feb Mar Apr May Jun Jul Aug Sep Oct Nov Dec
V/Λ2007 > Jan Feb Mar Apr May Jun Jul Aug Sep Oct Nov Dec
V/Λ2006 > Jan Feb Mar Apr May Jun Jul Aug Sep Oct Nov Dec
V/Λ2005 > Jan Feb Mar Apr May Jun Jul Aug Sep Oct Nov Dec
V/Λ2004 > Jan Feb Mar Apr May Jun Jul Aug Sep Oct Nov Dec
V/Λ2003 > Jan Feb Mar Apr May Jun Jul Aug Sep Oct Nov Dec
V/Λ2002 > Jan Feb Mar Apr May Jun Jul Aug Sep Oct Nov Dec
V/Λ2001 > Jan Feb Mar Apr May Jun Jul Aug Sep Oct Nov Dec
V/Λ2000 > Jan Feb Mar Apr May Jun Jul Aug Sep Oct Nov Dec
V/Λ1999 > Jan Feb Mar Apr May Jun Jul Aug Sep Oct Nov Dec
V/Λ1998 > Jan Feb Mar Apr May Jun Jul Aug Sep Oct Nov Dec
V/Λ1997 > Jan Feb Mar Apr May Jun Jul Aug Sep Oct Nov Dec
V/Λ1996 > Jan Feb Mar Apr May Jun Jul Aug Sep Oct Nov Dec
V/Λ1995 > Jan Feb Mar Apr May Jun Jul Aug Sep Oct Nov Dec
V/Λ1994 > Jan Feb Mar Apr May Jun Jul Aug Sep Oct Nov Dec
V/Λ1993 > Jan Feb Mar Apr May Jun Jul Aug Sep Oct Nov Dec
V/Λ1992 > Jan Feb Mar Apr May Jun Jul Aug Sep Oct Nov Dec
V/Λ1991 > Jan Feb Mar Apr May Jun Jul Aug Sep Oct Nov Dec
V/Λ1990 > Jan Feb Mar Apr May Jun Jul Aug Sep Oct Nov Dec
V/Λ1989 > Jan Feb Mar Apr May Jun Jul Aug Sep Oct Nov Dec
V/Λ1988 > Jan Feb Mar Apr May Jun Jul Aug Sep Oct Nov Dec
V/Λ1987 > Jan Feb Mar Apr May Jun Jul Aug Sep Oct Nov Dec
V/Λ1986 > Jan Feb Mar Apr May Jun Jul Aug Sep Oct Nov Dec
V/Λ1985 > Jan Feb Mar Apr May Jun Jul Aug Sep Oct Nov Dec
V/Λ1984 > Jan Feb Mar Apr May Jun Jul Aug Sep Oct Nov Dec
V/Λ1983 > Jan Feb Mar Apr May Jun Jul Aug Sep Oct Nov Dec
V/Λ1982 > Jan Feb Mar Apr May Jun Jul Aug Sep Oct Nov Dec
V/Λ1981 > Jan Feb Mar Apr May Jun Jul Aug Sep Oct Nov Dec
V/Λ1980 > Jan Feb Mar Apr May Jun Jul Aug Sep Oct Nov Dec

Report for 2015 Aug
                   Monthly Climatological Summary for Aug 2015

Name: www.anoliosia.meteoclub .gr   City: Ano Liosia   State: Attiki
Elevation: 160 m  Lat: N 38 08' 03"   Lon: E 024 12' 58"

                  Temperature (C), Rain (mm), Wind Speed (km/h)

                                      Heat  Cool        Avg
    Mean                              Deg   Deg         Wind                 Dom
Day Temp  High   Time   Low    Time   Days  Days  Rain  Speed High   Time    Dir
----------------------------------------------------------------------------------
 1  30.9  35.4   15:57  26.8   04:57   0.0  12.6   0.0   5.6  30.0   13:27    NE
 2  28.9  32.7   16:57  26.3   06:57   0.0  10.6   0.0   7.3  28.0   10:57     N
 3  28.8  33.8   17:57  25.1   03:57   0.0  10.5   0.0   6.3  23.0   12:57   NNW
 4  28.9  34.3   15:27  24.0   03:57   0.0  10.6   0.0   5.3  24.0   12:57   NNW
 5  29.8  35.8   15:57  24.3   03:27   0.0  11.5   0.0   5.3  22.0   15:57     N
 6  29.6  33.0   16:57  25.9   05:27   0.0  11.3   0.0   8.9  38.0   04:27     N
 7  28.5  32.0   17:57  25.8   07:57   0.0  10.2   0.0   8.0  33.0   08:27   NNW
 8  27.4  30.8   16:28  24.8   06:58   0.0   9.1   0.0   9.5  31.0   12:28     N
 9  27.8  32.5   16:28  24.0   07:28   0.0   9.5   0.0   6.6  30.0   09:58     N
11  28.7  35.2   13:38  24.0   03:28   0.0  15.3   1.5   4.4  16.0   12:28   WSW
12  28.6  35.5   14:56  22.0   07:06   0.0  10.3   0.0   2.5  18.0   16:34    SW
13  28.6  35.7   14:28  23.3   06:58   0.0  10.1   0.0   2.7  19.0   16:30   WSW
17  29.2  35.0   16:39  23.2   05:13   0.0  11.7   4.8  10.1  33.0   15:26    NW
18  28.4  35.2   14:50  21.6   06:38   0.0  10.1   0.0   3.1  19.0   13:16    SW
19  28.4  35.8   15:00  21.9   06:14   0.0  10.1   0.0   3.2  22.0   12:50   WNW
20  28.8  35.5   14:57  22.7   05:55   0.0  10.5   0.0   3.2  27.0   12:57    SW
21  26.0  31.6   13:12  23.5   06:37   0.0   7.7   0.3   5.0  33.0   21:33   ENE
22  26.2  32.5   16:55  21.8   07:12   0.0   7.9   0.0   4.0  24.0   21:12   NNE
23  24.7  29.1   13:47  21.5   05:49   0.0   6.4   0.0   4.5  30.0   19:03   ENE
24  24.4  29.7   14:10  18.9   07:06   0.0   6.1   0.0   4.6  31.0   13:07     N
25  25.7  30.8   16:36  21.8   00:16   0.0   7.4   0.0   7.6  40.0   18:15     N
26  26.2  30.7   14:17  22.1   06:56   0.0   7.9   0.0   9.0  44.0   17:02   NNE
27  25.9  30.7   17:19  22.9   06:38   0.0   7.6   0.0   7.9  44.0   14:24   NNW
28  27.0  33.1   15:48  21.6   23:59   0.0   8.7   0.0   6.6  32.0   16:36     N
29  26.5  32.3   15:49  21.1   06:12   0.0   8.2   0.0   8.4  44.0   13:32     N
30  29.1  33.1   15:48  25.6   03:36   0.0  10.8   0.0  13.0  54.0   07:56   NNE
31  28.5  34.8   15:45  23.6   07:15   0.0  10.4   0.0   6.3  40.0   14:38     N
----------------------------------------------------------------------------------
    27.8  35.8     5    18.9    24     0.0 263.1   6.6   5.9  54.0    30       N

Max >=  27.0: 27
Max <=   0.0:  0
Min <=   0.0:  0
Min <= -18.0:  0
Max Rain: 4.8 on day 17
Days of Rain: 3 (>= 0.2 mm)  1 (>= 2.0 mm)  0 (>= 20.0 mm)
Heat Base: 18.3  Cool Base: 18.3  Method: Integration