2011 2012 2013

NOAA style reports

NOAA-style Climate Reports

Select a Year or Month report
V/Λ2017 > Jan Feb Mar Apr May Jun Jul Aug Sep Oct Nov Dec
V/Λ2016 > Jan Feb Mar Apr May Jun Jul Aug Sep Oct Nov Dec
V/Λ2015 > Jan Feb Mar Apr May Jun Jul Aug Sep Oct Nov Dec
V/Λ2014 > Jan Feb Mar Apr May Jun Jul Aug Sep Oct Nov Dec
V/Λ2013 > Jan Feb Mar Apr May Jun Jul Aug Sep Oct Nov Dec
V/Λ2012 > Jan Feb Mar Apr May Jun Jul Aug Sep Oct Nov Dec
V/Λ2011 > Jan Feb Mar Apr May Jun Jul Aug Sep Oct Nov Dec
V/Λ2010 > Jan Feb Mar Apr May Jun Jul Aug Sep Oct Nov Dec
V/Λ2009 > Jan Feb Mar Apr May Jun Jul Aug Sep Oct Nov Dec
V/Λ2008 > Jan Feb Mar Apr May Jun Jul Aug Sep Oct Nov Dec
V/Λ2007 > Jan Feb Mar Apr May Jun Jul Aug Sep Oct Nov Dec
V/Λ2006 > Jan Feb Mar Apr May Jun Jul Aug Sep Oct Nov Dec
V/Λ2005 > Jan Feb Mar Apr May Jun Jul Aug Sep Oct Nov Dec
V/Λ2004 > Jan Feb Mar Apr May Jun Jul Aug Sep Oct Nov Dec
V/Λ2003 > Jan Feb Mar Apr May Jun Jul Aug Sep Oct Nov Dec
V/Λ2002 > Jan Feb Mar Apr May Jun Jul Aug Sep Oct Nov Dec
V/Λ2001 > Jan Feb Mar Apr May Jun Jul Aug Sep Oct Nov Dec
V/Λ2000 > Jan Feb Mar Apr May Jun Jul Aug Sep Oct Nov Dec
V/Λ1999 > Jan Feb Mar Apr May Jun Jul Aug Sep Oct Nov Dec
V/Λ1998 > Jan Feb Mar Apr May Jun Jul Aug Sep Oct Nov Dec
V/Λ1997 > Jan Feb Mar Apr May Jun Jul Aug Sep Oct Nov Dec
V/Λ1996 > Jan Feb Mar Apr May Jun Jul Aug Sep Oct Nov Dec
V/Λ1995 > Jan Feb Mar Apr May Jun Jul Aug Sep Oct Nov Dec
V/Λ1994 > Jan Feb Mar Apr May Jun Jul Aug Sep Oct Nov Dec
V/Λ1993 > Jan Feb Mar Apr May Jun Jul Aug Sep Oct Nov Dec
V/Λ1992 > Jan Feb Mar Apr May Jun Jul Aug Sep Oct Nov Dec
V/Λ1991 > Jan Feb Mar Apr May Jun Jul Aug Sep Oct Nov Dec
V/Λ1990 > Jan Feb Mar Apr May Jun Jul Aug Sep Oct Nov Dec
V/Λ1989 > Jan Feb Mar Apr May Jun Jul Aug Sep Oct Nov Dec
V/Λ1988 > Jan Feb Mar Apr May Jun Jul Aug Sep Oct Nov Dec
V/Λ1987 > Jan Feb Mar Apr May Jun Jul Aug Sep Oct Nov Dec
V/Λ1986 > Jan Feb Mar Apr May Jun Jul Aug Sep Oct Nov Dec
V/Λ1985 > Jan Feb Mar Apr May Jun Jul Aug Sep Oct Nov Dec
V/Λ1984 > Jan Feb Mar Apr May Jun Jul Aug Sep Oct Nov Dec
V/Λ1983 > Jan Feb Mar Apr May Jun Jul Aug Sep Oct Nov Dec
V/Λ1982 > Jan Feb Mar Apr May Jun Jul Aug Sep Oct Nov Dec
V/Λ1981 > Jan Feb Mar Apr May Jun Jul Aug Sep Oct Nov Dec
V/Λ1980 > Jan Feb Mar Apr May Jun Jul Aug Sep Oct Nov Dec

Report for 2015 Jul
                   Monthly Climatological Summary for Jul 2015

Name: www.anoliosia.meteoclub .gr   City: Ano Liosia   State: Attiki
Elevation: 160 m  Lat: N 38 08' 03"   Lon: E 024 12' 58"

                  Temperature (C), Rain (mm), Wind Speed (km/h)

                                      Heat  Cool        Avg
    Mean                              Deg   Deg         Wind                 Dom
Day Temp  High   Time   Low    Time   Days  Days  Rain  Speed High   Time    Dir
----------------------------------------------------------------------------------
 1  21.7  28.1   15:52  15.3   06:27   0.8   4.2   0.0   4.0  27.0   18:39     N
 2  24.4  29.3   15:56  20.1   06:39   0.0   6.1   0.0   8.9  39.0   08:28   NNW
 3  25.9  30.6   13:44  21.1   02:48   0.0   7.6   0.0   6.4  34.0   18:34   NNE
 4  25.1  28.7   17:15  20.6   06:47   0.0   6.8   0.0   6.3  32.0   16:20   NNE
 5  25.2  30.2   18:05  20.6   02:43   0.0   6.9   0.0   5.7  39.0   15:51   NNE
 6  26.7  33.2   16:08  20.6   05:33   0.0   8.4   0.0   4.5  33.0   10:50     N
 7  23.3  24.6   00:00  23.3   01:56   0.0   5.0   0.0   0.0   6.0   01:12     N
 8  24.3  31.9   19:15  23.3   00:00   0.0   5.9   0.0   0.6  22.0   19:48     N
 9  26.7  35.2   16:38  24.5   23:55   0.0   8.4   0.0   2.1  19.0   16:40     W
10  28.2  34.9   15:09  21.6   06:35   0.0   9.9   0.0   4.8  39.0   22:58   NNW
11  26.8  30.9   17:07  23.4   06:31   0.0   8.6   0.0   4.2  31.0   13:19     N
12  26.4  31.0   16:08  21.1   06:43   0.0   8.1   0.0   5.6  31.0   13:43     N
13  27.0  33.9   16:16  20.2   06:22   0.0   8.7   0.0   3.9  33.0   15:56    NE
14  28.4  36.4   16:19  21.4   05:25   0.0  10.1   0.0   3.6  26.0   17:04    NE
15  28.0  32.0   15:22  24.9   01:53   0.0   9.7   0.0   7.2  28.0   10:23    NE
16  28.0  32.1   14:52  23.3   03:56   0.0   9.6   0.0   4.3  34.0   12:52   NNE
17  29.0  32.2   13:59  24.8   23:49   0.0  10.7   0.0  11.1  44.0   11:13    NE
18  28.3  35.3   12:59  24.1   02:57   0.0  10.0   0.0   8.1  39.0   23:25     N
19  28.4  34.8   04:18   0.0   00:18   0.0  10.1   0.0   4.7  28.0   11:48   NNE
20  26.1  30.8   06:18  21.2   19:18   0.0   7.8   0.0   5.1  22.0   05:18   NNW
21  26.2  31.0   05:18  20.2   19:49   0.0   7.9   0.0   4.9  24.0   03:18     N
22  27.5  33.9   05:27  21.5   18:27   0.0   9.3   0.0   3.7  19.0   05:57     N
23  29.3  36.4   05:27  24.9   15:27   0.0  11.0   0.0   5.6  22.0   23:27   ENE
24  27.7  31.9   04:27  23.4   16:57   0.0   9.4   0.0   7.1  26.0   00:57   NNE
25  29.1  32.1   03:57  26.6   12:27   0.0  10.8   0.0  12.0  34.0   01:57    NE
26  27.9  32.1   02:57  24.1   19:27   0.0   9.6   0.0   8.6  37.0   05:57   NNE
27  31.4  35.8   13:36  26.8   10:57   0.0  13.1   0.0   4.4  28.0   01:57     N
----------------------------------------------------------------------------------
    26.9  36.4    14     0.0    19     0.8 233.7   0.0   5.1  44.0    17     NNE

Max >=  27.0: 26
Max <=   0.0:  0
Min <=   0.0:  1
Min <= -18.0:  0
Max Rain: 0.0 on day 0
Days of Rain: 0 (>= 0.2 mm)  0 (>= 2.0 mm)  0 (>= 20.0 mm)
Heat Base: 18.3  Cool Base: 18.3  Method: Integration