2011 2012 2013

NOAA style reports

NOAA-style Climate Reports

Select a Year or Month report
V/Λ2017 > Jan Feb Mar Apr May Jun Jul Aug Sep Oct Nov Dec
V/Λ2016 > Jan Feb Mar Apr May Jun Jul Aug Sep Oct Nov Dec
V/Λ2015 > Jan Feb Mar Apr May Jun Jul Aug Sep Oct Nov Dec
V/Λ2014 > Jan Feb Mar Apr May Jun Jul Aug Sep Oct Nov Dec
V/Λ2013 > Jan Feb Mar Apr May Jun Jul Aug Sep Oct Nov Dec
V/Λ2012 > Jan Feb Mar Apr May Jun Jul Aug Sep Oct Nov Dec
V/Λ2011 > Jan Feb Mar Apr May Jun Jul Aug Sep Oct Nov Dec
V/Λ2010 > Jan Feb Mar Apr May Jun Jul Aug Sep Oct Nov Dec
V/Λ2009 > Jan Feb Mar Apr May Jun Jul Aug Sep Oct Nov Dec
V/Λ2008 > Jan Feb Mar Apr May Jun Jul Aug Sep Oct Nov Dec
V/Λ2007 > Jan Feb Mar Apr May Jun Jul Aug Sep Oct Nov Dec
V/Λ2006 > Jan Feb Mar Apr May Jun Jul Aug Sep Oct Nov Dec
V/Λ2005 > Jan Feb Mar Apr May Jun Jul Aug Sep Oct Nov Dec
V/Λ2004 > Jan Feb Mar Apr May Jun Jul Aug Sep Oct Nov Dec
V/Λ2003 > Jan Feb Mar Apr May Jun Jul Aug Sep Oct Nov Dec
V/Λ2002 > Jan Feb Mar Apr May Jun Jul Aug Sep Oct Nov Dec
V/Λ2001 > Jan Feb Mar Apr May Jun Jul Aug Sep Oct Nov Dec
V/Λ2000 > Jan Feb Mar Apr May Jun Jul Aug Sep Oct Nov Dec
V/Λ1999 > Jan Feb Mar Apr May Jun Jul Aug Sep Oct Nov Dec
V/Λ1998 > Jan Feb Mar Apr May Jun Jul Aug Sep Oct Nov Dec
V/Λ1997 > Jan Feb Mar Apr May Jun Jul Aug Sep Oct Nov Dec
V/Λ1996 > Jan Feb Mar Apr May Jun Jul Aug Sep Oct Nov Dec
V/Λ1995 > Jan Feb Mar Apr May Jun Jul Aug Sep Oct Nov Dec
V/Λ1994 > Jan Feb Mar Apr May Jun Jul Aug Sep Oct Nov Dec
V/Λ1993 > Jan Feb Mar Apr May Jun Jul Aug Sep Oct Nov Dec
V/Λ1992 > Jan Feb Mar Apr May Jun Jul Aug Sep Oct Nov Dec
V/Λ1991 > Jan Feb Mar Apr May Jun Jul Aug Sep Oct Nov Dec
V/Λ1990 > Jan Feb Mar Apr May Jun Jul Aug Sep Oct Nov Dec
V/Λ1989 > Jan Feb Mar Apr May Jun Jul Aug Sep Oct Nov Dec
V/Λ1988 > Jan Feb Mar Apr May Jun Jul Aug Sep Oct Nov Dec
V/Λ1987 > Jan Feb Mar Apr May Jun Jul Aug Sep Oct Nov Dec
V/Λ1986 > Jan Feb Mar Apr May Jun Jul Aug Sep Oct Nov Dec
V/Λ1985 > Jan Feb Mar Apr May Jun Jul Aug Sep Oct Nov Dec
V/Λ1984 > Jan Feb Mar Apr May Jun Jul Aug Sep Oct Nov Dec
V/Λ1983 > Jan Feb Mar Apr May Jun Jul Aug Sep Oct Nov Dec
V/Λ1982 > Jan Feb Mar Apr May Jun Jul Aug Sep Oct Nov Dec
V/Λ1981 > Jan Feb Mar Apr May Jun Jul Aug Sep Oct Nov Dec
V/Λ1980 > Jan Feb Mar Apr May Jun Jul Aug Sep Oct Nov Dec

Report for 2015 May
                   Monthly Climatological Summary for May 2015

Name: www.anoliosia.meteoclub .gr   City: Ano Liosia   State: Attiki
Elevation: 160 m  Lat: N 38 08' 03"   Lon: E 024 12' 58"

                  Temperature (C), Rain (mm), Wind Speed (km/h)

                                      Heat  Cool        Avg
    Mean                              Deg   Deg         Wind                 Dom
Day Temp  High   Time   Low    Time   Days  Days  Rain  Speed High   Time    Dir
----------------------------------------------------------------------------------
 1  18.8  26.1   15:41  12.3   06:40   1.8   2.3   0.0   3.6  22.0   16:03   WSW
 2  18.7  25.1   16:18  12.8   06:44   1.5   1.9   0.0   4.9  31.0   16:35     W
 3  20.3  27.6   14:00  13.5   06:33   1.1   3.2   0.0   3.1  19.0   15:47    SW
 4  22.0  29.4   14:19  15.2   06:48   0.7   4.4   0.0   3.6  18.0   15:12   WSW
 5  23.3  31.1   16:06  16.3   05:34   0.3   5.3   0.0   3.2  18.0   17:54     W
 6  24.8  32.6   14:35  17.9   06:58   0.0   6.6   0.0   2.4  17.0   16:48    SW
 7  25.9  33.8   14:09  19.2   04:50   0.0   7.6   0.0   2.7  19.0   15:42    SW
 8  23.0  27.3   15:55  18.9   23:55   0.0   4.7   0.0   4.7  32.0   12:06   NNE
 9  22.4  28.9   14:29  16.9   06:23   0.2   4.2   3.0   5.8  42.0   22:29    NE
10  19.9  22.8   16:32  17.6   06:15   0.1   1.7   0.0  10.3  43.0   14:38   NNW
11  17.8  21.7   13:06  14.0   19:43   1.2   0.7   0.6   9.5  44.0   23:36   NNW
12  18.1  21.6   17:05  15.4   05:09   0.9   0.7   0.3  17.5  72.0   13:16    NE
13  19.1  24.0   15:56  14.9   04:57   0.8   1.5   0.0   7.7  37.0   16:32   NNW
14  21.0  27.3   13:29  14.0   05:25   1.1   3.8   0.0   5.4  23.0   21:47     W
15  22.1  29.3   13:55  15.0   06:13   0.6   4.4   0.0   3.5  22.0   13:07    SW
16  20.8  26.4   14:32  15.7   06:46   0.5   3.0   0.0   3.2  17.0   12:42    SW
17  21.8  29.7   17:37  14.7   05:50   0.9   4.4   0.0   2.4  16.0   15:18    SW
18  24.1  30.4   13:37  13.3   05:57   0.9   6.7   0.0   2.8  26.0   14:23     S
19  28.9  29.5   00:00  17.5   23:52   0.0  10.6   0.0   2.0  10.0   22:47     S
20  19.9  27.6   13:23  16.9   00:33   0.6   2.3   0.0   2.9  40.0   13:58    NW
21  22.6  29.9   12:55  15.8   06:18   0.4   4.8   0.0   2.2  22.0   13:38   SSW
22  23.3  28.8   15:02  19.1   05:16   0.0   5.0   0.0   1.9  23.0   15:58    SE
23  23.9  30.8   16:47  17.5   05:53   0.0   5.6   0.0   3.1  19.0   18:20     W
24  22.2  27.9   16:02  16.2   06:21   0.2   4.1   0.0   4.6  27.0   16:59   WSW
25  22.2  27.9   14:21  16.5   07:10   0.1   4.0   0.0   6.5  34.0   13:58     W
26  20.5  28.0   13:56  14.8   06:09   0.6   2.8   0.3   3.3  24.0   15:43   WSW
27  20.6  27.0   14:17  15.8   06:20   0.5   2.8   0.3   3.8  24.0   14:48   WSW
28  18.2  23.7   11:09  15.3   23:27   0.8   0.7   6.0   2.7  24.0   18:47    NW
29  16.2  19.3   17:54  14.7   02:30   2.1   0.1   0.0   7.9  62.0   08:27    NW
30  18.7  24.0   16:24  12.9   06:36   1.6   2.1   0.0   2.6  15.0   16:54   WNW
31  20.1  27.0   13:22  13.7   04:38   1.3   3.1   0.0   3.3  22.0   13:34     E
----------------------------------------------------------------------------------
    21.3  33.8     7    12.3     1    20.8 115.1  10.5   4.6  72.0    12      NW

Max >=  27.0: 21
Max <=   0.0:  0
Min <=   0.0:  0
Min <= -18.0:  0
Max Rain: 6.0 on day 28
Days of Rain: 6 (>= 0.2 mm)  2 (>= 2.0 mm)  0 (>= 20.0 mm)
Heat Base: 18.3  Cool Base: 18.3  Method: Integration