2011 2012 2013

NOAA style reports

NOAA-style Climate Reports

Select a Year or Month report
V/Λ2017 > Jan Feb Mar Apr May Jun Jul Aug Sep Oct Nov Dec
V/Λ2016 > Jan Feb Mar Apr May Jun Jul Aug Sep Oct Nov Dec
V/Λ2015 > Jan Feb Mar Apr May Jun Jul Aug Sep Oct Nov Dec
V/Λ2014 > Jan Feb Mar Apr May Jun Jul Aug Sep Oct Nov Dec
V/Λ2013 > Jan Feb Mar Apr May Jun Jul Aug Sep Oct Nov Dec
V/Λ2012 > Jan Feb Mar Apr May Jun Jul Aug Sep Oct Nov Dec
V/Λ2011 > Jan Feb Mar Apr May Jun Jul Aug Sep Oct Nov Dec
V/Λ2010 > Jan Feb Mar Apr May Jun Jul Aug Sep Oct Nov Dec
V/Λ2009 > Jan Feb Mar Apr May Jun Jul Aug Sep Oct Nov Dec
V/Λ2008 > Jan Feb Mar Apr May Jun Jul Aug Sep Oct Nov Dec
V/Λ2007 > Jan Feb Mar Apr May Jun Jul Aug Sep Oct Nov Dec
V/Λ2006 > Jan Feb Mar Apr May Jun Jul Aug Sep Oct Nov Dec
V/Λ2005 > Jan Feb Mar Apr May Jun Jul Aug Sep Oct Nov Dec
V/Λ2004 > Jan Feb Mar Apr May Jun Jul Aug Sep Oct Nov Dec
V/Λ2003 > Jan Feb Mar Apr May Jun Jul Aug Sep Oct Nov Dec
V/Λ2002 > Jan Feb Mar Apr May Jun Jul Aug Sep Oct Nov Dec
V/Λ2001 > Jan Feb Mar Apr May Jun Jul Aug Sep Oct Nov Dec
V/Λ2000 > Jan Feb Mar Apr May Jun Jul Aug Sep Oct Nov Dec
V/Λ1999 > Jan Feb Mar Apr May Jun Jul Aug Sep Oct Nov Dec
V/Λ1998 > Jan Feb Mar Apr May Jun Jul Aug Sep Oct Nov Dec
V/Λ1997 > Jan Feb Mar Apr May Jun Jul Aug Sep Oct Nov Dec
V/Λ1996 > Jan Feb Mar Apr May Jun Jul Aug Sep Oct Nov Dec
V/Λ1995 > Jan Feb Mar Apr May Jun Jul Aug Sep Oct Nov Dec
V/Λ1994 > Jan Feb Mar Apr May Jun Jul Aug Sep Oct Nov Dec
V/Λ1993 > Jan Feb Mar Apr May Jun Jul Aug Sep Oct Nov Dec
V/Λ1992 > Jan Feb Mar Apr May Jun Jul Aug Sep Oct Nov Dec
V/Λ1991 > Jan Feb Mar Apr May Jun Jul Aug Sep Oct Nov Dec
V/Λ1990 > Jan Feb Mar Apr May Jun Jul Aug Sep Oct Nov Dec
V/Λ1989 > Jan Feb Mar Apr May Jun Jul Aug Sep Oct Nov Dec
V/Λ1988 > Jan Feb Mar Apr May Jun Jul Aug Sep Oct Nov Dec
V/Λ1987 > Jan Feb Mar Apr May Jun Jul Aug Sep Oct Nov Dec
V/Λ1986 > Jan Feb Mar Apr May Jun Jul Aug Sep Oct Nov Dec
V/Λ1985 > Jan Feb Mar Apr May Jun Jul Aug Sep Oct Nov Dec
V/Λ1984 > Jan Feb Mar Apr May Jun Jul Aug Sep Oct Nov Dec
V/Λ1983 > Jan Feb Mar Apr May Jun Jul Aug Sep Oct Nov Dec
V/Λ1982 > Jan Feb Mar Apr May Jun Jul Aug Sep Oct Nov Dec
V/Λ1981 > Jan Feb Mar Apr May Jun Jul Aug Sep Oct Nov Dec
V/Λ1980 > Jan Feb Mar Apr May Jun Jul Aug Sep Oct Nov Dec

Report for 2014 Sep
                   Monthly Climatological Summary for Sep 2014

Name: www.anoliosia.meteoclub .gr   City: Ano Liosia   State: Attiki
Elevation: 160 m  Lat: N 38 08' 03"   Lon: E 023 07' 58"

                  Temperature (C), Rain (mm), Wind Speed (km/h)

                                      Heat  Cool        Avg
    Mean                              Deg   Deg         Wind                 Dom
Day Temp  High   Time   Low    Time   Days  Days  Rain  Speed High   Time    Dir
----------------------------------------------------------------------------------
 1  25.3  30.8   12:10  20.4   06:15   0.0   7.0   0.0   5.2  31.0   14:44   SSE
 2  25.1  29.1   11:11  21.3   06:19   0.0   6.8   0.0   7.2  40.0   17:06    SE
 3  26.0  30.2   15:24  23.1   04:00   0.0   7.7   0.0   6.9  32.0   12:46   SSW
 4  26.0  28.3   10:12  20.9   07:14   0.0   7.7   0.0   1.8  10.0   00:04   ENE
 5  28.3  28.3   00:00  28.3   00:00   0.0  10.0   0.0   2.0   5.0   00:00     E
 6  27.6  28.3   00:00  22.0   22:33   0.0   9.2   7.5   2.1  11.0   21:14     E
 7  23.0  28.2   12:28  20.4   07:30   0.0   4.7   0.0   5.2  32.0   16:46   NNE
 8  23.2  28.3   14:04  19.2   06:57   0.0   4.9   0.3   4.4  26.0   15:51   NNE
 9  22.8  28.5   13:29  20.2   05:18   0.0   4.5   6.0   3.4  30.0   12:56   ESE
10  23.0  28.9   13:48  17.6   07:09   0.0   4.7   0.0   3.8  23.0   15:23   ENE
11  23.9  31.0   14:40  17.6   07:29   0.0   5.7   0.0   4.9  26.0   16:11    SE
12  25.0  30.4   15:05  20.4   05:26   0.0   6.7   0.0   4.6  30.0   16:06   ENE
13  25.2  31.2   13:19  20.7   05:50   0.0   6.9   0.0   5.3  32.0   18:45   NNE
14  24.5  29.4   13:19  20.6   07:22   0.0   6.2   0.0   5.4  32.0   15:17   NNE
15  23.4  28.9   12:26  19.9   07:19   0.0   5.1   2.1   4.0  30.0   13:29   NNE
16  21.9  29.0   13:41  18.8   16:17   0.0   3.6  12.6   4.0  36.0   14:38   NNE
17  20.1  24.8   17:16  18.0   05:05   0.0   1.1   0.0   8.5  39.0   19:54   NNE
18  21.6  24.9   12:10  18.1   07:28   0.0   3.3   0.0   6.6  33.0   00:03   NNE
19  21.8  26.5   15:45  18.1   05:23   0.0   3.6   0.0   7.5  37.0   14:51     N
20  22.3  28.6   14:37  17.0   06:30   0.2   4.2   0.0   4.7  21.0   15:41    SE
21  24.7  30.7   16:33  19.7   07:07   0.0   6.5   0.0   4.6  23.0   13:09   SSE
22  26.3  32.0   15:42  20.8   07:10   0.0   8.0   0.0   6.6  34.0   15:57     S
23  27.3  32.4   14:35  22.5   07:53   0.0   9.0   0.0   8.5  54.0   17:11    SW
24  21.5  26.1   15:04  18.7   23:52   0.0   3.2   0.0   6.8  28.0   00:01    NE
25  22.2  27.6   11:54  17.0   07:40   0.2   4.0   0.0   4.4  32.0   16:17   SSE
26  21.3  27.4   16:09  18.1   23:57   0.0   3.0   2.7   7.8  68.0   20:55     W
27  16.9  18.2   11:01  15.7   16:25   1.4   0.0   0.3  10.2  53.0   11:07    NW
28  17.5  21.0   16:10  14.6   06:15   1.2   0.4   0.3   9.9  40.0   12:16    NW
29  18.9  22.4   14:57  16.8   04:48   0.5   1.1   0.0  10.1  49.0   09:27     N
30  19.8  26.0   16:15  13.9   06:49   1.0   2.5   0.0   4.7  37.0   11:34   SSE
----------------------------------------------------------------------------------
    23.2  32.4    23    13.9    30     4.5 151.3  31.8   5.7  68.0    26      NE

Max >=  27.0: 22
Max <=   0.0:  0
Min <=   0.0:  0
Min <= -18.0:  0
Max Rain: 12.6 on day 16
Days of Rain: 8 (>= 0.2 mm)  5 (>= 2.0 mm)  0 (>= 20.0 mm)
Heat Base: 18.3  Cool Base: 18.3  Method: Integration