2011 2012 2013

NOAA style reports

NOAA-style Climate Reports

Select a Year or Month report
V/Λ2017 > Jan Feb Mar Apr May Jun Jul Aug Sep Oct Nov Dec
V/Λ2016 > Jan Feb Mar Apr May Jun Jul Aug Sep Oct Nov Dec
V/Λ2015 > Jan Feb Mar Apr May Jun Jul Aug Sep Oct Nov Dec
V/Λ2014 > Jan Feb Mar Apr May Jun Jul Aug Sep Oct Nov Dec
V/Λ2013 > Jan Feb Mar Apr May Jun Jul Aug Sep Oct Nov Dec
V/Λ2012 > Jan Feb Mar Apr May Jun Jul Aug Sep Oct Nov Dec
V/Λ2011 > Jan Feb Mar Apr May Jun Jul Aug Sep Oct Nov Dec
V/Λ2010 > Jan Feb Mar Apr May Jun Jul Aug Sep Oct Nov Dec
V/Λ2009 > Jan Feb Mar Apr May Jun Jul Aug Sep Oct Nov Dec
V/Λ2008 > Jan Feb Mar Apr May Jun Jul Aug Sep Oct Nov Dec
V/Λ2007 > Jan Feb Mar Apr May Jun Jul Aug Sep Oct Nov Dec
V/Λ2006 > Jan Feb Mar Apr May Jun Jul Aug Sep Oct Nov Dec
V/Λ2005 > Jan Feb Mar Apr May Jun Jul Aug Sep Oct Nov Dec
V/Λ2004 > Jan Feb Mar Apr May Jun Jul Aug Sep Oct Nov Dec
V/Λ2003 > Jan Feb Mar Apr May Jun Jul Aug Sep Oct Nov Dec
V/Λ2002 > Jan Feb Mar Apr May Jun Jul Aug Sep Oct Nov Dec
V/Λ2001 > Jan Feb Mar Apr May Jun Jul Aug Sep Oct Nov Dec
V/Λ2000 > Jan Feb Mar Apr May Jun Jul Aug Sep Oct Nov Dec
V/Λ1999 > Jan Feb Mar Apr May Jun Jul Aug Sep Oct Nov Dec
V/Λ1998 > Jan Feb Mar Apr May Jun Jul Aug Sep Oct Nov Dec
V/Λ1997 > Jan Feb Mar Apr May Jun Jul Aug Sep Oct Nov Dec
V/Λ1996 > Jan Feb Mar Apr May Jun Jul Aug Sep Oct Nov Dec
V/Λ1995 > Jan Feb Mar Apr May Jun Jul Aug Sep Oct Nov Dec
V/Λ1994 > Jan Feb Mar Apr May Jun Jul Aug Sep Oct Nov Dec
V/Λ1993 > Jan Feb Mar Apr May Jun Jul Aug Sep Oct Nov Dec
V/Λ1992 > Jan Feb Mar Apr May Jun Jul Aug Sep Oct Nov Dec
V/Λ1991 > Jan Feb Mar Apr May Jun Jul Aug Sep Oct Nov Dec
V/Λ1990 > Jan Feb Mar Apr May Jun Jul Aug Sep Oct Nov Dec
V/Λ1989 > Jan Feb Mar Apr May Jun Jul Aug Sep Oct Nov Dec
V/Λ1988 > Jan Feb Mar Apr May Jun Jul Aug Sep Oct Nov Dec
V/Λ1987 > Jan Feb Mar Apr May Jun Jul Aug Sep Oct Nov Dec
V/Λ1986 > Jan Feb Mar Apr May Jun Jul Aug Sep Oct Nov Dec
V/Λ1985 > Jan Feb Mar Apr May Jun Jul Aug Sep Oct Nov Dec
V/Λ1984 > Jan Feb Mar Apr May Jun Jul Aug Sep Oct Nov Dec
V/Λ1983 > Jan Feb Mar Apr May Jun Jul Aug Sep Oct Nov Dec
V/Λ1982 > Jan Feb Mar Apr May Jun Jul Aug Sep Oct Nov Dec
V/Λ1981 > Jan Feb Mar Apr May Jun Jul Aug Sep Oct Nov Dec
V/Λ1980 > Jan Feb Mar Apr May Jun Jul Aug Sep Oct Nov Dec

Report for 2013 Nov
                   Monthly Climatological Summary for Nov 2013

Name: www.anoliosia.meteoclub .gr   City: Ano Liosia   State: Attiki
Elevation: 160 m  Lat: N 38 08' 03"   Lon: E 023 07' 58"

                  Temperature (C), Rain (mm), Wind Speed (km/h)

                                      Heat  Cool        Avg
    Mean                              Deg   Deg         Wind                 Dom
Day Temp  High   Time   Low    Time   Days  Days  Rain  Speed High   Time    Dir
----------------------------------------------------------------------------------
 1  17.5  23.1   11:29  13.4   07:09   2.0   1.2   0.0   2.6  19.0   13:06    NE
 2  16.3  23.1   13:23  10.7   06:13   3.0   1.1   0.0   1.4  12.0   16:42   SSE
 3  17.4  23.1   11:46  11.7   06:57   2.2   1.2   0.0   1.9  15.0   14:09   SSE
 4  18.6  23.9   13:56  13.8   04:58   1.2   1.5   0.0   2.4  18.0   12:44     S
 5  19.4  23.4   11:52  15.9   05:57   0.6   1.7   0.0   6.2  26.0   14:18   SSE
 6  16.6  20.5   03:55  14.9   04:53   2.0   0.3  25.1   3.8  15.0   09:34   ENE
 7  16.9  21.1   11:28  12.5   22:17   1.8   0.4   0.0   5.8  25.0   13:59   NNE
 8  15.6  23.0   13:27   9.8   05:32   3.4   0.9   0.0   2.3  10.0   11:45    NE
 9  17.0  24.3   12:45  11.7   04:05   2.7   1.4   0.0   2.5  13.0   04:27    NE
10  16.6  21.9   13:10  11.1   06:41   2.5   0.8   0.0   1.5  13.0   14:42     S
11  18.7  21.0   12:28  15.4   04:49   0.8   1.3  57.2   4.5  24.0   15:05    SE
12  18.8  21.2   13:40  17.1   22:29   0.2   0.7   0.0   4.0  13.0   14:43   ENE
13  17.9  18.8   10:16  16.0   02:03   0.6   0.3   0.0   9.3  21.0   13:11    NE
14  15.2  15.5   02:33   0.0   00:18   2.8   0.0  10.4   7.0  24.0   00:37    NE
17  15.2  15.2   00:00  15.2   00:00   0.5   0.0   0.0  ----  19.0   00:50   NNE
18   0.0   0.0   16:53   0.0   16:53   0.0   0.0   0.0  ----  11.0   16:58   ---
19   0.0   0.0   00:00   0.0   00:00   0.0   0.0   0.0  ----   0.0   00:00   ---
20  16.7  17.1   18:53   0.0   07:14   1.1   0.0   4.3   2.2  11.0   14:43    SE
27  17.1  17.1   00:00  17.1   00:00   1.2   0.0   0.0  ----   0.0   00:00     E
28  10.6  13.6   13:57   0.0   00:35   7.5   0.0   0.0   2.1  21.0   13:03   NNE
29  10.4  14.4   14:54   7.0   06:38   7.9   0.0   0.0   1.6  12.0   22:21   NNW
30  11.7  12.8   12:12  10.3   01:57   6.6   0.0   0.0   7.3  22.0   09:02    NE
----------------------------------------------------------------------------------
    14.7  24.3     9     0.0    14    50.6  12.8  97.0   3.8  26.0     5     ENE

Max >=  27.0:  0
Max <=   0.0:  2
Min <=   0.0:  5
Min <= -18.0:  0
Max Rain: 57.2 on day 11
Days of Rain: 4 (>= 0.2 mm)  4 (>= 2.0 mm)  2 (>= 20.0 mm)
Heat Base: 18.3  Cool Base: 18.3  Method: Integration