NOAA style reports
NOAA-style Climate Reports
Select a Year or Month report
Report for 2018 May
Monthly Climatological Summary for May 2018
Name: www.anoliosia.meteoclub.gr/NOAA-reports.php City: Ano LIOSIA State: Attiki GR
Elevation: 190 m Lat: N 38° 05' 26" Lon: E 023° 41' 56"
Temperature (°C), Rain (mm), Wind Speed (km/h)
Heat Cool Avg
Mean Deg Deg Wind Dom
Day Temp High Time Low Time Days Days Rain Speed High Time Dir
----------------------------------------------------------------------------------
1 23.6 31.4 10:58 17.0 06:13 0.1 5.4 0.0 4.8 30.6 11:52 E
2 23.3 32.3 10:58 17.1 05:29 0.1 5.2 0.0 3.8 25.6 14:58 SE
3 23.3 28.7 10:56 18.7 01:25 0.0 5.0 0.0 5.4 28.1 14:05 E
4 23.6 29.4 10:54 17.7 06:41 0.0 5.3 0.0 3.3 24.5 14:23 SE
5 19.9 23.6 09:28 18.1 06:40 0.0 0.6 0.0 1.2 9.7 02:00 W
6 15.1 16.1 18:49 0.0 18:49 0.7 0.0 27.6 1.0 19.4 19:32 WSW
7 17.1 22.0 13:59 13.4 06:44 1.7 0.5 12.3 1.7 20.9 12:52 WSW
8 17.5 20.7 17:49 0.0 03:06 0.7 0.3 6.3 3.5 18.4 18:19 WNW
9 19.9 26.8 10:44 14.0 06:41 1.1 2.7 0.0 4.4 25.6 16:59 SW
10 19.9 27.7 10:46 14.9 05:28 0.8 2.3 0.0 4.7 37.8 16:32 WSW
11 19.9 25.2 15:21 15.2 03:27 0.8 2.4 0.6 3.8 27.0 11:30 NNW
12 20.3 25.7 10:46 16.0 23:39 0.5 2.5 0.0 6.2 37.8 14:20 N
13 20.0 27.4 10:49 14.5 05:46 1.0 2.7 0.0 4.5 28.1 16:42 SSW
14 21.8 27.9 10:45 14.9 06:14 0.7 4.2 0.0 4.7 37.8 15:33 SW
15 23.2 29.5 13:48 17.3 05:58 0.1 5.0 0.0 4.8 25.6 14:42 SW
16 23.2 29.1 14:26 18.0 05:36 0.0 4.9 0.0 2.3 15.8 13:48 SW
17 23.5 31.0 13:52 18.8 05:53 0.0 5.2 0.0 4.0 28.1 21:12 SW
18 24.0 29.6 17:04 19.5 04:35 0.0 5.7 0.0 3.7 25.6 12:48 W
19 25.1 32.8 10:48 20.3 05:58 0.0 6.8 0.0 4.3 25.6 14:19 SSE
20 22.7 28.7 10:33 18.4 06:09 0.0 4.4 0.0 4.3 33.1 16:19 ENE
21 23.1 28.8 10:41 17.4 03:52 0.1 4.9 0.0 7.1 39.2 12:09 ENE
22 23.5 30.5 14:39 17.7 06:19 0.0 5.2 0.0 4.8 28.1 18:47 E
23 22.8 27.6 17:01 17.6 04:53 0.1 4.5 0.0 5.8 30.6 12:17 ENE
24 21.4 26.3 10:51 16.9 04:18 0.2 3.3 0.0 3.8 33.1 12:27 NW
25 23.3 28.0 14:28 18.6 02:14 0.0 5.0 0.0 9.1 36.7 15:07 NNW
----------------------------------------------------------------------------------
21.6 32.8 19 0.0 6 8.7 94.0 46.8 4.5 39.2 21 SSE
Max >= 27.0: 17
Max <= 0.0: 0
Min <= 0.0: 2
Min <= -18.0: 0
Max Rain: 27.6 on day 6
Days of Rain: 4 (>= 0.2 mm) 3 (>= 2.0 mm) 1 (>= 20.0 mm)
Heat Base: 18.3 Cool Base: 18.3 Method: Integration
Select a Year or Month report
Report for 2018 May
Monthly Climatological Summary for May 2018 Name: www.anoliosia.meteoclub.gr/NOAA-reports.php City: Ano LIOSIA State: Attiki GR Elevation: 190 m Lat: N 38° 05' 26" Lon: E 023° 41' 56" Temperature (°C), Rain (mm), Wind Speed (km/h) Heat Cool Avg Mean Deg Deg Wind Dom Day Temp High Time Low Time Days Days Rain Speed High Time Dir ---------------------------------------------------------------------------------- 1 23.6 31.4 10:58 17.0 06:13 0.1 5.4 0.0 4.8 30.6 11:52 E 2 23.3 32.3 10:58 17.1 05:29 0.1 5.2 0.0 3.8 25.6 14:58 SE 3 23.3 28.7 10:56 18.7 01:25 0.0 5.0 0.0 5.4 28.1 14:05 E 4 23.6 29.4 10:54 17.7 06:41 0.0 5.3 0.0 3.3 24.5 14:23 SE 5 19.9 23.6 09:28 18.1 06:40 0.0 0.6 0.0 1.2 9.7 02:00 W 6 15.1 16.1 18:49 0.0 18:49 0.7 0.0 27.6 1.0 19.4 19:32 WSW 7 17.1 22.0 13:59 13.4 06:44 1.7 0.5 12.3 1.7 20.9 12:52 WSW 8 17.5 20.7 17:49 0.0 03:06 0.7 0.3 6.3 3.5 18.4 18:19 WNW 9 19.9 26.8 10:44 14.0 06:41 1.1 2.7 0.0 4.4 25.6 16:59 SW 10 19.9 27.7 10:46 14.9 05:28 0.8 2.3 0.0 4.7 37.8 16:32 WSW 11 19.9 25.2 15:21 15.2 03:27 0.8 2.4 0.6 3.8 27.0 11:30 NNW 12 20.3 25.7 10:46 16.0 23:39 0.5 2.5 0.0 6.2 37.8 14:20 N 13 20.0 27.4 10:49 14.5 05:46 1.0 2.7 0.0 4.5 28.1 16:42 SSW 14 21.8 27.9 10:45 14.9 06:14 0.7 4.2 0.0 4.7 37.8 15:33 SW 15 23.2 29.5 13:48 17.3 05:58 0.1 5.0 0.0 4.8 25.6 14:42 SW 16 23.2 29.1 14:26 18.0 05:36 0.0 4.9 0.0 2.3 15.8 13:48 SW 17 23.5 31.0 13:52 18.8 05:53 0.0 5.2 0.0 4.0 28.1 21:12 SW 18 24.0 29.6 17:04 19.5 04:35 0.0 5.7 0.0 3.7 25.6 12:48 W 19 25.1 32.8 10:48 20.3 05:58 0.0 6.8 0.0 4.3 25.6 14:19 SSE 20 22.7 28.7 10:33 18.4 06:09 0.0 4.4 0.0 4.3 33.1 16:19 ENE 21 23.1 28.8 10:41 17.4 03:52 0.1 4.9 0.0 7.1 39.2 12:09 ENE 22 23.5 30.5 14:39 17.7 06:19 0.0 5.2 0.0 4.8 28.1 18:47 E 23 22.8 27.6 17:01 17.6 04:53 0.1 4.5 0.0 5.8 30.6 12:17 ENE 24 21.4 26.3 10:51 16.9 04:18 0.2 3.3 0.0 3.8 33.1 12:27 NW 25 23.3 28.0 14:28 18.6 02:14 0.0 5.0 0.0 9.1 36.7 15:07 NNW ---------------------------------------------------------------------------------- 21.6 32.8 19 0.0 6 8.7 94.0 46.8 4.5 39.2 21 SSE Max >= 27.0: 17 Max <= 0.0: 0 Min <= 0.0: 2 Min <= -18.0: 0 Max Rain: 27.6 on day 6 Days of Rain: 4 (>= 0.2 mm) 3 (>= 2.0 mm) 1 (>= 20.0 mm) Heat Base: 18.3 Cool Base: 18.3 Method: Integration