2011 2012 2013

NOAA style reports

NOAA-style Climate Reports

Select a Year or Month report
V/Λ2018 > Jan Feb Mar Apr May Jun Jul Aug Sep Oct Nov Dec
V/Λ2017 > Jan Feb Mar Apr May Jun Jul Aug Sep Oct Nov Dec
V/Λ2016 > Jan Feb Mar Apr May Jun Jul Aug Sep Oct Nov Dec
V/Λ2015 > Jan Feb Mar Apr May Jun Jul Aug Sep Oct Nov Dec
V/Λ2014 > Jan Feb Mar Apr May Jun Jul Aug Sep Oct Nov Dec
V/Λ2013 > Jan Feb Mar Apr May Jun Jul Aug Sep Oct Nov Dec
V/Λ2012 > Jan Feb Mar Apr May Jun Jul Aug Sep Oct Nov Dec
V/Λ2011 > Jan Feb Mar Apr May Jun Jul Aug Sep Oct Nov Dec
V/Λ2010 > Jan Feb Mar Apr May Jun Jul Aug Sep Oct Nov Dec
V/Λ2009 > Jan Feb Mar Apr May Jun Jul Aug Sep Oct Nov Dec
V/Λ2008 > Jan Feb Mar Apr May Jun Jul Aug Sep Oct Nov Dec
V/Λ2007 > Jan Feb Mar Apr May Jun Jul Aug Sep Oct Nov Dec
V/Λ2006 > Jan Feb Mar Apr May Jun Jul Aug Sep Oct Nov Dec
V/Λ2005 > Jan Feb Mar Apr May Jun Jul Aug Sep Oct Nov Dec
V/Λ2004 > Jan Feb Mar Apr May Jun Jul Aug Sep Oct Nov Dec
V/Λ2003 > Jan Feb Mar Apr May Jun Jul Aug Sep Oct Nov Dec
V/Λ2002 > Jan Feb Mar Apr May Jun Jul Aug Sep Oct Nov Dec
V/Λ2001 > Jan Feb Mar Apr May Jun Jul Aug Sep Oct Nov Dec
V/Λ2000 > Jan Feb Mar Apr May Jun Jul Aug Sep Oct Nov Dec
V/Λ1999 > Jan Feb Mar Apr May Jun Jul Aug Sep Oct Nov Dec
V/Λ1998 > Jan Feb Mar Apr May Jun Jul Aug Sep Oct Nov Dec
V/Λ1997 > Jan Feb Mar Apr May Jun Jul Aug Sep Oct Nov Dec
V/Λ1996 > Jan Feb Mar Apr May Jun Jul Aug Sep Oct Nov Dec
V/Λ1995 > Jan Feb Mar Apr May Jun Jul Aug Sep Oct Nov Dec
V/Λ1994 > Jan Feb Mar Apr May Jun Jul Aug Sep Oct Nov Dec
V/Λ1993 > Jan Feb Mar Apr May Jun Jul Aug Sep Oct Nov Dec
V/Λ1992 > Jan Feb Mar Apr May Jun Jul Aug Sep Oct Nov Dec
V/Λ1991 > Jan Feb Mar Apr May Jun Jul Aug Sep Oct Nov Dec
V/Λ1990 > Jan Feb Mar Apr May Jun Jul Aug Sep Oct Nov Dec
V/Λ1989 > Jan Feb Mar Apr May Jun Jul Aug Sep Oct Nov Dec
V/Λ1988 > Jan Feb Mar Apr May Jun Jul Aug Sep Oct Nov Dec
V/Λ1987 > Jan Feb Mar Apr May Jun Jul Aug Sep Oct Nov Dec
V/Λ1986 > Jan Feb Mar Apr May Jun Jul Aug Sep Oct Nov Dec
V/Λ1985 > Jan Feb Mar Apr May Jun Jul Aug Sep Oct Nov Dec
V/Λ1984 > Jan Feb Mar Apr May Jun Jul Aug Sep Oct Nov Dec
V/Λ1983 > Jan Feb Mar Apr May Jun Jul Aug Sep Oct Nov Dec
V/Λ1982 > Jan Feb Mar Apr May Jun Jul Aug Sep Oct Nov Dec
V/Λ1981 > Jan Feb Mar Apr May Jun Jul Aug Sep Oct Nov Dec
V/Λ1980 > Jan Feb Mar Apr May Jun Jul Aug Sep Oct Nov Dec

Report for 2018 Apr
                   Monthly Climatological Summary for Apr 2018

Name: www.anoliosia.meteoclub.gr/NOAA-reports.php   City: Ano LIOSIA   State: Attiki GR
Elevation: 190 m  Lat: N 38 05' 26"   Lon: E 023 41' 56"

                  Temperature (C), Rain (mm), Wind Speed (km/h)

                                      Heat  Cool        Avg
    Mean                              Deg   Deg         Wind                 Dom
Day Temp  High   Time   Low    Time   Days  Days  Rain  Speed High   Time    Dir
----------------------------------------------------------------------------------
 8  13.5  13.9   02:10   0.0   03:55   0.8   0.0   0.0  ----  15.8   01:37    SE
 9  20.3  25.0   14:55   0.0   11:56   0.5   1.6   2.1   5.1  22.0   12:21   SSE
10  17.2  25.3   13:28  10.3   07:10   2.9   1.8   0.0   3.3  18.4   14:51    SW
11  16.8  23.0   15:49  13.1   06:49   2.3   0.8   0.0   2.0  18.4   18:04    SW
12  18.7  27.4   14:31  12.0   03:59   2.1   2.5   0.0   3.0  17.3   15:00   SSE
13  20.2  28.0   11:12  13.4   06:18   1.3   3.3   0.0   3.6  18.4   16:07   WSW
14  21.0  29.2   11:08  14.7   07:06   0.9   3.6   0.0   4.3  33.1   17:07     E
15  20.9  26.7   11:24  16.1   03:26   0.4   3.0   0.0   4.0  34.2   12:22     E
16  19.3  23.3   17:36  14.6   23:58   0.4   1.4   0.0   4.9  35.6   06:33     E
17  18.1  25.4   11:07  12.1   07:03   2.0   1.8   0.0   3.1  29.5   14:41   SSW
18  18.6  26.1   11:06  12.8   05:57   1.6   2.0   0.0   4.1  29.5   12:10    NE
19  19.7  27.3   11:07  15.0   03:01   0.7   2.1   0.0   9.4  39.2   10:01    NW
20  18.3  26.1   11:05  13.8   06:58   1.6   1.5   0.0  11.7  56.2   13:57   NNE
21  16.5  20.4   16:34  12.9   23:55   2.2   0.4   0.0   9.1  47.9   15:39     N
22  18.7  27.1   11:07  11.9   06:12   2.2   2.6   0.0   4.4  27.0   15:24    SW
23  19.4  29.7   11:05  11.6   06:19   1.9   2.9   0.0   3.9  23.4   12:16     S
24  21.1  29.6   17:10  12.3   06:37   1.6   4.4   0.0   3.5  19.4   14:23   WSW
25  22.8  33.6   11:04  15.0   04:00   0.8   5.3   0.0   3.1  30.6   16:11    SW
26  22.5  32.0   11:04  15.5   05:26   0.4   4.7   0.0   3.4  22.0   14:36    SW
27  23.5  33.1   11:02  16.6   04:10   0.3   5.5   0.0   3.7  23.4   16:35     E
28  24.0  31.7   10:58  18.5   02:26   0.0   5.7   0.0   8.5  40.3   10:29   ENE
29  22.9  32.1   11:02  17.5   04:59   0.0   4.6   0.0   4.1  22.0   16:53     E
30  22.2  27.7   15:41  19.0   04:46   0.0   3.9   0.0   4.5  29.5   18:09   WNW
----------------------------------------------------------------------------------
    19.8  33.6    25     0.0     8    26.9  65.4   2.1   4.8  56.2    20      NE

Max >=  27.0: 13
Max <=   0.0:  0
Min <=   0.0:  2
Min <= -18.0:  0
Max Rain: 2.1 on day 9
Days of Rain: 1 (>= 0.2 mm)  1 (>= 2.0 mm)  0 (>= 20.0 mm)
Heat Base: 18.3  Cool Base: 18.3  Method: Integration