NOAA style reports
NOAA-style Climate Reports
Select a Year or Month report
Report for 2018 Mar
Monthly Climatological Summary for Mar 2018
Name: www.anoliosia.meteoclub.gr/NOAA-reports.php City: Ano LIOSIA State: Attiki GR
Elevation: 190 m Lat: N 38° 05' 26" Lon: E 023° 41' 56"
Temperature (°C), Rain (mm), Wind Speed (km/h)
Heat Cool Avg
Mean Deg Deg Wind Dom
Day Temp High Time Low Time Days Days Rain Speed High Time Dir
----------------------------------------------------------------------------------
1 8.9 14.0 14:47 4.4 03:40 9.4 0.0 0.0 2.7 23.4 15:46 SE
2 12.7 14.5 14:07 10.4 00:00 5.6 0.0 1.2 2.5 27.0 13:55 SW
3 14.8 19.8 14:14 11.1 05:59 3.6 0.1 0.0 5.0 29.5 13:35 WSW
4 14.9 20.4 14:52 11.2 04:41 3.6 0.2 0.0 5.0 30.6 13:56 WSW
5 15.5 19.1 12:25 11.7 04:39 2.8 0.0 0.0 5.4 40.3 13:50 ENE
6 15.8 20.9 13:55 11.5 06:44 2.8 0.3 0.0 4.4 27.0 15:09 SSW
7 16.6 21.3 13:48 12.6 07:07 2.4 0.6 0.0 7.6 33.1 17:07 WSW
8 13.7 16.7 13:18 10.3 21:47 4.6 0.0 0.3 13.1 57.6 13:35 W
9 12.6 18.4 15:10 7.8 07:03 5.7 0.0 0.0 3.5 33.1 04:05 W
10 13.1 20.3 14:13 7.1 03:46 5.4 0.2 0.0 3.8 20.9 16:01 W
11 13.8 20.7 12:41 7.7 05:46 4.8 0.3 2.1 3.1 22.0 14:06 SW
12 14.6 20.1 12:07 10.1 03:55 3.8 0.2 0.0 4.0 25.6 20:50 SSW
13 15.3 19.9 14:01 11.6 07:02 3.1 0.1 0.0 12.7 52.6 11:36 W
14 14.4 18.7 13:07 11.1 04:38 3.9 0.0 0.0 12.1 40.3 11:31 W
15 14.4 19.3 14:14 9.6 06:35 4.0 0.1 0.0 7.3 33.1 14:21 W
16 13.9 18.8 13:54 9.8 06:46 4.4 0.0 0.0 4.2 22.0 10:45 WSW
17 16.2 22.1 14:00 11.9 03:33 2.5 0.5 0.0 1.0 28.1 12:57 SSW
18 17.0 19.5 17:22 13.0 23:26 1.4 0.1 0.3 ---- 29.5 10:25 SSW
19 13.3 20.4 14:35 10.1 06:28 3.9 0.0 3.0 ---- 46.4 23:58 SSW
20 13.3 18.0 15:17 8.7 04:19 5.0 0.0 0.3 ---- 43.9 00:31 WSW
21 13.5 17.7 14:38 8.8 06:02 4.8 0.0 0.0 ---- 33.1 13:58 SSW
22 15.8 18.4 15:48 12.6 06:51 2.5 0.0 0.0 ---- 33.1 14:25 ENE
23 13.5 17.7 12:51 9.4 06:31 4.8 0.0 2.4 ---- 31.7 02:00 WSW
24 11.5 16.0 12:53 7.5 06:26 6.8 0.0 0.3 ---- 29.5 09:55 WSW
25 11.8 15.2 22:13 6.2 06:45 6.2 0.0 0.3 ---- 25.6 22:09 S
26 15.9 20.7 14:14 12.2 23:55 2.6 0.3 0.0 ---- 33.1 02:01 SSW
27 13.9 19.4 15:12 8.7 07:32 4.5 0.1 0.0 ---- 27.0 16:15 WSW
28 12.9 17.7 12:58 10.9 22:12 5.4 0.0 0.6 ---- 33.1 17:42 N
29 13.1 19.7 18:23 9.0 07:46 5.3 0.0 0.0 ---- 34.2 12:53 WNW
30 14.3 21.6 15:51 8.2 07:29 4.6 0.5 0.0 ---- 23.4 16:40 W
31 14.1 18.7 18:37 10.0 04:06 4.2 0.0 0.0 ---- 19.4 17:12 SW
----------------------------------------------------------------------------------
14.0 22.1 17 4.4 1 134.4 3.6 10.8 5.9 57.6 8 WSW
Max >= 27.0: 0
Max <= 0.0: 0
Min <= 0.0: 0
Min <= -18.0: 0
Max Rain: 3.0 on day 19
Days of Rain: 10 (>= 0.2 mm) 3 (>= 2.0 mm) 0 (>= 20.0 mm)
Heat Base: 18.3 Cool Base: 18.3 Method: Integration
Select a Year or Month report
Report for 2018 Mar
Monthly Climatological Summary for Mar 2018 Name: www.anoliosia.meteoclub.gr/NOAA-reports.php City: Ano LIOSIA State: Attiki GR Elevation: 190 m Lat: N 38° 05' 26" Lon: E 023° 41' 56" Temperature (°C), Rain (mm), Wind Speed (km/h) Heat Cool Avg Mean Deg Deg Wind Dom Day Temp High Time Low Time Days Days Rain Speed High Time Dir ---------------------------------------------------------------------------------- 1 8.9 14.0 14:47 4.4 03:40 9.4 0.0 0.0 2.7 23.4 15:46 SE 2 12.7 14.5 14:07 10.4 00:00 5.6 0.0 1.2 2.5 27.0 13:55 SW 3 14.8 19.8 14:14 11.1 05:59 3.6 0.1 0.0 5.0 29.5 13:35 WSW 4 14.9 20.4 14:52 11.2 04:41 3.6 0.2 0.0 5.0 30.6 13:56 WSW 5 15.5 19.1 12:25 11.7 04:39 2.8 0.0 0.0 5.4 40.3 13:50 ENE 6 15.8 20.9 13:55 11.5 06:44 2.8 0.3 0.0 4.4 27.0 15:09 SSW 7 16.6 21.3 13:48 12.6 07:07 2.4 0.6 0.0 7.6 33.1 17:07 WSW 8 13.7 16.7 13:18 10.3 21:47 4.6 0.0 0.3 13.1 57.6 13:35 W 9 12.6 18.4 15:10 7.8 07:03 5.7 0.0 0.0 3.5 33.1 04:05 W 10 13.1 20.3 14:13 7.1 03:46 5.4 0.2 0.0 3.8 20.9 16:01 W 11 13.8 20.7 12:41 7.7 05:46 4.8 0.3 2.1 3.1 22.0 14:06 SW 12 14.6 20.1 12:07 10.1 03:55 3.8 0.2 0.0 4.0 25.6 20:50 SSW 13 15.3 19.9 14:01 11.6 07:02 3.1 0.1 0.0 12.7 52.6 11:36 W 14 14.4 18.7 13:07 11.1 04:38 3.9 0.0 0.0 12.1 40.3 11:31 W 15 14.4 19.3 14:14 9.6 06:35 4.0 0.1 0.0 7.3 33.1 14:21 W 16 13.9 18.8 13:54 9.8 06:46 4.4 0.0 0.0 4.2 22.0 10:45 WSW 17 16.2 22.1 14:00 11.9 03:33 2.5 0.5 0.0 1.0 28.1 12:57 SSW 18 17.0 19.5 17:22 13.0 23:26 1.4 0.1 0.3 ---- 29.5 10:25 SSW 19 13.3 20.4 14:35 10.1 06:28 3.9 0.0 3.0 ---- 46.4 23:58 SSW 20 13.3 18.0 15:17 8.7 04:19 5.0 0.0 0.3 ---- 43.9 00:31 WSW 21 13.5 17.7 14:38 8.8 06:02 4.8 0.0 0.0 ---- 33.1 13:58 SSW 22 15.8 18.4 15:48 12.6 06:51 2.5 0.0 0.0 ---- 33.1 14:25 ENE 23 13.5 17.7 12:51 9.4 06:31 4.8 0.0 2.4 ---- 31.7 02:00 WSW 24 11.5 16.0 12:53 7.5 06:26 6.8 0.0 0.3 ---- 29.5 09:55 WSW 25 11.8 15.2 22:13 6.2 06:45 6.2 0.0 0.3 ---- 25.6 22:09 S 26 15.9 20.7 14:14 12.2 23:55 2.6 0.3 0.0 ---- 33.1 02:01 SSW 27 13.9 19.4 15:12 8.7 07:32 4.5 0.1 0.0 ---- 27.0 16:15 WSW 28 12.9 17.7 12:58 10.9 22:12 5.4 0.0 0.6 ---- 33.1 17:42 N 29 13.1 19.7 18:23 9.0 07:46 5.3 0.0 0.0 ---- 34.2 12:53 WNW 30 14.3 21.6 15:51 8.2 07:29 4.6 0.5 0.0 ---- 23.4 16:40 W 31 14.1 18.7 18:37 10.0 04:06 4.2 0.0 0.0 ---- 19.4 17:12 SW ---------------------------------------------------------------------------------- 14.0 22.1 17 4.4 1 134.4 3.6 10.8 5.9 57.6 8 WSW Max >= 27.0: 0 Max <= 0.0: 0 Min <= 0.0: 0 Min <= -18.0: 0 Max Rain: 3.0 on day 19 Days of Rain: 10 (>= 0.2 mm) 3 (>= 2.0 mm) 0 (>= 20.0 mm) Heat Base: 18.3 Cool Base: 18.3 Method: Integration