2011 2012 2013

NOAA style reports

NOAA-style Climate Reports

Select a Year or Month report
V/Λ2018 > Jan Feb Mar Apr May Jun Jul Aug Sep Oct Nov Dec
V/Λ2017 > Jan Feb Mar Apr May Jun Jul Aug Sep Oct Nov Dec
V/Λ2016 > Jan Feb Mar Apr May Jun Jul Aug Sep Oct Nov Dec
V/Λ2015 > Jan Feb Mar Apr May Jun Jul Aug Sep Oct Nov Dec
V/Λ2014 > Jan Feb Mar Apr May Jun Jul Aug Sep Oct Nov Dec
V/Λ2013 > Jan Feb Mar Apr May Jun Jul Aug Sep Oct Nov Dec
V/Λ2012 > Jan Feb Mar Apr May Jun Jul Aug Sep Oct Nov Dec
V/Λ2011 > Jan Feb Mar Apr May Jun Jul Aug Sep Oct Nov Dec
V/Λ2010 > Jan Feb Mar Apr May Jun Jul Aug Sep Oct Nov Dec
V/Λ2009 > Jan Feb Mar Apr May Jun Jul Aug Sep Oct Nov Dec
V/Λ2008 > Jan Feb Mar Apr May Jun Jul Aug Sep Oct Nov Dec
V/Λ2007 > Jan Feb Mar Apr May Jun Jul Aug Sep Oct Nov Dec
V/Λ2006 > Jan Feb Mar Apr May Jun Jul Aug Sep Oct Nov Dec
V/Λ2005 > Jan Feb Mar Apr May Jun Jul Aug Sep Oct Nov Dec
V/Λ2004 > Jan Feb Mar Apr May Jun Jul Aug Sep Oct Nov Dec
V/Λ2003 > Jan Feb Mar Apr May Jun Jul Aug Sep Oct Nov Dec
V/Λ2002 > Jan Feb Mar Apr May Jun Jul Aug Sep Oct Nov Dec
V/Λ2001 > Jan Feb Mar Apr May Jun Jul Aug Sep Oct Nov Dec
V/Λ2000 > Jan Feb Mar Apr May Jun Jul Aug Sep Oct Nov Dec
V/Λ1999 > Jan Feb Mar Apr May Jun Jul Aug Sep Oct Nov Dec
V/Λ1998 > Jan Feb Mar Apr May Jun Jul Aug Sep Oct Nov Dec
V/Λ1997 > Jan Feb Mar Apr May Jun Jul Aug Sep Oct Nov Dec
V/Λ1996 > Jan Feb Mar Apr May Jun Jul Aug Sep Oct Nov Dec
V/Λ1995 > Jan Feb Mar Apr May Jun Jul Aug Sep Oct Nov Dec
V/Λ1994 > Jan Feb Mar Apr May Jun Jul Aug Sep Oct Nov Dec
V/Λ1993 > Jan Feb Mar Apr May Jun Jul Aug Sep Oct Nov Dec
V/Λ1992 > Jan Feb Mar Apr May Jun Jul Aug Sep Oct Nov Dec
V/Λ1991 > Jan Feb Mar Apr May Jun Jul Aug Sep Oct Nov Dec
V/Λ1990 > Jan Feb Mar Apr May Jun Jul Aug Sep Oct Nov Dec
V/Λ1989 > Jan Feb Mar Apr May Jun Jul Aug Sep Oct Nov Dec
V/Λ1988 > Jan Feb Mar Apr May Jun Jul Aug Sep Oct Nov Dec
V/Λ1987 > Jan Feb Mar Apr May Jun Jul Aug Sep Oct Nov Dec
V/Λ1986 > Jan Feb Mar Apr May Jun Jul Aug Sep Oct Nov Dec
V/Λ1985 > Jan Feb Mar Apr May Jun Jul Aug Sep Oct Nov Dec
V/Λ1984 > Jan Feb Mar Apr May Jun Jul Aug Sep Oct Nov Dec
V/Λ1983 > Jan Feb Mar Apr May Jun Jul Aug Sep Oct Nov Dec
V/Λ1982 > Jan Feb Mar Apr May Jun Jul Aug Sep Oct Nov Dec
V/Λ1981 > Jan Feb Mar Apr May Jun Jul Aug Sep Oct Nov Dec
V/Λ1980 > Jan Feb Mar Apr May Jun Jul Aug Sep Oct Nov Dec

Report for 2017 Nov
                   Monthly Climatological Summary for Nov 2017

Name: www.anoliosia.meteoclub.gr/NOAA-reports.php   City: Ano LIOSIA   State: Attiki GR
Elevation: 190 m  Lat: N 38 05' 26"   Lon: E 023 41' 56"

                  Temperature (C), Rain (mm), Wind Speed (km/h)

                                      Heat  Cool        Avg
    Mean                              Deg   Deg         Wind                 Dom
Day Temp  High   Time   Low    Time   Days  Days  Rain  Speed High   Time    Dir
----------------------------------------------------------------------------------
 1  12.9  16.7   12:21  12.4   19:58   5.4   0.0   0.0   5.2  35.6   08:49     N
 2  11.9  17.7   12:16   9.0   09:19   6.4   0.0   0.0   3.4  35.6   13:30    NW
 3  14.1  21.4   14:05   8.1   06:53   4.5   0.4   0.0   4.1  23.4   15:10     W
 4  13.3  15.3   09:47  11.5   22:24   5.0   0.0   0.9   6.0  40.3   16:34   NNW
 5  13.4  17.8   13:03  12.4   18:41   4.9   0.0   0.0   4.9  39.2   13:22     N
 6  13.1  19.5   12:32   7.5   05:58   5.2   0.0   0.0   2.9  18.4   14:50   WNW
 7  15.9  21.7   13:56  12.7   23:57   2.9   0.4   0.0   2.2  20.9   13:58    SE
 8  13.9  17.0   10:37  11.7   03:17   4.4   0.0   3.0   2.1  34.2   12:19   NNE
 9  15.0  21.2   13:08  10.1   05:37   3.7   0.4   0.0   2.6  15.8   14:43     W
10  14.5  19.9   12:09  10.3   06:46   3.9   0.1   0.0   3.0  14.8   00:38    NE
11  16.3  21.0   12:42  12.4   05:03   2.4   0.5   0.0   2.0  18.4   13:10   SSW
12  17.2  21.6   14:05  13.7   03:49   1.6   0.5   0.0   2.5  19.4   14:13   WSW
13  13.9  16.3   08:14  11.7   20:20   3.7   0.0  13.5   3.6  28.1   15:00   NNE
14  15.4  20.6   14:08  11.0   05:20   3.2   0.2   1.5   2.6  17.3   14:49   NNE
15  17.5  21.8   12:58  10.0   13:20   0.7   0.3   0.0   6.1  24.5   12:22     E
16  14.6  17.3   09:34  10.0   09:16   1.8   0.0  61.4  10.7  45.4   20:33    NE
17  12.4  15.0   15:18  10.4   04:05   5.9   0.0  17.1   0.0   1.1   00:21     E
18  13.8  15.7   12:37  11.0   02:20   4.4   0.0   0.3   0.0   6.1   13:20    NW
19  14.1  15.8   15:11  11.2   21:23   4.2   0.0   6.6   2.7  27.0   14:22    NW
20  12.0  16.5   12:51   7.4   23:54   6.3   0.0   0.6  16.3  56.2   12:56   WNW
21   8.2  13.0   13:35   3.6   07:19  10.1   0.0   0.0   6.2  27.0   12:46   WNW
22  10.6  17.6   13:48   5.4   04:07   7.7   0.0   0.0   3.6  15.8   00:03   WNW
23  12.4  20.4   13:46   7.1   05:56   6.0   0.2   0.0   3.6  14.8   06:51   WNW
24  13.4  19.1   13:14   9.7   07:35   4.9   0.1   0.0   4.1  15.8   00:17   WNW
25  13.5  17.8   15:36  10.6   07:20   4.8   0.0   0.0   2.7  14.8   00:26    NW
26  13.9  18.1   13:39  10.6   07:29   4.4   0.0   0.0   4.4  30.6   14:53   WSW
27  13.1  17.0   13:57   0.0   16:34   3.5   0.0   3.3   4.2  30.6   16:23   WNW
28   8.2   9.2   18:49   0.0   18:48   2.2   0.0   0.0   4.6  15.8   22:52    NW
29  10.7  15.7   14:23   7.1   00:00   7.6   0.0   0.0   6.5  29.5   03:36     W
30  15.2  19.9   13:27   9.0   01:52   3.2   0.1   0.0   8.2  42.8   23:00   SSW
----------------------------------------------------------------------------------
    13.5  21.8    15     0.0    27   134.9   3.2 108.2   4.2  56.2    20      NW

Max >=  27.0:  0
Max <=   0.0:  0
Min <=   0.0:  2
Min <= -18.0:  0
Max Rain: 61.4 on day 16
Days of Rain: 10 (>= 0.2 mm)  6 (>= 2.0 mm)  1 (>= 20.0 mm)
Heat Base: 18.3  Cool Base: 18.3  Method: Integration