2011 2012 2013

NOAA style reports

NOAA-style Climate Reports

Select a Year or Month report
V/Λ2017 > Jan Feb Mar Apr May Jun Jul Aug Sep Oct Nov Dec
V/Λ2016 > Jan Feb Mar Apr May Jun Jul Aug Sep Oct Nov Dec
V/Λ2015 > Jan Feb Mar Apr May Jun Jul Aug Sep Oct Nov Dec
V/Λ2014 > Jan Feb Mar Apr May Jun Jul Aug Sep Oct Nov Dec
V/Λ2013 > Jan Feb Mar Apr May Jun Jul Aug Sep Oct Nov Dec
V/Λ2012 > Jan Feb Mar Apr May Jun Jul Aug Sep Oct Nov Dec
V/Λ2011 > Jan Feb Mar Apr May Jun Jul Aug Sep Oct Nov Dec
V/Λ2010 > Jan Feb Mar Apr May Jun Jul Aug Sep Oct Nov Dec
V/Λ2009 > Jan Feb Mar Apr May Jun Jul Aug Sep Oct Nov Dec
V/Λ2008 > Jan Feb Mar Apr May Jun Jul Aug Sep Oct Nov Dec
V/Λ2007 > Jan Feb Mar Apr May Jun Jul Aug Sep Oct Nov Dec
V/Λ2006 > Jan Feb Mar Apr May Jun Jul Aug Sep Oct Nov Dec
V/Λ2005 > Jan Feb Mar Apr May Jun Jul Aug Sep Oct Nov Dec
V/Λ2004 > Jan Feb Mar Apr May Jun Jul Aug Sep Oct Nov Dec
V/Λ2003 > Jan Feb Mar Apr May Jun Jul Aug Sep Oct Nov Dec
V/Λ2002 > Jan Feb Mar Apr May Jun Jul Aug Sep Oct Nov Dec
V/Λ2001 > Jan Feb Mar Apr May Jun Jul Aug Sep Oct Nov Dec
V/Λ2000 > Jan Feb Mar Apr May Jun Jul Aug Sep Oct Nov Dec
V/Λ1999 > Jan Feb Mar Apr May Jun Jul Aug Sep Oct Nov Dec
V/Λ1998 > Jan Feb Mar Apr May Jun Jul Aug Sep Oct Nov Dec
V/Λ1997 > Jan Feb Mar Apr May Jun Jul Aug Sep Oct Nov Dec
V/Λ1996 > Jan Feb Mar Apr May Jun Jul Aug Sep Oct Nov Dec
V/Λ1995 > Jan Feb Mar Apr May Jun Jul Aug Sep Oct Nov Dec
V/Λ1994 > Jan Feb Mar Apr May Jun Jul Aug Sep Oct Nov Dec
V/Λ1993 > Jan Feb Mar Apr May Jun Jul Aug Sep Oct Nov Dec
V/Λ1992 > Jan Feb Mar Apr May Jun Jul Aug Sep Oct Nov Dec
V/Λ1991 > Jan Feb Mar Apr May Jun Jul Aug Sep Oct Nov Dec
V/Λ1990 > Jan Feb Mar Apr May Jun Jul Aug Sep Oct Nov Dec
V/Λ1989 > Jan Feb Mar Apr May Jun Jul Aug Sep Oct Nov Dec
V/Λ1988 > Jan Feb Mar Apr May Jun Jul Aug Sep Oct Nov Dec
V/Λ1987 > Jan Feb Mar Apr May Jun Jul Aug Sep Oct Nov Dec
V/Λ1986 > Jan Feb Mar Apr May Jun Jul Aug Sep Oct Nov Dec
V/Λ1985 > Jan Feb Mar Apr May Jun Jul Aug Sep Oct Nov Dec
V/Λ1984 > Jan Feb Mar Apr May Jun Jul Aug Sep Oct Nov Dec
V/Λ1983 > Jan Feb Mar Apr May Jun Jul Aug Sep Oct Nov Dec
V/Λ1982 > Jan Feb Mar Apr May Jun Jul Aug Sep Oct Nov Dec
V/Λ1981 > Jan Feb Mar Apr May Jun Jul Aug Sep Oct Nov Dec
V/Λ1980 > Jan Feb Mar Apr May Jun Jul Aug Sep Oct Nov Dec

Report for 2017 Oct
                   Monthly Climatological Summary for Oct 2017

Name: www.anoliosia.meteoclub.gr/NOAA-reports.php   City: Ano LIOSIA   State: Attiki GR
Elevation: 190 m  Lat: N 38 05' 26"   Lon: E 023 41' 56"

                  Temperature (C), Rain (mm), Wind Speed (km/h)

                                      Heat  Cool        Avg
    Mean                              Deg   Deg         Wind                 Dom
Day Temp  High   Time   Low    Time   Days  Days  Rain  Speed High   Time    Dir
----------------------------------------------------------------------------------
 1  16.3  19.1   14:46  14.4   23:52   2.0   0.0   0.0   6.3  27.0   15:27    NW
 2  16.7  21.5   14:09  12.9   06:12   2.2   0.7   0.0   4.4  35.6   16:00   NNW
 3  16.8  22.0   16:54  12.5   06:16   2.3   0.8   0.0   4.8  35.6   15:24     N
 4  17.9  25.8   14:43  11.6   05:21   2.4   2.0   0.0   3.6  23.4   14:52   WNW
 5  19.9  27.2   15:37  14.9   03:24   1.1   2.7   0.0   3.8  22.0   16:49   WSW
 6  21.1  28.5   15:18  15.3   07:23   0.6   3.4   0.0   3.9  22.0   15:59   WSW
 7  21.4  26.4   12:12  17.2   07:33   0.0   3.1   0.0   7.0  36.7   14:09    SW
 8  16.2  20.2   15:37  12.6   07:02   2.4   0.2   0.0   9.0  46.4   05:12    NW
 9  17.1  23.3   13:47  11.7   07:32   2.5   1.3   0.0   3.4  20.9   13:50   WSW
12  17.8  24.9   14:17  12.6   07:40   1.6   1.2   0.0  ----  25.6   14:49   WNW
13  18.8  22.3   18:34   0.0   18:33   0.1   0.2   0.0   2.9  28.1   20:06   WNW
14  19.5  24.2   15:17  14.7   03:52   0.8   2.0   0.0   9.4  39.2   12:05     N
15  19.2  23.8   13:22  14.7   07:29   0.7   1.6   0.0   6.2  34.2   10:15   NNE
16  20.2  26.9   15:38  14.7   07:32   1.0   2.9   0.0   4.4  31.7   11:56    NE
17  20.2  26.2   13:33  15.8   05:47   0.7   2.6   0.0   5.0  29.5   16:06   WNW
18  19.6  28.1   14:33  13.2   05:59   1.6   2.8   0.0   2.2  19.4   14:49   SSE
23  17.3  26.8   13:18   0.0   13:24   1.3   0.7   0.0  ----  11.2   13:14    NW
24  18.3  21.6   15:48   0.0   11:47   0.6   0.6   0.6   8.3  30.6   12:42     W
25  15.6  20.7   14:43  13.1   07:41   2.9   0.2   0.3   9.6  46.4   05:09     N
26  14.8  19.4   16:25  12.2   04:16   3.5   0.0   0.0   6.8  30.6   10:19    NE
27  15.9  24.1   15:25   9.9   07:56   3.6   1.2   0.0   3.2  19.4   16:54     W
28  13.8  18.5   16:49   0.0   10:46   3.4   0.0   0.3  11.1  62.3   20:41   NNW
29  15.0  18.8   13:52  12.1   06:23   3.4   0.0   0.0  11.8  56.2   03:52   WNW
30  16.0  20.4   13:39  12.6   05:52   2.6   0.3   0.0   5.1  28.1   00:05   NNE
31  14.4  16.7   14:07  12.7   20:08   3.9   0.0   0.0   5.2  29.5   09:47    NE
----------------------------------------------------------------------------------
    17.6  28.5     6     0.0    13    47.2  30.5   1.2   6.0  62.3    28     NNW

Max >=  27.0:  3
Max <=   0.0:  0
Min <=   0.0:  4
Min <= -18.0:  0
Max Rain: 0.6 on day 24
Days of Rain: 3 (>= 0.2 mm)  0 (>= 2.0 mm)  0 (>= 20.0 mm)
Heat Base: 18.3  Cool Base: 18.3  Method: Integration