2011 2012 2013

NOAA style reports

NOAA-style Climate Reports

Select a Year or Month report
V/Λ2017 > Jan Feb Mar Apr May Jun Jul Aug Sep Oct Nov Dec
V/Λ2016 > Jan Feb Mar Apr May Jun Jul Aug Sep Oct Nov Dec
V/Λ2015 > Jan Feb Mar Apr May Jun Jul Aug Sep Oct Nov Dec
V/Λ2014 > Jan Feb Mar Apr May Jun Jul Aug Sep Oct Nov Dec
V/Λ2013 > Jan Feb Mar Apr May Jun Jul Aug Sep Oct Nov Dec
V/Λ2012 > Jan Feb Mar Apr May Jun Jul Aug Sep Oct Nov Dec
V/Λ2011 > Jan Feb Mar Apr May Jun Jul Aug Sep Oct Nov Dec
V/Λ2010 > Jan Feb Mar Apr May Jun Jul Aug Sep Oct Nov Dec
V/Λ2009 > Jan Feb Mar Apr May Jun Jul Aug Sep Oct Nov Dec
V/Λ2008 > Jan Feb Mar Apr May Jun Jul Aug Sep Oct Nov Dec
V/Λ2007 > Jan Feb Mar Apr May Jun Jul Aug Sep Oct Nov Dec
V/Λ2006 > Jan Feb Mar Apr May Jun Jul Aug Sep Oct Nov Dec
V/Λ2005 > Jan Feb Mar Apr May Jun Jul Aug Sep Oct Nov Dec
V/Λ2004 > Jan Feb Mar Apr May Jun Jul Aug Sep Oct Nov Dec
V/Λ2003 > Jan Feb Mar Apr May Jun Jul Aug Sep Oct Nov Dec
V/Λ2002 > Jan Feb Mar Apr May Jun Jul Aug Sep Oct Nov Dec
V/Λ2001 > Jan Feb Mar Apr May Jun Jul Aug Sep Oct Nov Dec
V/Λ2000 > Jan Feb Mar Apr May Jun Jul Aug Sep Oct Nov Dec
V/Λ1999 > Jan Feb Mar Apr May Jun Jul Aug Sep Oct Nov Dec
V/Λ1998 > Jan Feb Mar Apr May Jun Jul Aug Sep Oct Nov Dec
V/Λ1997 > Jan Feb Mar Apr May Jun Jul Aug Sep Oct Nov Dec
V/Λ1996 > Jan Feb Mar Apr May Jun Jul Aug Sep Oct Nov Dec
V/Λ1995 > Jan Feb Mar Apr May Jun Jul Aug Sep Oct Nov Dec
V/Λ1994 > Jan Feb Mar Apr May Jun Jul Aug Sep Oct Nov Dec
V/Λ1993 > Jan Feb Mar Apr May Jun Jul Aug Sep Oct Nov Dec
V/Λ1992 > Jan Feb Mar Apr May Jun Jul Aug Sep Oct Nov Dec
V/Λ1991 > Jan Feb Mar Apr May Jun Jul Aug Sep Oct Nov Dec
V/Λ1990 > Jan Feb Mar Apr May Jun Jul Aug Sep Oct Nov Dec
V/Λ1989 > Jan Feb Mar Apr May Jun Jul Aug Sep Oct Nov Dec
V/Λ1988 > Jan Feb Mar Apr May Jun Jul Aug Sep Oct Nov Dec
V/Λ1987 > Jan Feb Mar Apr May Jun Jul Aug Sep Oct Nov Dec
V/Λ1986 > Jan Feb Mar Apr May Jun Jul Aug Sep Oct Nov Dec
V/Λ1985 > Jan Feb Mar Apr May Jun Jul Aug Sep Oct Nov Dec
V/Λ1984 > Jan Feb Mar Apr May Jun Jul Aug Sep Oct Nov Dec
V/Λ1983 > Jan Feb Mar Apr May Jun Jul Aug Sep Oct Nov Dec
V/Λ1982 > Jan Feb Mar Apr May Jun Jul Aug Sep Oct Nov Dec
V/Λ1981 > Jan Feb Mar Apr May Jun Jul Aug Sep Oct Nov Dec
V/Λ1980 > Jan Feb Mar Apr May Jun Jul Aug Sep Oct Nov Dec

Report for 2017 Sep
                   Monthly Climatological Summary for Sep 2017

Name: www.anoliosia.meteoclub.gr/NOAA-reports.php   City: Ano LIOSIA   State: Attiki GR
Elevation: 190 m  Lat: N 38 05' 26"   Lon: E 023 41' 56"

                  Temperature (C), Rain (mm), Wind Speed (km/h)

                                      Heat  Cool        Avg
    Mean                              Deg   Deg         Wind                 Dom
Day Temp  High   Time   Low    Time   Days  Days  Rain  Speed High   Time    Dir
----------------------------------------------------------------------------------
 1  24.5  34.1   11:13  17.2   06:55   0.1   6.3   0.0   3.5  25.6   14:31   SSW
 2  26.4  35.8   11:12  19.3   06:52   0.0   8.1   0.0   2.9  23.4   13:46     S
 3  27.7  35.8   11:12  21.1   06:49   0.0   9.4   0.0   3.8  25.6   23:41    SW
 4  27.0  35.5   11:14  21.6   07:11   0.0   8.7   0.0   6.3  29.5   16:08   WSW
 5  24.6  34.9   11:14  20.1   06:57   0.0   6.3   0.0   5.7  29.5   21:17   ENE
 6  22.6  29.0   18:05  16.8   06:45   0.2   4.5   3.0   4.9  33.1   12:44    NW
 7  23.8  33.2   11:14  17.8   06:29   0.0   5.6   0.0   5.6  23.4   13:19     W
 8  24.9  33.3   11:12  18.3   06:54   0.0   6.6   0.0   4.1  28.1   16:19    SW
 9  25.6  31.8   11:15  20.4   06:14   0.0   7.3   0.0   3.2  23.4   15:08   SSW
10  25.6  32.5   14:31  20.7   07:14   0.0   7.3   0.0   3.9  24.5   15:24    SW
11  25.9  31.9   11:15  21.6   06:42   0.0   7.6   0.0   4.3  23.4   16:13   SSW
18  26.3  30.8   15:32  21.6   07:07   0.0   6.3   0.0  ----  41.8   12:08   WSW
19  31.1  36.5   15:16   0.0   12:05   0.0   6.4   0.0   4.5  24.5   13:04   SSW
20  26.5  32.5   14:30  21.3   06:56   0.0   8.2   0.0   6.3  33.1   22:42   WSW
21  22.6  26.4   13:51  19.1   05:37   0.0   4.3   0.0  12.2  51.5   18:10     W
22  21.0  26.4   15:18  16.6   07:10   0.2   2.9   0.0   6.9  29.5   16:29     W
23  20.9  27.8   14:56  15.4   06:19   0.6   3.2   0.0  ----  25.6   15:10   SSW
24  20.9  26.5   14:21  16.4   06:20   0.4   3.0   0.0  ----  24.5   14:58   ENE
25  20.7  27.1   13:01  10.3   21:54   0.4   2.8  18.9  ----  22.0   14:18   WNW
26  19.0  24.7   13:14  14.1   04:20   1.2   1.9   0.6  ----  24.5   16:10   ENE
27  17.8  20.3   21:11  16.5   05:34   0.3   0.1   0.9  ----  22.0   21:16    NW
28  19.0  22.1   15:27  16.3   07:33   0.5   1.2   0.0  ----  56.2   23:34   ENE
29  17.9  19.0   10:40  16.6   23:07   0.5   0.1   0.0  ----  61.2   01:14    NE
30  17.0  20.2   09:48  15.4   23:53   1.4   0.1   0.0  ----  43.9   00:44     N
----------------------------------------------------------------------------------
    23.3  36.5    19     0.0    19     5.8 118.2  23.4   5.2  61.2    29     WSW

Max >=  27.0: 16
Max <=   0.0:  0
Min <=   0.0:  1
Min <= -18.0:  0
Max Rain: 18.9 on day 25
Days of Rain: 4 (>= 0.2 mm)  2 (>= 2.0 mm)  0 (>= 20.0 mm)
Heat Base: 18.3  Cool Base: 18.3  Method: Integration