2011 2012 2013

NOAA style reports

NOAA-style Climate Reports

Select a Year or Month report
V/Λ2017 > Jan Feb Mar Apr May Jun Jul Aug Sep Oct Nov Dec
V/Λ2016 > Jan Feb Mar Apr May Jun Jul Aug Sep Oct Nov Dec
V/Λ2015 > Jan Feb Mar Apr May Jun Jul Aug Sep Oct Nov Dec
V/Λ2014 > Jan Feb Mar Apr May Jun Jul Aug Sep Oct Nov Dec
V/Λ2013 > Jan Feb Mar Apr May Jun Jul Aug Sep Oct Nov Dec
V/Λ2012 > Jan Feb Mar Apr May Jun Jul Aug Sep Oct Nov Dec
V/Λ2011 > Jan Feb Mar Apr May Jun Jul Aug Sep Oct Nov Dec
V/Λ2010 > Jan Feb Mar Apr May Jun Jul Aug Sep Oct Nov Dec
V/Λ2009 > Jan Feb Mar Apr May Jun Jul Aug Sep Oct Nov Dec
V/Λ2008 > Jan Feb Mar Apr May Jun Jul Aug Sep Oct Nov Dec
V/Λ2007 > Jan Feb Mar Apr May Jun Jul Aug Sep Oct Nov Dec
V/Λ2006 > Jan Feb Mar Apr May Jun Jul Aug Sep Oct Nov Dec
V/Λ2005 > Jan Feb Mar Apr May Jun Jul Aug Sep Oct Nov Dec
V/Λ2004 > Jan Feb Mar Apr May Jun Jul Aug Sep Oct Nov Dec
V/Λ2003 > Jan Feb Mar Apr May Jun Jul Aug Sep Oct Nov Dec
V/Λ2002 > Jan Feb Mar Apr May Jun Jul Aug Sep Oct Nov Dec
V/Λ2001 > Jan Feb Mar Apr May Jun Jul Aug Sep Oct Nov Dec
V/Λ2000 > Jan Feb Mar Apr May Jun Jul Aug Sep Oct Nov Dec
V/Λ1999 > Jan Feb Mar Apr May Jun Jul Aug Sep Oct Nov Dec
V/Λ1998 > Jan Feb Mar Apr May Jun Jul Aug Sep Oct Nov Dec
V/Λ1997 > Jan Feb Mar Apr May Jun Jul Aug Sep Oct Nov Dec
V/Λ1996 > Jan Feb Mar Apr May Jun Jul Aug Sep Oct Nov Dec
V/Λ1995 > Jan Feb Mar Apr May Jun Jul Aug Sep Oct Nov Dec
V/Λ1994 > Jan Feb Mar Apr May Jun Jul Aug Sep Oct Nov Dec
V/Λ1993 > Jan Feb Mar Apr May Jun Jul Aug Sep Oct Nov Dec
V/Λ1992 > Jan Feb Mar Apr May Jun Jul Aug Sep Oct Nov Dec
V/Λ1991 > Jan Feb Mar Apr May Jun Jul Aug Sep Oct Nov Dec
V/Λ1990 > Jan Feb Mar Apr May Jun Jul Aug Sep Oct Nov Dec
V/Λ1989 > Jan Feb Mar Apr May Jun Jul Aug Sep Oct Nov Dec
V/Λ1988 > Jan Feb Mar Apr May Jun Jul Aug Sep Oct Nov Dec
V/Λ1987 > Jan Feb Mar Apr May Jun Jul Aug Sep Oct Nov Dec
V/Λ1986 > Jan Feb Mar Apr May Jun Jul Aug Sep Oct Nov Dec
V/Λ1985 > Jan Feb Mar Apr May Jun Jul Aug Sep Oct Nov Dec
V/Λ1984 > Jan Feb Mar Apr May Jun Jul Aug Sep Oct Nov Dec
V/Λ1983 > Jan Feb Mar Apr May Jun Jul Aug Sep Oct Nov Dec
V/Λ1982 > Jan Feb Mar Apr May Jun Jul Aug Sep Oct Nov Dec
V/Λ1981 > Jan Feb Mar Apr May Jun Jul Aug Sep Oct Nov Dec
V/Λ1980 > Jan Feb Mar Apr May Jun Jul Aug Sep Oct Nov Dec

Report for 2017 Aug
                   Monthly Climatological Summary for Aug 2017

Name: www.anoliosia.meteoclub.gr/NOAA-reports.php   City: Ano LIOSIA   State: Attiki GR
Elevation: 190 m  Lat: N 38 05' 26"   Lon: E 023 41' 56"

                  Temperature (C), Rain (mm), Wind Speed (km/h)

                                      Heat  Cool        Avg
    Mean                              Deg   Deg         Wind                 Dom
Day Temp  High   Time   Low    Time   Days  Days  Rain  Speed High   Time    Dir
----------------------------------------------------------------------------------
 6  28.6  34.4   14:04  22.6   05:24   0.0  10.2   0.0  ----  31.7   17:22    NE
 7  36.9  37.6   14:29   0.0   13:26   0.0   1.2   0.0  10.7  29.5   13:59   ENE
 8  33.5  36.1   14:50   0.0   12:45   0.0   7.1   0.0   9.5  40.3   13:56     N
 9  30.6  34.9   13:30  27.3   06:28   0.0  12.3   0.0  13.7  61.2   14:18   NNW
10  31.0  36.0   14:11  27.1   06:48   0.0  12.7   0.0  10.8  56.2   09:14    NW
11  30.8  35.6   16:27  26.5   06:37   0.0  12.5   0.0   8.4  35.6   13:02   NNW
12  31.4  38.6   14:42  25.1   06:18   0.0  13.1   0.0   4.0  27.0   13:38   ESE
13  29.2  35.1   13:24  24.6   06:27   0.0  10.9   0.0   9.1  43.9   09:11   WNW
14  27.8  33.3   14:58  23.5   05:59   0.0   9.5   0.0   5.6  29.5   03:20   NNW
15  23.1  24.4   00:00   0.0   00:16   0.0   0.1   0.0   0.0   1.1   00:03     E
16  29.8  32.1   17:37   0.0   14:10   0.0   4.7   0.0   9.6  43.9   14:48     N
17  28.4  31.8   18:24  25.0   04:33   0.0  10.1   0.0  10.2  50.0   14:39   NNE
18  29.2  33.1   16:55  25.2   06:58   0.0  10.9   0.0  ----  43.9   22:33     N
19  29.9  33.2   13:24  27.2   00:00   0.0  11.6   0.0  ----  41.8   03:47   NNE
20  29.0  34.6   16:16  23.4   05:04   0.0  10.7   0.0  ----  35.6   11:34   NNW
21  26.9  33.5   12:16  22.9   03:44   0.0   8.6   0.0  ----  34.2   15:28    NE
22  25.0  31.2   15:30  21.1   06:38   0.0   6.7   0.0  ----  27.0   22:46   NNW
23  24.4  31.1   14:53  18.8   06:57   0.0   6.1   0.0  ----  28.1   11:21   ENE
24  24.2  30.0   14:02  19.3   06:36   0.0   5.9   0.0  ----  37.8   15:00   NNW
25  25.4  30.6   15:31  20.8   03:35   0.0   7.1   0.0  ----  47.9   15:24     N
26  25.4  30.0   13:24  21.5   03:32   0.0   7.1   0.0  ----  42.8   14:15   NNW
27  25.2  28.9   16:30  21.7   00:08   0.0   6.9   0.0  ----  50.0   11:24    NW
28  26.8  33.5   11:10  20.9   03:17   0.0   8.5   0.0  ----  56.2   13:19   NNW
29  28.4  36.3   11:11  23.8   04:38   0.0  10.1   0.0  ----  42.8   19:06    NE
30  23.5  29.5   11:07  20.6   23:06   0.0   5.2   0.0  ----  39.2   14:05    NE
31  23.3  30.3   11:13  19.3   05:02   0.0   5.0   0.0  ----  43.9   16:11   NNW
----------------------------------------------------------------------------------
    28.0  38.6    12     0.0     7     0.0 214.8   0.0   8.9  61.2     9       N

Max >=  27.0: 25
Max <=   0.0:  0
Min <=   0.0:  4
Min <= -18.0:  0
Max Rain: 0.0 on day 0
Days of Rain: 0 (>= 0.2 mm)  0 (>= 2.0 mm)  0 (>= 20.0 mm)
Heat Base: 18.3  Cool Base: 18.3  Method: Integration