NOAA style reports
NOAA-style Climate Reports
Select a Year or Month report
Report for 2017 Jul
Monthly Climatological Summary for Jul 2017
Name: www.anoliosia.meteoclub.gr/NOAA-reports.php City: Ano LIOSIA State: Attiki GR
Elevation: 190 m Lat: N 38° 05' 26" Lon: E 023° 41' 56"
Temperature (°C), Rain (mm), Wind Speed (km/h)
Heat Cool Avg
Mean Deg Deg Wind Dom
Day Temp High Time Low Time Days Days Rain Speed High Time Dir
----------------------------------------------------------------------------------
1 35.9 44.4 15:02 28.2 06:20 0.0 17.6 0.0 2.8 19.4 12:12 SW
2 36.0 43.1 17:12 27.7 06:27 0.0 17.7 0.0 5.0 28.1 16:14 WSW
3 31.0 35.9 14:16 25.8 23:55 0.0 12.7 0.0 9.4 46.4 23:58 WNW
4 25.1 29.1 14:21 22.2 23:38 0.0 6.8 0.0 15.4 61.2 00:16 N
5 25.1 29.2 14:38 21.7 02:02 0.0 6.8 0.0 9.0 40.3 11:39 N
6 26.4 31.3 16:55 22.7 00:58 0.0 8.1 0.0 10.0 40.3 13:27 NW
9 25.9 32.7 13:06 21.2 05:47 0.0 4.3 0.0 ---- 36.7 13:20 NNE
----------------------------------------------------------------------------------
33.9 44.4 1 21.2 9 0.0 79.8 0.0 8.6 61.2 4 NNW
Max >= 27.0: 8
Max <= 0.0: 0
Min <= 0.0: 0
Min <= -18.0: 0
Max Rain: 0.0 on day 0
Days of Rain: 0 (>= 0.2 mm) 0 (>= 2.0 mm) 0 (>= 20.0 mm)
Heat Base: 18.3 Cool Base: 18.3 Method: Integration
Select a Year or Month report
Report for 2017 Jul
Monthly Climatological Summary for Jul 2017 Name: www.anoliosia.meteoclub.gr/NOAA-reports.php City: Ano LIOSIA State: Attiki GR Elevation: 190 m Lat: N 38° 05' 26" Lon: E 023° 41' 56" Temperature (°C), Rain (mm), Wind Speed (km/h) Heat Cool Avg Mean Deg Deg Wind Dom Day Temp High Time Low Time Days Days Rain Speed High Time Dir ---------------------------------------------------------------------------------- 1 35.9 44.4 15:02 28.2 06:20 0.0 17.6 0.0 2.8 19.4 12:12 SW 2 36.0 43.1 17:12 27.7 06:27 0.0 17.7 0.0 5.0 28.1 16:14 WSW 3 31.0 35.9 14:16 25.8 23:55 0.0 12.7 0.0 9.4 46.4 23:58 WNW 4 25.1 29.1 14:21 22.2 23:38 0.0 6.8 0.0 15.4 61.2 00:16 N 5 25.1 29.2 14:38 21.7 02:02 0.0 6.8 0.0 9.0 40.3 11:39 N 6 26.4 31.3 16:55 22.7 00:58 0.0 8.1 0.0 10.0 40.3 13:27 NW 9 25.9 32.7 13:06 21.2 05:47 0.0 4.3 0.0 ---- 36.7 13:20 NNE ---------------------------------------------------------------------------------- 33.9 44.4 1 21.2 9 0.0 79.8 0.0 8.6 61.2 4 NNW Max >= 27.0: 8 Max <= 0.0: 0 Min <= 0.0: 0 Min <= -18.0: 0 Max Rain: 0.0 on day 0 Days of Rain: 0 (>= 0.2 mm) 0 (>= 2.0 mm) 0 (>= 20.0 mm) Heat Base: 18.3 Cool Base: 18.3 Method: Integration