2011 2012 2013

NOAA style reports

NOAA-style Climate Reports

Select a Year or Month report
V/Λ2017 > Jan Feb Mar Apr May Jun Jul Aug Sep Oct Nov Dec
V/Λ2016 > Jan Feb Mar Apr May Jun Jul Aug Sep Oct Nov Dec
V/Λ2015 > Jan Feb Mar Apr May Jun Jul Aug Sep Oct Nov Dec
V/Λ2014 > Jan Feb Mar Apr May Jun Jul Aug Sep Oct Nov Dec
V/Λ2013 > Jan Feb Mar Apr May Jun Jul Aug Sep Oct Nov Dec
V/Λ2012 > Jan Feb Mar Apr May Jun Jul Aug Sep Oct Nov Dec
V/Λ2011 > Jan Feb Mar Apr May Jun Jul Aug Sep Oct Nov Dec
V/Λ2010 > Jan Feb Mar Apr May Jun Jul Aug Sep Oct Nov Dec
V/Λ2009 > Jan Feb Mar Apr May Jun Jul Aug Sep Oct Nov Dec
V/Λ2008 > Jan Feb Mar Apr May Jun Jul Aug Sep Oct Nov Dec
V/Λ2007 > Jan Feb Mar Apr May Jun Jul Aug Sep Oct Nov Dec
V/Λ2006 > Jan Feb Mar Apr May Jun Jul Aug Sep Oct Nov Dec
V/Λ2005 > Jan Feb Mar Apr May Jun Jul Aug Sep Oct Nov Dec
V/Λ2004 > Jan Feb Mar Apr May Jun Jul Aug Sep Oct Nov Dec
V/Λ2003 > Jan Feb Mar Apr May Jun Jul Aug Sep Oct Nov Dec
V/Λ2002 > Jan Feb Mar Apr May Jun Jul Aug Sep Oct Nov Dec
V/Λ2001 > Jan Feb Mar Apr May Jun Jul Aug Sep Oct Nov Dec
V/Λ2000 > Jan Feb Mar Apr May Jun Jul Aug Sep Oct Nov Dec
V/Λ1999 > Jan Feb Mar Apr May Jun Jul Aug Sep Oct Nov Dec
V/Λ1998 > Jan Feb Mar Apr May Jun Jul Aug Sep Oct Nov Dec
V/Λ1997 > Jan Feb Mar Apr May Jun Jul Aug Sep Oct Nov Dec
V/Λ1996 > Jan Feb Mar Apr May Jun Jul Aug Sep Oct Nov Dec
V/Λ1995 > Jan Feb Mar Apr May Jun Jul Aug Sep Oct Nov Dec
V/Λ1994 > Jan Feb Mar Apr May Jun Jul Aug Sep Oct Nov Dec
V/Λ1993 > Jan Feb Mar Apr May Jun Jul Aug Sep Oct Nov Dec
V/Λ1992 > Jan Feb Mar Apr May Jun Jul Aug Sep Oct Nov Dec
V/Λ1991 > Jan Feb Mar Apr May Jun Jul Aug Sep Oct Nov Dec
V/Λ1990 > Jan Feb Mar Apr May Jun Jul Aug Sep Oct Nov Dec
V/Λ1989 > Jan Feb Mar Apr May Jun Jul Aug Sep Oct Nov Dec
V/Λ1988 > Jan Feb Mar Apr May Jun Jul Aug Sep Oct Nov Dec
V/Λ1987 > Jan Feb Mar Apr May Jun Jul Aug Sep Oct Nov Dec
V/Λ1986 > Jan Feb Mar Apr May Jun Jul Aug Sep Oct Nov Dec
V/Λ1985 > Jan Feb Mar Apr May Jun Jul Aug Sep Oct Nov Dec
V/Λ1984 > Jan Feb Mar Apr May Jun Jul Aug Sep Oct Nov Dec
V/Λ1983 > Jan Feb Mar Apr May Jun Jul Aug Sep Oct Nov Dec
V/Λ1982 > Jan Feb Mar Apr May Jun Jul Aug Sep Oct Nov Dec
V/Λ1981 > Jan Feb Mar Apr May Jun Jul Aug Sep Oct Nov Dec
V/Λ1980 > Jan Feb Mar Apr May Jun Jul Aug Sep Oct Nov Dec

Report for 2017 Jun
                   Monthly Climatological Summary for Jun 2017

Name: www.anoliosia.meteoclub.gr/NOAA-reports.php   City: Ano LIOSIA   State: Attiki GR
Elevation: 190 m  Lat: N 38 05' 26"   Lon: E 023 41' 56"

                  Temperature (C), Rain (mm), Wind Speed (km/h)

                                      Heat  Cool        Avg
    Mean                              Deg   Deg         Wind                 Dom
Day Temp  High   Time   Low    Time   Days  Days  Rain  Speed High   Time    Dir
----------------------------------------------------------------------------------
 1  24.8  31.9   13:19  16.9   05:55   0.1   6.6   0.0   3.1  22.0   14:30     S
 2  26.3  33.1   14:01  19.2   06:29   0.0   8.1   0.0   3.2  23.4   14:54     S
 3  25.7  32.2   13:35  20.0   06:28   0.0   7.4   0.0   2.9  18.4   18:34   SSW
 4  23.0  30.4   12:00  18.7   15:25   0.0   4.7   7.2   3.7  30.6   14:14   ENE
 5  23.4  29.9   16:29  17.9   05:51   0.0   5.1   0.0   4.9  28.1   12:18   WNW
 6  24.0  30.6   13:50  17.4   06:17   0.0   5.7   0.0   4.9  27.0   11:13   SSW
 7  24.6  31.3   15:07  19.3   04:38   0.0   6.3   0.0   3.1  28.1   15:20   SSE
 8  23.4  27.3   13:09  20.6   06:19   0.0   5.1   0.0   2.4  19.4   00:46   WSW
 9  24.1  30.0   13:58  20.0   02:51   0.0   5.8   0.0   4.0  25.6   06:29    SW
10  24.1  30.2   15:51  17.9   05:40   0.0   5.8   0.0   3.7  23.4   13:02     S
11  20.2  25.5   10:00  17.9   23:50   0.0   1.9   6.9   4.0  33.1   10:52    NE
12  21.7  26.7   16:24  16.6   04:14   0.2   3.7   0.0   7.0  34.2   13:21   NNW
13  24.8  30.2   17:40  20.2   03:16   0.0   6.5   0.0   8.2  34.2   13:45    NW
14  26.8  33.1   16:38  19.3   06:02   0.0   8.5   0.0   4.3  29.5   13:14     S
15  27.6  33.8   14:10  22.0   06:22   0.0   9.3   0.0   3.8  23.4   14:37   ESE
16  24.7  31.2   12:42  20.3   23:39   0.0   6.4   6.0   3.5  28.1   13:41   ENE
20  20.0  20.3   00:00  19.7   01:12   0.0   0.1   0.0  ----   7.2   00:01   WNW
21  28.2  32.6   16:37   0.0   11:44   0.0   5.0  11.7   5.5  33.1   13:46   NNW
22  26.9  34.9   13:41  19.4   06:19   0.0   8.6   0.0   3.8  20.9   17:52    SW
23  28.5  35.6   13:52  21.1   06:19   0.0  10.2   0.0   3.7  22.0   15:49    SW
24  29.3  36.9   13:05  21.6   06:00   0.0  11.0   0.0   2.7 197.0   22:09    SW
25  29.8  36.1   14:51  23.8   05:42   0.0  11.5   0.0   4.1  29.5   10:51   ENE
26  29.7  36.3   13:23  24.4   06:31   0.0  11.4   0.0   3.8  22.0   16:41     W
27  29.6  35.7   13:49  22.8   06:09   0.0  11.3   0.0   4.3  25.6   18:21    SW
28  30.3  37.6   14:15  23.2   06:21   0.0  12.0   0.0   3.9  24.5   14:41   SSW
29  32.0  39.8   16:15  24.3   06:08   0.0  13.7   0.0   2.9  23.4   16:57   SSW
30  34.4  43.1   14:15   0.0   04:04   0.0  16.1   0.0   3.1  23.4   15:40   SSW
----------------------------------------------------------------------------------
    26.2  43.1    30     0.0    21     0.3 207.8  31.8   4.0 197.0    24      SW

Max >=  27.0: 24
Max <=   0.0:  0
Min <=   0.0:  2
Min <= -18.0:  0
Max Rain: 11.7 on day 21
Days of Rain: 4 (>= 0.2 mm)  4 (>= 2.0 mm)  0 (>= 20.0 mm)
Heat Base: 18.3  Cool Base: 18.3  Method: Integration