2011 2012 2013

NOAA style reports

NOAA-style Climate Reports

Select a Year or Month report
V/Λ2017 > Jan Feb Mar Apr May Jun Jul Aug Sep Oct Nov Dec
V/Λ2016 > Jan Feb Mar Apr May Jun Jul Aug Sep Oct Nov Dec
V/Λ2015 > Jan Feb Mar Apr May Jun Jul Aug Sep Oct Nov Dec
V/Λ2014 > Jan Feb Mar Apr May Jun Jul Aug Sep Oct Nov Dec
V/Λ2013 > Jan Feb Mar Apr May Jun Jul Aug Sep Oct Nov Dec
V/Λ2012 > Jan Feb Mar Apr May Jun Jul Aug Sep Oct Nov Dec
V/Λ2011 > Jan Feb Mar Apr May Jun Jul Aug Sep Oct Nov Dec
V/Λ2010 > Jan Feb Mar Apr May Jun Jul Aug Sep Oct Nov Dec
V/Λ2009 > Jan Feb Mar Apr May Jun Jul Aug Sep Oct Nov Dec
V/Λ2008 > Jan Feb Mar Apr May Jun Jul Aug Sep Oct Nov Dec
V/Λ2007 > Jan Feb Mar Apr May Jun Jul Aug Sep Oct Nov Dec
V/Λ2006 > Jan Feb Mar Apr May Jun Jul Aug Sep Oct Nov Dec
V/Λ2005 > Jan Feb Mar Apr May Jun Jul Aug Sep Oct Nov Dec
V/Λ2004 > Jan Feb Mar Apr May Jun Jul Aug Sep Oct Nov Dec
V/Λ2003 > Jan Feb Mar Apr May Jun Jul Aug Sep Oct Nov Dec
V/Λ2002 > Jan Feb Mar Apr May Jun Jul Aug Sep Oct Nov Dec
V/Λ2001 > Jan Feb Mar Apr May Jun Jul Aug Sep Oct Nov Dec
V/Λ2000 > Jan Feb Mar Apr May Jun Jul Aug Sep Oct Nov Dec
V/Λ1999 > Jan Feb Mar Apr May Jun Jul Aug Sep Oct Nov Dec
V/Λ1998 > Jan Feb Mar Apr May Jun Jul Aug Sep Oct Nov Dec
V/Λ1997 > Jan Feb Mar Apr May Jun Jul Aug Sep Oct Nov Dec
V/Λ1996 > Jan Feb Mar Apr May Jun Jul Aug Sep Oct Nov Dec
V/Λ1995 > Jan Feb Mar Apr May Jun Jul Aug Sep Oct Nov Dec
V/Λ1994 > Jan Feb Mar Apr May Jun Jul Aug Sep Oct Nov Dec
V/Λ1993 > Jan Feb Mar Apr May Jun Jul Aug Sep Oct Nov Dec
V/Λ1992 > Jan Feb Mar Apr May Jun Jul Aug Sep Oct Nov Dec
V/Λ1991 > Jan Feb Mar Apr May Jun Jul Aug Sep Oct Nov Dec
V/Λ1990 > Jan Feb Mar Apr May Jun Jul Aug Sep Oct Nov Dec
V/Λ1989 > Jan Feb Mar Apr May Jun Jul Aug Sep Oct Nov Dec
V/Λ1988 > Jan Feb Mar Apr May Jun Jul Aug Sep Oct Nov Dec
V/Λ1987 > Jan Feb Mar Apr May Jun Jul Aug Sep Oct Nov Dec
V/Λ1986 > Jan Feb Mar Apr May Jun Jul Aug Sep Oct Nov Dec
V/Λ1985 > Jan Feb Mar Apr May Jun Jul Aug Sep Oct Nov Dec
V/Λ1984 > Jan Feb Mar Apr May Jun Jul Aug Sep Oct Nov Dec
V/Λ1983 > Jan Feb Mar Apr May Jun Jul Aug Sep Oct Nov Dec
V/Λ1982 > Jan Feb Mar Apr May Jun Jul Aug Sep Oct Nov Dec
V/Λ1981 > Jan Feb Mar Apr May Jun Jul Aug Sep Oct Nov Dec
V/Λ1980 > Jan Feb Mar Apr May Jun Jul Aug Sep Oct Nov Dec

Report for 2017 May
                   Monthly Climatological Summary for May 2017

Name: www.anoliosia.meteoclub.gr/NOAA-reports.php   City: Ano LIOSIA   State: Attiki GR
Elevation: 190 m  Lat: N 38 05' 26"   Lon: E 023 41' 56"

                  Temperature (C), Rain (mm), Wind Speed (km/h)

                                      Heat  Cool        Avg
    Mean                              Deg   Deg         Wind                 Dom
Day Temp  High   Time   Low    Time   Days  Days  Rain  Speed High   Time    Dir
----------------------------------------------------------------------------------
 1  21.4  26.7   14:16  16.6   03:31   0.3   3.4   0.0   5.5  35.6   05:10     N
 2  21.6  29.3   17:22  14.9   06:05   0.8   4.2   0.0   3.8  27.0   12:45   ENE
 3  21.7  29.6   16:40  15.5   06:34   0.6   4.0   0.0   3.9  29.5   14:08   WSW
 4  21.6  28.5   13:55  14.7   05:49   0.9   4.1   0.0   3.4  23.4   13:18   SSW
 5  22.4  29.4   16:23  15.4   06:24   0.4   4.6   0.0   6.3  40.3   18:55   WSW
 6  22.4  29.2   16:17  16.4   06:39   0.1   4.3   0.0   6.7  33.1   13:42   WSW
 7  21.6  27.5   17:05  16.3   04:52   0.3   3.6   0.0   7.8  40.3   17:24   WSW
10  20.4  27.7   17:19  14.3   06:32   0.5   2.1   0.0  ----  52.6   14:34   WSW
11  20.0  23.9   18:02   0.0   18:01   0.0   0.4   0.9   2.5  19.4   18:04   SSW
12  21.0  27.2   13:10  16.0   06:17   0.5   3.2   0.0   2.1  18.4   13:17     S
13  25.5  34.7   15:14  18.0   05:29   0.0   7.2   0.0   2.2  17.3   13:57    SW
14  26.3  33.9   16:01  21.3   03:27   0.0   8.0   0.0   4.7  36.7   12:14   WNW
15  23.4  28.0   13:08  19.3   04:43   0.0   5.1   0.0   7.9  35.6   17:12   ENE
20  19.7  20.7   00:19   0.0   00:21   0.0   0.0   0.0  ----  20.9   00:20   ENE
21  21.0  26.2   16:00   0.0   15:59   0.1   1.0  12.9   8.0  40.3   20:26     W
22  13.6  15.1   00:12   0.0   05:34   1.1   0.0   3.9   7.1  40.3   00:27   NNW
23  23.1  27.6   14:11   0.0   14:10   0.0   2.0   0.0   4.5  23.4   17:53     S
24  20.6  27.4   11:55  16.1   06:35   0.3   2.6   0.9   3.1  20.9   14:03   WNW
25  20.7  27.6   13:37  15.4   05:13   0.6   3.0   0.0   3.6  27.0   14:12    SW
26  19.5  25.7   14:01  16.1   08:35   0.4   1.6   0.9   4.5  28.1   15:38    SW
27  19.0  23.1   15:58  15.8   01:38   0.7   1.4   0.0   3.8  30.6   13:21     N
28  16.0  17.9   00:30  13.9   10:46   2.3   0.0  12.0   4.0  30.6   19:21   NNW
29  19.1  22.0   16:15  16.8   05:40   0.3   1.1   0.0   9.8  40.3   11:21   NNW
30  21.1  26.5   13:28   0.0   17:13   0.3   3.1   0.0   5.1  25.6   10:47     W
31  22.5  30.3   14:06  15.1   06:00   0.6   4.8   0.0   4.2  24.5   14:15   SSW
----------------------------------------------------------------------------------
    21.0  34.7    13     0.0    11    11.1  74.8  31.5   4.9  52.6    10       W

Max >=  27.0: 15
Max <=   0.0:  0
Min <=   0.0:  6
Min <= -18.0:  0
Max Rain: 12.9 on day 21
Days of Rain: 6 (>= 0.2 mm)  3 (>= 2.0 mm)  0 (>= 20.0 mm)
Heat Base: 18.3  Cool Base: 18.3  Method: Integration