2011 2012 2013

NOAA style reports

NOAA-style Climate Reports

Select a Year or Month report
V/Λ2017 > Jan Feb Mar Apr May Jun Jul Aug Sep Oct Nov Dec
V/Λ2016 > Jan Feb Mar Apr May Jun Jul Aug Sep Oct Nov Dec
V/Λ2015 > Jan Feb Mar Apr May Jun Jul Aug Sep Oct Nov Dec
V/Λ2014 > Jan Feb Mar Apr May Jun Jul Aug Sep Oct Nov Dec
V/Λ2013 > Jan Feb Mar Apr May Jun Jul Aug Sep Oct Nov Dec
V/Λ2012 > Jan Feb Mar Apr May Jun Jul Aug Sep Oct Nov Dec
V/Λ2011 > Jan Feb Mar Apr May Jun Jul Aug Sep Oct Nov Dec
V/Λ2010 > Jan Feb Mar Apr May Jun Jul Aug Sep Oct Nov Dec
V/Λ2009 > Jan Feb Mar Apr May Jun Jul Aug Sep Oct Nov Dec
V/Λ2008 > Jan Feb Mar Apr May Jun Jul Aug Sep Oct Nov Dec
V/Λ2007 > Jan Feb Mar Apr May Jun Jul Aug Sep Oct Nov Dec
V/Λ2006 > Jan Feb Mar Apr May Jun Jul Aug Sep Oct Nov Dec
V/Λ2005 > Jan Feb Mar Apr May Jun Jul Aug Sep Oct Nov Dec
V/Λ2004 > Jan Feb Mar Apr May Jun Jul Aug Sep Oct Nov Dec
V/Λ2003 > Jan Feb Mar Apr May Jun Jul Aug Sep Oct Nov Dec
V/Λ2002 > Jan Feb Mar Apr May Jun Jul Aug Sep Oct Nov Dec
V/Λ2001 > Jan Feb Mar Apr May Jun Jul Aug Sep Oct Nov Dec
V/Λ2000 > Jan Feb Mar Apr May Jun Jul Aug Sep Oct Nov Dec
V/Λ1999 > Jan Feb Mar Apr May Jun Jul Aug Sep Oct Nov Dec
V/Λ1998 > Jan Feb Mar Apr May Jun Jul Aug Sep Oct Nov Dec
V/Λ1997 > Jan Feb Mar Apr May Jun Jul Aug Sep Oct Nov Dec
V/Λ1996 > Jan Feb Mar Apr May Jun Jul Aug Sep Oct Nov Dec
V/Λ1995 > Jan Feb Mar Apr May Jun Jul Aug Sep Oct Nov Dec
V/Λ1994 > Jan Feb Mar Apr May Jun Jul Aug Sep Oct Nov Dec
V/Λ1993 > Jan Feb Mar Apr May Jun Jul Aug Sep Oct Nov Dec
V/Λ1992 > Jan Feb Mar Apr May Jun Jul Aug Sep Oct Nov Dec
V/Λ1991 > Jan Feb Mar Apr May Jun Jul Aug Sep Oct Nov Dec
V/Λ1990 > Jan Feb Mar Apr May Jun Jul Aug Sep Oct Nov Dec
V/Λ1989 > Jan Feb Mar Apr May Jun Jul Aug Sep Oct Nov Dec
V/Λ1988 > Jan Feb Mar Apr May Jun Jul Aug Sep Oct Nov Dec
V/Λ1987 > Jan Feb Mar Apr May Jun Jul Aug Sep Oct Nov Dec
V/Λ1986 > Jan Feb Mar Apr May Jun Jul Aug Sep Oct Nov Dec
V/Λ1985 > Jan Feb Mar Apr May Jun Jul Aug Sep Oct Nov Dec
V/Λ1984 > Jan Feb Mar Apr May Jun Jul Aug Sep Oct Nov Dec
V/Λ1983 > Jan Feb Mar Apr May Jun Jul Aug Sep Oct Nov Dec
V/Λ1982 > Jan Feb Mar Apr May Jun Jul Aug Sep Oct Nov Dec
V/Λ1981 > Jan Feb Mar Apr May Jun Jul Aug Sep Oct Nov Dec
V/Λ1980 > Jan Feb Mar Apr May Jun Jul Aug Sep Oct Nov Dec

Report for 2017 Apr
                   Monthly Climatological Summary for Apr 2017

Name: www.anoliosia.meteoclub.gr/NOAA-reports.php   City: Ano LIOSIA   State: Attiki GR
Elevation: 190 m  Lat: N 38 05' 26"   Lon: E 023 41' 56"

                  Temperature (C), Rain (mm), Wind Speed (km/h)

                                      Heat  Cool        Avg
    Mean                              Deg   Deg         Wind                 Dom
Day Temp  High   Time   Low    Time   Days  Days  Rain  Speed High   Time    Dir
----------------------------------------------------------------------------------
 1  14.3  19.5   14:23   9.6   23:56   4.1   0.1   0.0  10.0  46.4   10:13   NNW
 2  14.0  22.0   15:29   6.6   06:55   5.0   0.7   0.0   3.5  29.5   14:43   SSE
 3  13.8  20.2   14:30   8.5   07:12   4.6   0.1   0.0   3.7  22.0   17:58    SE
 4  16.2  21.4   16:09  11.7   07:31   2.6   0.6   0.0   2.6  18.4   12:53    SW
 5  15.5  21.3   13:09  12.3   06:02   3.2   0.3   0.0   3.4  31.7   13:41     E
 6  15.3  22.1   14:28  10.4   06:38   3.5   0.5   0.0   3.7  19.4   14:34   WSW
 7  14.7  22.3   13:11  10.7   07:27   3.9   0.2   0.0   3.0  24.5   13:31     E
 8  13.5  18.6   15:21   8.6   06:32   4.8   0.0   0.0   6.6  35.6   02:39    NW
 9  14.0  18.7   13:28   9.7   02:36   4.3   0.0   0.0   6.2  28.1   04:20   NNE
10  13.7  18.9   14:10   8.2   04:30   4.6   0.0   0.0   6.0  28.1   12:10   ENE
11  14.5  20.7   14:11   8.4   07:13   4.2   0.4   0.0   5.8  30.6   16:58   ENE
13  15.3  22.2   15:12   8.8   07:13   3.1   0.8   0.0  ----  28.1   14:41   ENE
14  19.4  23.0   14:48   0.0   14:47   0.3   0.8   0.0   4.9  17.3   15:55     W
15  18.6  25.9   14:02  12.0   05:46   2.0   2.3   0.0   4.3  23.4   15:04   WSW
16  17.6  24.7   15:09  11.9   06:02   2.2   1.5   0.0   4.1  27.0   15:51   WSW
17  15.2  22.0   15:12  11.1   23:56   3.6   0.5   6.3   3.2  45.4   16:14   WSW
18  14.6  21.2   14:51  10.1   03:26   4.0   0.3   0.0   4.4  23.4   15:51     E
19  16.6  21.3   14:03  12.1   07:14   2.3   0.6   0.0   5.7  33.1   16:59   SSE
20  16.4  20.8   13:53  11.5   23:59   2.3   0.4   0.0   8.1  78.5   07:21     W
21  12.5  16.7   17:05  10.3   22:30   5.8   0.0   0.0   5.1  25.6   07:25     N
22  11.6  16.1   15:55   8.3   23:17   6.7   0.0   0.0   7.4  33.1   15:22     N
23  13.1  20.4   15:27   6.7   05:56   5.4   0.2   0.0   6.6  30.6   16:21   WSW
24  15.0  22.3   13:08   9.2   05:24   3.8   0.5   0.0   4.5  29.5   13:12   ESE
25  16.1  22.8   14:38  10.2   06:14   3.3   1.1   0.0   4.9  29.5   12:23   WSW
26  17.3  24.3   13:55  10.5   06:47   2.8   1.7   0.0   4.6  20.9   14:59    SW
27  19.3  27.6   14:57  11.8   05:57   1.9   3.0   0.0   3.5  22.0   15:41   SSW
28  20.6  28.2   13:57  13.3   06:42   1.2   3.5   0.0   3.4  20.9   14:39   SSW
29  21.5  29.7   13:14  13.7   05:26   1.1   4.3   0.0   2.2  19.4   13:25   SSW
30  21.8  27.9   13:15  18.2   03:31   0.0   3.5   0.0   6.7  35.6   18:41   ENE
----------------------------------------------------------------------------------
    15.9  29.7    29     0.0    14    96.6  27.9   6.3   4.9  78.5    20       W

Max >=  27.0:  4
Max <=   0.0:  0
Min <=   0.0:  1
Min <= -18.0:  0
Max Rain: 6.3 on day 17
Days of Rain: 1 (>= 0.2 mm)  1 (>= 2.0 mm)  0 (>= 20.0 mm)
Heat Base: 18.3  Cool Base: 18.3  Method: Integration