2011 2012 2013

NOAA style reports

NOAA-style Climate Reports

Select a Year or Month report
V/Λ2017 > Jan Feb Mar Apr May Jun Jul Aug Sep Oct Nov Dec
V/Λ2016 > Jan Feb Mar Apr May Jun Jul Aug Sep Oct Nov Dec
V/Λ2015 > Jan Feb Mar Apr May Jun Jul Aug Sep Oct Nov Dec
V/Λ2014 > Jan Feb Mar Apr May Jun Jul Aug Sep Oct Nov Dec
V/Λ2013 > Jan Feb Mar Apr May Jun Jul Aug Sep Oct Nov Dec
V/Λ2012 > Jan Feb Mar Apr May Jun Jul Aug Sep Oct Nov Dec
V/Λ2011 > Jan Feb Mar Apr May Jun Jul Aug Sep Oct Nov Dec
V/Λ2010 > Jan Feb Mar Apr May Jun Jul Aug Sep Oct Nov Dec
V/Λ2009 > Jan Feb Mar Apr May Jun Jul Aug Sep Oct Nov Dec
V/Λ2008 > Jan Feb Mar Apr May Jun Jul Aug Sep Oct Nov Dec
V/Λ2007 > Jan Feb Mar Apr May Jun Jul Aug Sep Oct Nov Dec
V/Λ2006 > Jan Feb Mar Apr May Jun Jul Aug Sep Oct Nov Dec
V/Λ2005 > Jan Feb Mar Apr May Jun Jul Aug Sep Oct Nov Dec
V/Λ2004 > Jan Feb Mar Apr May Jun Jul Aug Sep Oct Nov Dec
V/Λ2003 > Jan Feb Mar Apr May Jun Jul Aug Sep Oct Nov Dec
V/Λ2002 > Jan Feb Mar Apr May Jun Jul Aug Sep Oct Nov Dec
V/Λ2001 > Jan Feb Mar Apr May Jun Jul Aug Sep Oct Nov Dec
V/Λ2000 > Jan Feb Mar Apr May Jun Jul Aug Sep Oct Nov Dec
V/Λ1999 > Jan Feb Mar Apr May Jun Jul Aug Sep Oct Nov Dec
V/Λ1998 > Jan Feb Mar Apr May Jun Jul Aug Sep Oct Nov Dec
V/Λ1997 > Jan Feb Mar Apr May Jun Jul Aug Sep Oct Nov Dec
V/Λ1996 > Jan Feb Mar Apr May Jun Jul Aug Sep Oct Nov Dec
V/Λ1995 > Jan Feb Mar Apr May Jun Jul Aug Sep Oct Nov Dec
V/Λ1994 > Jan Feb Mar Apr May Jun Jul Aug Sep Oct Nov Dec
V/Λ1993 > Jan Feb Mar Apr May Jun Jul Aug Sep Oct Nov Dec
V/Λ1992 > Jan Feb Mar Apr May Jun Jul Aug Sep Oct Nov Dec
V/Λ1991 > Jan Feb Mar Apr May Jun Jul Aug Sep Oct Nov Dec
V/Λ1990 > Jan Feb Mar Apr May Jun Jul Aug Sep Oct Nov Dec
V/Λ1989 > Jan Feb Mar Apr May Jun Jul Aug Sep Oct Nov Dec
V/Λ1988 > Jan Feb Mar Apr May Jun Jul Aug Sep Oct Nov Dec
V/Λ1987 > Jan Feb Mar Apr May Jun Jul Aug Sep Oct Nov Dec
V/Λ1986 > Jan Feb Mar Apr May Jun Jul Aug Sep Oct Nov Dec
V/Λ1985 > Jan Feb Mar Apr May Jun Jul Aug Sep Oct Nov Dec
V/Λ1984 > Jan Feb Mar Apr May Jun Jul Aug Sep Oct Nov Dec
V/Λ1983 > Jan Feb Mar Apr May Jun Jul Aug Sep Oct Nov Dec
V/Λ1982 > Jan Feb Mar Apr May Jun Jul Aug Sep Oct Nov Dec
V/Λ1981 > Jan Feb Mar Apr May Jun Jul Aug Sep Oct Nov Dec
V/Λ1980 > Jan Feb Mar Apr May Jun Jul Aug Sep Oct Nov Dec

Report for 2017 Mar
                   Monthly Climatological Summary for Mar 2017

Name: www.anoliosia.meteoclub.gr/NOAA-reports.php   City: Ano LIOSIA   State: Attiki GR
Elevation: 190 m  Lat: N 38 05' 26"   Lon: E 023 41' 56"

                  Temperature (C), Rain (mm), Wind Speed (km/h)

                                      Heat  Cool        Avg
    Mean                              Deg   Deg         Wind                 Dom
Day Temp  High   Time   Low    Time   Days  Days  Rain  Speed High   Time    Dir
----------------------------------------------------------------------------------
 1  13.5  19.0   14:44   9.0   06:05   4.9   0.0   0.0   5.3  33.1   23:09   WSW
 2  12.1  16.1   15:07   8.1   07:07   6.2   0.0   0.0   7.8  37.8   13:35   WNW
 3  12.7  20.2   14:12   6.7   06:59   5.9   0.2   0.0   3.2  15.8   16:11     W
 4  12.8  18.8   15:08   7.2   07:02   5.6   0.0   0.0   5.9  25.6   14:20   ENE
 5  13.5  20.7   14:17   8.5   04:48   5.1   0.3   0.0   3.8  17.3   15:27     W
 6  13.7  18.6   15:48   9.9   07:35   4.6   0.0   0.0   4.0  24.5   12:00     W
 7  12.6  17.3   14:00   9.4   05:51   5.7   0.0   3.6   4.2  35.6   19:16     S
 8  10.9  14.2   10:52   8.6   05:17   7.4   0.0   7.5   6.8  27.0   17:50   ENE
 9  10.2  12.4   13:38   8.9   22:13   8.1   0.0  19.5   6.7  42.8   10:16   ENE
10  10.4  13.4   14:16   8.7   02:51   7.9   0.0   3.6   5.2  39.2   21:45   NNW
11   9.5  10.6   15:19   7.6   10:26   8.8   0.0  16.5  10.6  47.9   17:17   NNE
12  10.5  14.0   17:13   8.7   22:49   7.8   0.0   0.0   7.9  47.9   00:08   NNW
13  11.2  16.0   14:57   7.0   07:21   7.1   0.0   0.0   5.2  46.4   15:52     W
14  10.1  14.3   13:14   6.6   05:41   8.2   0.0   0.0   5.3  30.6   09:28   NNW
15  10.0  13.6   17:11   7.2   23:23   8.3   0.0   0.0   2.1  15.8   13:30   NNW
16   9.5  15.1   12:59   5.4   05:16   8.8   0.0   0.0   5.2  37.8   09:12   NNW
17  10.0  16.5   12:43   4.3   05:45   8.3   0.0   0.0   7.6  36.7   15:02   NNE
18  11.1  17.1   16:03   5.8   06:32   7.2   0.0   0.0   5.2  23.4   12:34     W
19  13.5  19.9   14:08   7.7   06:59   5.0   0.2   0.0   4.1  31.7   15:03    SW
20  16.0  24.2   14:28   9.8   06:21   3.5   1.2   0.0   2.7  17.3   16:04    SW
21  16.2  22.9   14:16  10.8   06:53   3.1   1.0   0.0   4.0  23.4   13:28    SE
22  15.3  21.2   13:57  10.8   23:42   3.5   0.5   0.0   4.6  39.2   15:57   ENE
23  15.3  22.1   13:04   9.2   06:04   3.9   0.9   0.0   5.3  33.1   09:58    NW
24  16.0  24.7   15:30   8.0   06:25   3.9   1.6   0.0   3.1  23.4   13:27   WSW
25  16.9  25.0   14:08   9.2   05:51   3.3   1.9   0.0   3.0  20.9   14:17   WSW
30  12.0  12.9   00:00  10.3   06:47   1.5   0.0   0.0  ----   8.6   02:19    NW
31  15.4  18.7   15:50   0.0   13:32   1.2   0.0   0.0  10.7  56.2   14:34     N
----------------------------------------------------------------------------------
    12.6  25.0    25     0.0    31   154.8   7.8  50.7   5.2  56.2    31     NNW

Max >=  27.0:  0
Max <=   0.0:  0
Min <=   0.0:  1
Min <= -18.0:  0
Max Rain: 19.5 on day 9
Days of Rain: 5 (>= 0.2 mm)  5 (>= 2.0 mm)  0 (>= 20.0 mm)
Heat Base: 18.3  Cool Base: 18.3  Method: Integration