2011 2012 2013

NOAA style reports

NOAA-style Climate Reports

Select a Year or Month report
V/Λ2017 > Jan Feb Mar Apr May Jun Jul Aug Sep Oct Nov Dec
V/Λ2016 > Jan Feb Mar Apr May Jun Jul Aug Sep Oct Nov Dec
V/Λ2015 > Jan Feb Mar Apr May Jun Jul Aug Sep Oct Nov Dec
V/Λ2014 > Jan Feb Mar Apr May Jun Jul Aug Sep Oct Nov Dec
V/Λ2013 > Jan Feb Mar Apr May Jun Jul Aug Sep Oct Nov Dec
V/Λ2012 > Jan Feb Mar Apr May Jun Jul Aug Sep Oct Nov Dec
V/Λ2011 > Jan Feb Mar Apr May Jun Jul Aug Sep Oct Nov Dec
V/Λ2010 > Jan Feb Mar Apr May Jun Jul Aug Sep Oct Nov Dec
V/Λ2009 > Jan Feb Mar Apr May Jun Jul Aug Sep Oct Nov Dec
V/Λ2008 > Jan Feb Mar Apr May Jun Jul Aug Sep Oct Nov Dec
V/Λ2007 > Jan Feb Mar Apr May Jun Jul Aug Sep Oct Nov Dec
V/Λ2006 > Jan Feb Mar Apr May Jun Jul Aug Sep Oct Nov Dec
V/Λ2005 > Jan Feb Mar Apr May Jun Jul Aug Sep Oct Nov Dec
V/Λ2004 > Jan Feb Mar Apr May Jun Jul Aug Sep Oct Nov Dec
V/Λ2003 > Jan Feb Mar Apr May Jun Jul Aug Sep Oct Nov Dec
V/Λ2002 > Jan Feb Mar Apr May Jun Jul Aug Sep Oct Nov Dec
V/Λ2001 > Jan Feb Mar Apr May Jun Jul Aug Sep Oct Nov Dec
V/Λ2000 > Jan Feb Mar Apr May Jun Jul Aug Sep Oct Nov Dec
V/Λ1999 > Jan Feb Mar Apr May Jun Jul Aug Sep Oct Nov Dec
V/Λ1998 > Jan Feb Mar Apr May Jun Jul Aug Sep Oct Nov Dec
V/Λ1997 > Jan Feb Mar Apr May Jun Jul Aug Sep Oct Nov Dec
V/Λ1996 > Jan Feb Mar Apr May Jun Jul Aug Sep Oct Nov Dec
V/Λ1995 > Jan Feb Mar Apr May Jun Jul Aug Sep Oct Nov Dec
V/Λ1994 > Jan Feb Mar Apr May Jun Jul Aug Sep Oct Nov Dec
V/Λ1993 > Jan Feb Mar Apr May Jun Jul Aug Sep Oct Nov Dec
V/Λ1992 > Jan Feb Mar Apr May Jun Jul Aug Sep Oct Nov Dec
V/Λ1991 > Jan Feb Mar Apr May Jun Jul Aug Sep Oct Nov Dec
V/Λ1990 > Jan Feb Mar Apr May Jun Jul Aug Sep Oct Nov Dec
V/Λ1989 > Jan Feb Mar Apr May Jun Jul Aug Sep Oct Nov Dec
V/Λ1988 > Jan Feb Mar Apr May Jun Jul Aug Sep Oct Nov Dec
V/Λ1987 > Jan Feb Mar Apr May Jun Jul Aug Sep Oct Nov Dec
V/Λ1986 > Jan Feb Mar Apr May Jun Jul Aug Sep Oct Nov Dec
V/Λ1985 > Jan Feb Mar Apr May Jun Jul Aug Sep Oct Nov Dec
V/Λ1984 > Jan Feb Mar Apr May Jun Jul Aug Sep Oct Nov Dec
V/Λ1983 > Jan Feb Mar Apr May Jun Jul Aug Sep Oct Nov Dec
V/Λ1982 > Jan Feb Mar Apr May Jun Jul Aug Sep Oct Nov Dec
V/Λ1981 > Jan Feb Mar Apr May Jun Jul Aug Sep Oct Nov Dec
V/Λ1980 > Jan Feb Mar Apr May Jun Jul Aug Sep Oct Nov Dec

Report for 2017 Feb
                   Monthly Climatological Summary for Feb 2017

Name: www.anoliosia.meteoclub.gr/NOAA-reports.php   City: Ano LIOSIA   State: Attiki GR
Elevation: 190 m  Lat: N 38 05' 26"   Lon: E 023 41' 56"

                  Temperature (C), Rain (mm), Wind Speed (km/h)

                                      Heat  Cool        Avg
    Mean                              Deg   Deg         Wind                 Dom
Day Temp  High   Time   Low    Time   Days  Days  Rain  Speed High   Time    Dir
----------------------------------------------------------------------------------
 1   6.0  12.4   15:33   0.8   06:15  12.3   0.0   0.0   3.0  17.3   14:10   WNW
 2   9.3  15.8   14:10   5.0   04:57   9.0   0.0   0.0   3.5  14.8   01:39   WNW
 3  10.9  16.7   13:59   6.2   06:52   7.4   0.0   0.0   2.5  22.0   14:04   WSW
 4  11.8  17.4   14:28   6.7   06:16   6.5   0.0   0.0   5.3  29.5   14:39   WSW
 5  13.0  17.0   15:22  10.7   07:54   5.3   0.0   0.0   2.8  17.3   15:10     W
 6  13.2  17.3   12:40   9.5   07:28   5.1   0.0   0.0   6.2  43.9   17:37     S
 7  11.0  14.0   03:53   0.0   07:13   3.1   0.0   7.5   4.5  49.0   04:01   SSW
 8   9.4  12.0   16:35   7.2   23:56   8.9   0.0   2.1   2.1  24.5   16:53    NW
 9   8.5  11.5   14:18   6.3   02:00   9.8   0.0   0.0   8.3  35.6   09:58   ENE
10   8.2  10.7   14:06   7.0   00:14  10.1   0.0   0.0  12.6  40.3   07:58   ENE
11   7.6  11.4   12:57   5.3   23:59  10.7   0.0   0.0   8.8  39.2   16:03   NNE
12   5.8   7.9   12:12   4.9   01:29  12.5   0.0   0.0   6.7  40.3   12:26   NNW
13   4.9   7.0   14:36   3.5   06:12  13.4   0.0   0.0   5.5  43.9   21:34    NE
14   5.0   7.6   14:12   3.4   06:50  13.3   0.0   0.0   8.2  47.9   10:44     N
16   2.9   5.3   09:08   1.6   05:53   5.9   0.0   0.0  ----  23.4   02:47     W
17  10.1  14.9   14:48   0.0   08:22   5.3   0.0   0.0   4.9  17.3   13:48     W
18  10.1  16.9   14:50   5.0   06:37   8.2   0.0   0.0   4.2  25.6   13:49     W
19  11.8  15.4   14:04   8.4   05:18   6.5   0.0   0.0   3.6  20.9   18:38   WSW
20  12.5  17.8   14:45   8.6   07:05   5.8   0.0   0.0   3.7  22.0   13:51   WSW
21  11.3  16.1   14:03   8.4   05:11   7.0   0.0   0.0   3.6  23.4   14:51   ENE
22  11.7  17.8   14:05   6.8   07:10   6.6   0.0   0.0   3.4  18.4   13:40     W
23  11.9  18.3   13:51   6.5   06:54   6.4   0.0   0.0   4.5  25.6   14:26   WSW
24  12.9  18.5   15:05   8.2   01:56   5.4   0.0   0.0   5.3  28.1   11:08   WSW
25  13.5  18.5   12:51   9.2   06:12   4.8   0.0   0.9   3.3  23.4   13:21   SSW
26  13.2  16.3   13:10  11.8   07:07   5.1   0.0   3.0   3.2  19.4   10:36    NE
27  12.6  16.1   13:29   9.2   23:52   5.7   0.0   0.0   2.8  18.4   10:56   ENE
28  12.6  19.9   14:47   7.6   07:02   5.8   0.2   0.0   1.9  18.4   15:09    SW
----------------------------------------------------------------------------------
    10.1  19.9    28     0.0     7   205.9   0.2  13.5   4.8  49.0     7      NW

Max >=  27.0:  0
Max <=   0.0:  0
Min <=   0.0:  2
Min <= -18.0:  0
Max Rain: 7.5 on day 7
Days of Rain: 4 (>= 0.2 mm)  3 (>= 2.0 mm)  0 (>= 20.0 mm)
Heat Base: 18.3  Cool Base: 18.3  Method: Integration