2011 2012 2013

NOAA style reports

NOAA-style Climate Reports

Select a Year or Month report
V/Λ2017 > Jan Feb Mar Apr May Jun Jul Aug Sep Oct Nov Dec
V/Λ2016 > Jan Feb Mar Apr May Jun Jul Aug Sep Oct Nov Dec
V/Λ2015 > Jan Feb Mar Apr May Jun Jul Aug Sep Oct Nov Dec
V/Λ2014 > Jan Feb Mar Apr May Jun Jul Aug Sep Oct Nov Dec
V/Λ2013 > Jan Feb Mar Apr May Jun Jul Aug Sep Oct Nov Dec
V/Λ2012 > Jan Feb Mar Apr May Jun Jul Aug Sep Oct Nov Dec
V/Λ2011 > Jan Feb Mar Apr May Jun Jul Aug Sep Oct Nov Dec
V/Λ2010 > Jan Feb Mar Apr May Jun Jul Aug Sep Oct Nov Dec
V/Λ2009 > Jan Feb Mar Apr May Jun Jul Aug Sep Oct Nov Dec
V/Λ2008 > Jan Feb Mar Apr May Jun Jul Aug Sep Oct Nov Dec
V/Λ2007 > Jan Feb Mar Apr May Jun Jul Aug Sep Oct Nov Dec
V/Λ2006 > Jan Feb Mar Apr May Jun Jul Aug Sep Oct Nov Dec
V/Λ2005 > Jan Feb Mar Apr May Jun Jul Aug Sep Oct Nov Dec
V/Λ2004 > Jan Feb Mar Apr May Jun Jul Aug Sep Oct Nov Dec
V/Λ2003 > Jan Feb Mar Apr May Jun Jul Aug Sep Oct Nov Dec
V/Λ2002 > Jan Feb Mar Apr May Jun Jul Aug Sep Oct Nov Dec
V/Λ2001 > Jan Feb Mar Apr May Jun Jul Aug Sep Oct Nov Dec
V/Λ2000 > Jan Feb Mar Apr May Jun Jul Aug Sep Oct Nov Dec
V/Λ1999 > Jan Feb Mar Apr May Jun Jul Aug Sep Oct Nov Dec
V/Λ1998 > Jan Feb Mar Apr May Jun Jul Aug Sep Oct Nov Dec
V/Λ1997 > Jan Feb Mar Apr May Jun Jul Aug Sep Oct Nov Dec
V/Λ1996 > Jan Feb Mar Apr May Jun Jul Aug Sep Oct Nov Dec
V/Λ1995 > Jan Feb Mar Apr May Jun Jul Aug Sep Oct Nov Dec
V/Λ1994 > Jan Feb Mar Apr May Jun Jul Aug Sep Oct Nov Dec
V/Λ1993 > Jan Feb Mar Apr May Jun Jul Aug Sep Oct Nov Dec
V/Λ1992 > Jan Feb Mar Apr May Jun Jul Aug Sep Oct Nov Dec
V/Λ1991 > Jan Feb Mar Apr May Jun Jul Aug Sep Oct Nov Dec
V/Λ1990 > Jan Feb Mar Apr May Jun Jul Aug Sep Oct Nov Dec
V/Λ1989 > Jan Feb Mar Apr May Jun Jul Aug Sep Oct Nov Dec
V/Λ1988 > Jan Feb Mar Apr May Jun Jul Aug Sep Oct Nov Dec
V/Λ1987 > Jan Feb Mar Apr May Jun Jul Aug Sep Oct Nov Dec
V/Λ1986 > Jan Feb Mar Apr May Jun Jul Aug Sep Oct Nov Dec
V/Λ1985 > Jan Feb Mar Apr May Jun Jul Aug Sep Oct Nov Dec
V/Λ1984 > Jan Feb Mar Apr May Jun Jul Aug Sep Oct Nov Dec
V/Λ1983 > Jan Feb Mar Apr May Jun Jul Aug Sep Oct Nov Dec
V/Λ1982 > Jan Feb Mar Apr May Jun Jul Aug Sep Oct Nov Dec
V/Λ1981 > Jan Feb Mar Apr May Jun Jul Aug Sep Oct Nov Dec
V/Λ1980 > Jan Feb Mar Apr May Jun Jul Aug Sep Oct Nov Dec

Report for 2017 Jan
                   Monthly Climatological Summary for Jan 2017

Name: www.anoliosia.meteoclub.gr/NOAA-reports.php   City: Ano LIOSIA   State: Attiki GR
Elevation: 190 m  Lat: N 38 05' 26"   Lon: E 023 41' 56"

                  Temperature (C), Rain (mm), Wind Speed (km/h)

                                      Heat  Cool        Avg
    Mean                              Deg   Deg         Wind                 Dom
Day Temp  High   Time   Low    Time   Days  Days  Rain  Speed High   Time    Dir
----------------------------------------------------------------------------------
 1   4.8   9.6   14:16   2.0   23:50  13.5   0.0   0.0   6.6  30.6   12:51   WNW
 2   6.4  13.1   14:46   1.8   01:43  11.9   0.0   0.0   3.6  22.0   11:22   WNW
 3   8.8  15.0   14:01   5.2   05:01   9.5   0.0   0.0   5.0  28.1   14:13     W
 4  10.1  14.9   13:47   6.0   07:21   8.2   0.0   0.0   3.4  20.9   13:54   WNW
 5  11.7  16.1   13:35   7.0   07:10   6.6   0.0   0.0   5.2  34.2   13:12   WSW
 6   9.4  13.4   00:00   3.1   23:11   8.9   0.0   0.0   9.4  60.1   21:36    NW
 7   0.8   3.2   00:01  -1.1   22:56  17.5   0.0   0.0  17.5  58.7   01:28     N
 8  -0.9   2.2   16:05  -2.9   06:52  15.9   0.0   0.0  11.0  56.2   03:34   NNW
 9   0.7   3.7   14:08  -1.9   23:15   8.3   0.0   0.0   3.8  19.4   14:55   NNW
10   1.1   3.7   12:26  -1.4   00:00  17.2   0.0   2.4   4.2  42.8   14:26   WNW
11   8.5   9.6   11:31   1.7   00:03   6.4   0.0   6.0   3.9  31.7   12:25     W
12   8.1  12.8   14:59   3.7   23:17   9.9   0.0   0.3   8.0  43.9   05:59     W
13   7.3  13.4   14:01   2.8   07:40  11.0   0.0   0.0   4.2  24.5   13:40   WNW
14  10.4  15.6   13:56   7.5   00:00   7.9   0.0   0.0   5.6  25.6   14:06     W
15   9.4  14.4   14:44   6.0   23:34   8.9   0.0   2.7   6.7  34.2   20:06    NW
16   8.5  12.3   13:47   5.6   07:54   9.8   0.0   3.0   4.8 157.0   12:30   ENE
17   9.0  12.6   13:54   5.8   04:49   9.3   0.0   0.0   1.4  27.0   12:21   SSE
18   9.3  13.8   14:19   5.4   05:56   9.0   0.0  12.3   3.5  28.1   19:17   ENE
19   9.2  12.2   13:07   6.6   23:03   9.1   0.0   0.3   5.7  47.9   17:47    NW
20   6.9   9.5   12:10   5.3   23:39  11.4   0.0   0.0   5.9  25.6   08:44   ENE
21   6.5  11.4   13:51   3.2   23:23  11.8   0.0   0.0   3.0  23.4   15:22     N
22   5.4  10.5   13:35   1.7   05:07  12.9   0.0   0.0   3.3  34.2   13:43   ENE
23   5.7   8.3   23:03   2.3   03:52  12.6   0.0   0.0   7.0  37.8   10:52   ENE
24   7.4   9.0   12:44   6.2   02:54  10.9   0.0   4.5   7.4  42.8   06:11    NE
25   5.7   6.7   00:00   5.0   22:16  12.6   0.0   1.2   7.3  46.4   01:32   WNW
26   4.2   5.4   00:00   2.1   23:33  14.1   0.0   0.0   9.3  30.6   12:25   ENE
27   2.8   5.6   16:07   0.6   22:08  15.5   0.0   0.0   6.1  27.0   00:08   NNE
28   4.6  10.2   14:37  -0.3   03:41  13.7   0.0   0.0   5.2  22.0   17:57   ENE
29   5.0   9.1   12:29   1.0   07:31  13.3   0.0   0.0   5.7  29.5   12:05    NE
30   5.0   8.1   14:55   2.1   03:11  13.3   0.0   0.0   2.5  28.1   14:07     N
31   4.6   7.6   16:25   1.6   23:57  13.7   0.0   0.0   2.3  24.5   13:49     N
----------------------------------------------------------------------------------
     6.3  16.1     5    -2.9     8   354.6   0.0  32.7   5.8 157.0    16     NNW

Max >=  27.0:  0
Max <=   0.0:  0
Min <=   0.0:  5
Min <= -18.0:  0
Max Rain: 12.3 on day 18
Days of Rain: 9 (>= 0.2 mm)  6 (>= 2.0 mm)  0 (>= 20.0 mm)
Heat Base: 18.3  Cool Base: 18.3  Method: Integration