2011 2012 2013

NOAA style reports

NOAA-style Climate Reports

Select a Year or Month report
V/Λ2017 > Jan Feb Mar Apr May Jun Jul Aug Sep Oct Nov Dec
V/Λ2016 > Jan Feb Mar Apr May Jun Jul Aug Sep Oct Nov Dec
V/Λ2015 > Jan Feb Mar Apr May Jun Jul Aug Sep Oct Nov Dec
V/Λ2014 > Jan Feb Mar Apr May Jun Jul Aug Sep Oct Nov Dec
V/Λ2013 > Jan Feb Mar Apr May Jun Jul Aug Sep Oct Nov Dec
V/Λ2012 > Jan Feb Mar Apr May Jun Jul Aug Sep Oct Nov Dec
V/Λ2011 > Jan Feb Mar Apr May Jun Jul Aug Sep Oct Nov Dec
V/Λ2010 > Jan Feb Mar Apr May Jun Jul Aug Sep Oct Nov Dec
V/Λ2009 > Jan Feb Mar Apr May Jun Jul Aug Sep Oct Nov Dec
V/Λ2008 > Jan Feb Mar Apr May Jun Jul Aug Sep Oct Nov Dec
V/Λ2007 > Jan Feb Mar Apr May Jun Jul Aug Sep Oct Nov Dec
V/Λ2006 > Jan Feb Mar Apr May Jun Jul Aug Sep Oct Nov Dec
V/Λ2005 > Jan Feb Mar Apr May Jun Jul Aug Sep Oct Nov Dec
V/Λ2004 > Jan Feb Mar Apr May Jun Jul Aug Sep Oct Nov Dec
V/Λ2003 > Jan Feb Mar Apr May Jun Jul Aug Sep Oct Nov Dec
V/Λ2002 > Jan Feb Mar Apr May Jun Jul Aug Sep Oct Nov Dec
V/Λ2001 > Jan Feb Mar Apr May Jun Jul Aug Sep Oct Nov Dec
V/Λ2000 > Jan Feb Mar Apr May Jun Jul Aug Sep Oct Nov Dec
V/Λ1999 > Jan Feb Mar Apr May Jun Jul Aug Sep Oct Nov Dec
V/Λ1998 > Jan Feb Mar Apr May Jun Jul Aug Sep Oct Nov Dec
V/Λ1997 > Jan Feb Mar Apr May Jun Jul Aug Sep Oct Nov Dec
V/Λ1996 > Jan Feb Mar Apr May Jun Jul Aug Sep Oct Nov Dec
V/Λ1995 > Jan Feb Mar Apr May Jun Jul Aug Sep Oct Nov Dec
V/Λ1994 > Jan Feb Mar Apr May Jun Jul Aug Sep Oct Nov Dec
V/Λ1993 > Jan Feb Mar Apr May Jun Jul Aug Sep Oct Nov Dec
V/Λ1992 > Jan Feb Mar Apr May Jun Jul Aug Sep Oct Nov Dec
V/Λ1991 > Jan Feb Mar Apr May Jun Jul Aug Sep Oct Nov Dec
V/Λ1990 > Jan Feb Mar Apr May Jun Jul Aug Sep Oct Nov Dec
V/Λ1989 > Jan Feb Mar Apr May Jun Jul Aug Sep Oct Nov Dec
V/Λ1988 > Jan Feb Mar Apr May Jun Jul Aug Sep Oct Nov Dec
V/Λ1987 > Jan Feb Mar Apr May Jun Jul Aug Sep Oct Nov Dec
V/Λ1986 > Jan Feb Mar Apr May Jun Jul Aug Sep Oct Nov Dec
V/Λ1985 > Jan Feb Mar Apr May Jun Jul Aug Sep Oct Nov Dec
V/Λ1984 > Jan Feb Mar Apr May Jun Jul Aug Sep Oct Nov Dec
V/Λ1983 > Jan Feb Mar Apr May Jun Jul Aug Sep Oct Nov Dec
V/Λ1982 > Jan Feb Mar Apr May Jun Jul Aug Sep Oct Nov Dec
V/Λ1981 > Jan Feb Mar Apr May Jun Jul Aug Sep Oct Nov Dec
V/Λ1980 > Jan Feb Mar Apr May Jun Jul Aug Sep Oct Nov Dec

Report for 2016 Dec
                   Monthly Climatological Summary for Dec 2016

Name: www.anoliosia.meteoclub.gr/NOAA-reports.php   City: Ano LIOSIA   State: Attiki GR
Elevation: 190 m  Lat: N 38 05' 26"   Lon: E 023 41' 56"

                  Temperature (C), Rain (mm), Wind Speed (km/h)

                                      Heat  Cool        Avg
    Mean                              Deg   Deg         Wind                 Dom
Day Temp  High   Time   Low    Time   Days  Days  Rain  Speed High   Time    Dir
----------------------------------------------------------------------------------
 1   6.0   7.7   15:01   0.0   07:51   8.3   0.0   1.5   5.9  35.6   07:56    NW
 2  10.0  15.5   14:09   3.3   05:30   8.3   0.0   0.0   7.9  55.1   19:11     W
 3  11.9  15.0   13:05   8.7   06:51   6.4   0.0   1.5   5.2  29.5   00:46    NE
 4  11.5  12.9   10:33  10.2   23:47   6.7   0.0   0.0   9.7  37.8   18:25   ENE
 5   9.9  13.6   14:25   5.6   23:33   8.4   0.0   0.0   5.2  34.2   07:36    NE
 6   8.6  13.7   12:46   3.8   07:18   9.7   0.0   0.3   1.1  14.8   13:33   WSW
 7  10.5  13.2   12:13   7.6   07:44   7.8   0.0   0.3   4.5  42.8   22:37    NE
 8   7.3  10.6   15:05   2.9   23:49  11.0   0.0   0.0   6.3  41.8   03:40   ENE
 9   7.0  14.2   14:51   1.3   05:13  11.3   0.0   0.0   2.1  13.3   01:57   WNW
10  10.5  18.1   14:13   5.4   06:53   7.8   0.0   0.0   1.2  12.2   14:32   WNW
11  11.4  17.8   15:09   6.6   07:23   6.9   0.0   0.0   2.3  14.8   12:23   WNW
12  13.2  18.1   12:54   7.7   01:51   5.0   0.0   0.0   6.8  42.8   06:39     W
13   9.1  12.4   11:55   3.9   23:43   9.2   0.0   1.2  12.2  54.0   03:15   NNE
14   4.3   8.5   15:17   1.8   08:06  13.9   0.0   0.0   5.2  31.7   00:01    NE
15   7.0  14.3   14:03   0.5   05:58  11.2   0.0   0.0   3.6  56.2   23:49   NNW
16   6.8   8.7   13:07   5.6   23:48  11.5   0.0   0.0   9.8  42.8   00:00    NE
17   5.1   7.7   13:37   3.5   23:58  13.1   0.0   0.0   8.0  34.2   11:19    NE
18   5.3  11.5   14:26   1.4   03:50  12.9   0.0   0.0   4.9  29.5   04:02   WNW
19   5.9  12.7   14:57   1.1   06:46  12.3   0.0   0.0   1.7  14.8   18:29   WNW
20   6.5  12.8   14:01   2.3   02:56  11.8   0.0   0.0   1.6  14.8   01:17   WNW
21   5.8   9.0   11:56   3.3   17:55  12.4   0.0   0.6  13.0  55.1   07:12    NE
22   5.2   6.7   12:24   3.3   02:41  13.1   0.0   0.3   9.5  46.4   16:17     N
23   6.4   7.8   14:16   4.2   08:28  11.8   0.0   0.6   9.3  50.0   16:21   WNW
24   8.3  11.4   11:32   4.9   23:58  10.0   0.0   0.0   7.5  52.6   13:23     N
25   8.1  14.7   14:44   1.8   07:56  10.2   0.0   0.0   4.2  46.4   18:14    NW
26   9.7  11.7   13:53   6.5   05:56   8.6   0.0   0.0   4.7  42.8   09:18    NW
27  10.1  14.7   14:20   7.6   08:00   8.2   0.0   0.3   1.2  22.0   13:02   WNW
28   5.7   9.7   00:00   3.7   20:17  12.5   0.0   5.1  14.6  69.8   20:42   NNW
29   2.5   4.5   00:00  -0.2   03:13  15.8   0.0   8.1  13.6  64.8   15:02     N
30   1.8   3.8   00:00   0.5   16:39  16.5   0.0   3.6   7.8  43.9   01:16     N
31   2.7   5.4   15:46   0.9   07:11  15.6   0.0   0.0  10.4  55.1   00:44   NNW
----------------------------------------------------------------------------------
     7.6  18.1    10    -0.2    29   328.2   0.0  23.4   6.5  69.8    28       N

Max >=  27.0:  0
Max <=   0.0:  0
Min <=   0.0:  2
Min <= -18.0:  0
Max Rain: 8.1 on day 29
Days of Rain: 12 (>= 0.2 mm)  3 (>= 2.0 mm)  0 (>= 20.0 mm)
Heat Base: 18.3  Cool Base: 18.3  Method: Integration