2011 2012 2013

NOAA style reports

NOAA-style Climate Reports

Select a Year or Month report
V/Λ2017 > Jan Feb Mar Apr May Jun Jul Aug Sep Oct Nov Dec
V/Λ2016 > Jan Feb Mar Apr May Jun Jul Aug Sep Oct Nov Dec
V/Λ2015 > Jan Feb Mar Apr May Jun Jul Aug Sep Oct Nov Dec
V/Λ2014 > Jan Feb Mar Apr May Jun Jul Aug Sep Oct Nov Dec
V/Λ2013 > Jan Feb Mar Apr May Jun Jul Aug Sep Oct Nov Dec
V/Λ2012 > Jan Feb Mar Apr May Jun Jul Aug Sep Oct Nov Dec
V/Λ2011 > Jan Feb Mar Apr May Jun Jul Aug Sep Oct Nov Dec
V/Λ2010 > Jan Feb Mar Apr May Jun Jul Aug Sep Oct Nov Dec
V/Λ2009 > Jan Feb Mar Apr May Jun Jul Aug Sep Oct Nov Dec
V/Λ2008 > Jan Feb Mar Apr May Jun Jul Aug Sep Oct Nov Dec
V/Λ2007 > Jan Feb Mar Apr May Jun Jul Aug Sep Oct Nov Dec
V/Λ2006 > Jan Feb Mar Apr May Jun Jul Aug Sep Oct Nov Dec
V/Λ2005 > Jan Feb Mar Apr May Jun Jul Aug Sep Oct Nov Dec
V/Λ2004 > Jan Feb Mar Apr May Jun Jul Aug Sep Oct Nov Dec
V/Λ2003 > Jan Feb Mar Apr May Jun Jul Aug Sep Oct Nov Dec
V/Λ2002 > Jan Feb Mar Apr May Jun Jul Aug Sep Oct Nov Dec
V/Λ2001 > Jan Feb Mar Apr May Jun Jul Aug Sep Oct Nov Dec
V/Λ2000 > Jan Feb Mar Apr May Jun Jul Aug Sep Oct Nov Dec
V/Λ1999 > Jan Feb Mar Apr May Jun Jul Aug Sep Oct Nov Dec
V/Λ1998 > Jan Feb Mar Apr May Jun Jul Aug Sep Oct Nov Dec
V/Λ1997 > Jan Feb Mar Apr May Jun Jul Aug Sep Oct Nov Dec
V/Λ1996 > Jan Feb Mar Apr May Jun Jul Aug Sep Oct Nov Dec
V/Λ1995 > Jan Feb Mar Apr May Jun Jul Aug Sep Oct Nov Dec
V/Λ1994 > Jan Feb Mar Apr May Jun Jul Aug Sep Oct Nov Dec
V/Λ1993 > Jan Feb Mar Apr May Jun Jul Aug Sep Oct Nov Dec
V/Λ1992 > Jan Feb Mar Apr May Jun Jul Aug Sep Oct Nov Dec
V/Λ1991 > Jan Feb Mar Apr May Jun Jul Aug Sep Oct Nov Dec
V/Λ1990 > Jan Feb Mar Apr May Jun Jul Aug Sep Oct Nov Dec
V/Λ1989 > Jan Feb Mar Apr May Jun Jul Aug Sep Oct Nov Dec
V/Λ1988 > Jan Feb Mar Apr May Jun Jul Aug Sep Oct Nov Dec
V/Λ1987 > Jan Feb Mar Apr May Jun Jul Aug Sep Oct Nov Dec
V/Λ1986 > Jan Feb Mar Apr May Jun Jul Aug Sep Oct Nov Dec
V/Λ1985 > Jan Feb Mar Apr May Jun Jul Aug Sep Oct Nov Dec
V/Λ1984 > Jan Feb Mar Apr May Jun Jul Aug Sep Oct Nov Dec
V/Λ1983 > Jan Feb Mar Apr May Jun Jul Aug Sep Oct Nov Dec
V/Λ1982 > Jan Feb Mar Apr May Jun Jul Aug Sep Oct Nov Dec
V/Λ1981 > Jan Feb Mar Apr May Jun Jul Aug Sep Oct Nov Dec
V/Λ1980 > Jan Feb Mar Apr May Jun Jul Aug Sep Oct Nov Dec

Report for 2016 Jul
                   Monthly Climatological Summary for Jul 2016

Name: www.anoliosia.meteoclub.gr/NOAA-reports.php   City: Ano LIOSIA   State: Attiki GR
Elevation: 190 m  Lat: N 38 05' 26"   Lon: E 023 41' 56"

                  Temperature (C), Rain (mm), Wind Speed (km/h)

                                      Heat  Cool        Avg
    Mean                              Deg   Deg         Wind                 Dom
Day Temp  High   Time   Low    Time   Days  Days  Rain  Speed High   Time    Dir
----------------------------------------------------------------------------------
 1  27.9  33.6   12:42  22.1   05:57   0.0   9.6   0.0   4.4  29.5   13:18     E
 2  28.7  34.8   13:09  22.7   05:33   0.0  10.4   0.0   3.7  28.1   16:31    NE
 3  29.0  34.5   14:33  22.5   06:38   0.0  10.7   0.0   4.9  29.5   14:42   NNW
 4  28.9  33.4   14:42  23.6   05:42   0.0  10.6   0.0   6.6  40.3   16:46   NNE
 5  28.5  32.5   16:33  25.1   05:26   0.0  10.2   0.0   8.6  33.1   11:13    NE
 6  27.6  33.0   14:34  22.9   03:39   0.0   9.3   0.0   6.7  35.6   15:39   ENE
 7  28.1  31.5   14:46  23.5   06:50   0.0   8.0   0.0   8.3  31.7   11:41     N
 8  27.0  31.6   14:35  23.7   05:06   0.0   8.7   0.0   7.7  39.2   10:13   NNE
 9  26.8  31.5   14:42  21.8   04:14   0.0   8.5   0.0   7.7  41.8   16:50     N
10  28.3  35.4   14:48  21.0   06:01   0.0  10.0   0.0   5.3  45.4   13:15    NE
11  28.1  32.9   14:42  24.0   23:53   0.0   9.8   0.0   8.2  46.4   16:54    NE
12  27.1  32.5   14:43  22.6   04:54   0.0   8.8   0.0   6.7  36.7   14:25   NNW
13  28.1  35.5   14:43  20.6   05:51   0.0   9.8   0.0   2.7  22.0   14:21   ESE
14  29.4  37.5   14:42  21.8   05:52   0.0  11.1   0.0   2.9  23.4   15:33     S
15  30.9  37.3   14:44  23.8   06:08   0.0  12.6   0.0   3.2  22.0   14:21     S
16  28.4  33.5   14:38  24.3   05:35   0.0  10.0   0.0   8.3  33.1   17:48   WSW
17  28.8  32.8   18:16  20.7   06:56   0.0  10.5   0.0   7.7  31.7   17:55   WSW
18  27.1  30.8   14:38  23.7   06:48   0.0   8.8   0.0  10.7  43.9   07:35     N
19  26.0  29.2   14:43  22.8   06:04   0.0   7.7   0.0  11.9  35.6   02:17     N
20  27.2  29.8   13:29  23.9   05:26   0.0   8.9   0.0  11.2  37.8   13:57   NNE
21  27.1  31.1   14:42  21.3   06:30   0.0   8.8   0.0   9.0  36.7   17:12     N
22  27.9  34.6   15:13  21.5   06:46   0.0   9.6   0.0   4.7  34.2   11:01   WNW
23  28.5  34.7   18:22  21.4   05:46   0.0  10.2   0.0   5.3  30.6   13:23   NNE
24  30.7  35.7   14:30  23.6   06:37   0.0  11.2   0.0   4.4  29.5   21:26     N
25  30.3  33.6   14:08  26.2   23:55   0.0  11.9   0.0  10.0  37.8   12:25   NNE
26  28.4  32.8   14:40  25.1   05:17   0.0  10.1   0.0   9.4  35.6   09:48   NNW
27  27.7  31.9   14:41  24.3   06:47   0.0   9.4   0.0  11.3  39.2   10:56   NNW
28  28.6  33.0   13:38  24.5   05:07   0.0  10.3   0.0   9.6  31.7   10:15   NNW
29  29.4  33.5   16:59  23.9   06:35   0.0  11.1   0.0   8.4  34.2   13:20     N
30  30.3  35.5   14:47  24.4   06:44   0.0  12.0   0.0   7.6  33.1   14:48     N
31  30.3  34.6   14:30  25.1   04:47   0.0  12.0   0.0   8.2  35.6   11:43   NNE
----------------------------------------------------------------------------------
    28.4  37.5    14    20.6    13     0.0 310.6   0.0   7.3  46.4    11       N

Max >=  27.0: 31
Max <=   0.0:  0
Min <=   0.0:  0
Min <= -18.0:  0
Max Rain: 0.0 on day 0
Days of Rain: 0 (>= 0.2 mm)  0 (>= 2.0 mm)  0 (>= 20.0 mm)
Heat Base: 18.3  Cool Base: 18.3  Method: Integration