2011 2012 2013

NOAA style reports

NOAA-style Climate Reports

Select a Year or Month report
V/Λ2017 > Jan Feb Mar Apr May Jun Jul Aug Sep Oct Nov Dec
V/Λ2016 > Jan Feb Mar Apr May Jun Jul Aug Sep Oct Nov Dec
V/Λ2015 > Jan Feb Mar Apr May Jun Jul Aug Sep Oct Nov Dec
V/Λ2014 > Jan Feb Mar Apr May Jun Jul Aug Sep Oct Nov Dec
V/Λ2013 > Jan Feb Mar Apr May Jun Jul Aug Sep Oct Nov Dec
V/Λ2012 > Jan Feb Mar Apr May Jun Jul Aug Sep Oct Nov Dec
V/Λ2011 > Jan Feb Mar Apr May Jun Jul Aug Sep Oct Nov Dec
V/Λ2010 > Jan Feb Mar Apr May Jun Jul Aug Sep Oct Nov Dec
V/Λ2009 > Jan Feb Mar Apr May Jun Jul Aug Sep Oct Nov Dec
V/Λ2008 > Jan Feb Mar Apr May Jun Jul Aug Sep Oct Nov Dec
V/Λ2007 > Jan Feb Mar Apr May Jun Jul Aug Sep Oct Nov Dec
V/Λ2006 > Jan Feb Mar Apr May Jun Jul Aug Sep Oct Nov Dec
V/Λ2005 > Jan Feb Mar Apr May Jun Jul Aug Sep Oct Nov Dec
V/Λ2004 > Jan Feb Mar Apr May Jun Jul Aug Sep Oct Nov Dec
V/Λ2003 > Jan Feb Mar Apr May Jun Jul Aug Sep Oct Nov Dec
V/Λ2002 > Jan Feb Mar Apr May Jun Jul Aug Sep Oct Nov Dec
V/Λ2001 > Jan Feb Mar Apr May Jun Jul Aug Sep Oct Nov Dec
V/Λ2000 > Jan Feb Mar Apr May Jun Jul Aug Sep Oct Nov Dec
V/Λ1999 > Jan Feb Mar Apr May Jun Jul Aug Sep Oct Nov Dec
V/Λ1998 > Jan Feb Mar Apr May Jun Jul Aug Sep Oct Nov Dec
V/Λ1997 > Jan Feb Mar Apr May Jun Jul Aug Sep Oct Nov Dec
V/Λ1996 > Jan Feb Mar Apr May Jun Jul Aug Sep Oct Nov Dec
V/Λ1995 > Jan Feb Mar Apr May Jun Jul Aug Sep Oct Nov Dec
V/Λ1994 > Jan Feb Mar Apr May Jun Jul Aug Sep Oct Nov Dec
V/Λ1993 > Jan Feb Mar Apr May Jun Jul Aug Sep Oct Nov Dec
V/Λ1992 > Jan Feb Mar Apr May Jun Jul Aug Sep Oct Nov Dec
V/Λ1991 > Jan Feb Mar Apr May Jun Jul Aug Sep Oct Nov Dec
V/Λ1990 > Jan Feb Mar Apr May Jun Jul Aug Sep Oct Nov Dec
V/Λ1989 > Jan Feb Mar Apr May Jun Jul Aug Sep Oct Nov Dec
V/Λ1988 > Jan Feb Mar Apr May Jun Jul Aug Sep Oct Nov Dec
V/Λ1987 > Jan Feb Mar Apr May Jun Jul Aug Sep Oct Nov Dec
V/Λ1986 > Jan Feb Mar Apr May Jun Jul Aug Sep Oct Nov Dec
V/Λ1985 > Jan Feb Mar Apr May Jun Jul Aug Sep Oct Nov Dec
V/Λ1984 > Jan Feb Mar Apr May Jun Jul Aug Sep Oct Nov Dec
V/Λ1983 > Jan Feb Mar Apr May Jun Jul Aug Sep Oct Nov Dec
V/Λ1982 > Jan Feb Mar Apr May Jun Jul Aug Sep Oct Nov Dec
V/Λ1981 > Jan Feb Mar Apr May Jun Jul Aug Sep Oct Nov Dec
V/Λ1980 > Jan Feb Mar Apr May Jun Jul Aug Sep Oct Nov Dec

Report for 2016 Jun
                   Monthly Climatological Summary for Jun 2016

Name: www.anoliosia.meteoclub.gr/NOAA-reports.php   City: Ano LIOSIA   State: Attiki GR
Elevation: 190 m  Lat: N 38 05' 26"   Lon: E 023 41' 56"

                  Temperature (C), Rain (mm), Wind Speed (km/h)

                                      Heat  Cool        Avg
    Mean                              Deg   Deg         Wind                 Dom
Day Temp  High   Time   Low    Time   Days  Days  Rain  Speed High   Time    Dir
----------------------------------------------------------------------------------
 1  27.1  33.6   14:28  19.9   06:22   0.0   8.8   0.0   3.1  20.9   13:20    SW
 2  22.7  29.7   10:25  20.2   05:18   0.0   1.9   0.0   0.9  11.2   00:00   WNW
 3  30.4  32.3   16:35   0.0   14:46   0.0   2.6   0.0   7.7  24.5   15:57     S
 4  25.6  27.0   19:15   0.0   19:14   0.0   0.4   0.0   4.9  14.8   19:15     S
 6  27.7  29.1   15:16   0.0   14:55   0.0   0.2   0.0  ----  13.3   15:12     S
 7  21.4  27.5   14:16   0.0   12:39   0.0   0.5   9.6   8.7  33.1   15:07   ENE
 8  20.3  24.0   14:20  16.2   23:53   0.1   2.1   0.3   5.1  29.5   13:43   NNE
 9  20.2  26.4   12:28  14.8   05:01   0.8   2.8   0.0   3.5  25.6   13:52   SSE
10  21.1  27.9   13:25  15.5   06:31   0.5   3.3   0.0   3.9  22.0   14:41     S
11  23.4  30.1   14:34  16.3   05:17   0.3   4.8   0.0   3.7  24.5   15:51     S
12  24.6  30.3   14:36   0.0   02:17   0.0   5.7   0.0   4.7  28.1   13:40    SW
13  23.2  28.7   13:13  19.3   05:47   0.0   3.7   0.0   3.5  25.6   18:40   SSW
14  24.3  31.2   15:56  18.6   06:16   0.0   4.4   0.6   6.2  37.8   15:59   WSW
15  25.4  31.2   14:35   0.0   00:10   0.0   7.0   0.0   8.0  39.2   16:23   WSW
16  22.8  23.8   00:00  21.7   03:07   0.0   0.6   0.0   2.3  12.2   01:23    NW
17  35.0  38.7   17:51   0.0   12:02   0.0   8.4   0.0   3.5  17.3   13:58    SW
18  33.6  41.1   16:45  24.9   06:19   0.0  11.9   0.0   3.2  18.4   17:18   SSW
19  33.6  41.3   13:54  27.3   04:46   0.0  13.2   0.0   4.1  24.5   15:35     E
20  32.8  40.1   14:43  26.4   06:04   0.0  14.5   0.0   3.1  17.3   13:19   SSW
21  31.4  37.7   14:32  24.7   06:03   0.0  13.1   0.0   5.0  33.1   12:14   NNW
22  30.8  35.8   14:31  27.0   06:41   0.0  12.5   0.0   9.1  46.4   11:22    NW
23  29.6  29.6   00:22  28.5   00:00   0.0  11.1   0.0   5.2  30.6   00:18    NE
24  32.4  34.3   17:31   0.0   11:37   0.0   7.3   0.0  12.4  43.9   12:23     N
25  29.8  34.2   14:45  26.0   06:38   0.0  11.5   0.0   9.3  46.4   18:28   NNE
26  27.6  31.8   17:35  24.3   06:15   0.0   9.3   0.0   9.1  45.4   08:22     N
27  28.3  35.0   13:40  22.7   06:07   0.0  10.0   0.0   3.9  27.0   11:14    SW
28  27.4  34.6   15:09  17.6   19:48   0.0   9.0  10.8   4.8  47.9   20:05     N
29  25.4  31.1   14:39  20.1   00:00   0.0   7.1   0.0   5.6  39.2   07:55   NNW
30  26.8  32.3   16:07  21.4   04:59   0.0   8.5   0.0   3.1  22.0   10:58   ENE
----------------------------------------------------------------------------------
    27.1  41.3    19     0.0     3     1.7 196.2  21.3   5.2  47.9    28      NW

Max >=  27.0: 26
Max <=   0.0:  0
Min <=   0.0:  8
Min <= -18.0:  0
Max Rain: 10.8 on day 28
Days of Rain: 4 (>= 0.2 mm)  2 (>= 2.0 mm)  0 (>= 20.0 mm)
Heat Base: 18.3  Cool Base: 18.3  Method: Integration