2011 2012 2013

NOAA style reports

NOAA-style Climate Reports

Select a Year or Month report
V/Λ2017 > Jan Feb Mar Apr May Jun Jul Aug Sep Oct Nov Dec
V/Λ2016 > Jan Feb Mar Apr May Jun Jul Aug Sep Oct Nov Dec
V/Λ2015 > Jan Feb Mar Apr May Jun Jul Aug Sep Oct Nov Dec
V/Λ2014 > Jan Feb Mar Apr May Jun Jul Aug Sep Oct Nov Dec
V/Λ2013 > Jan Feb Mar Apr May Jun Jul Aug Sep Oct Nov Dec
V/Λ2012 > Jan Feb Mar Apr May Jun Jul Aug Sep Oct Nov Dec
V/Λ2011 > Jan Feb Mar Apr May Jun Jul Aug Sep Oct Nov Dec
V/Λ2010 > Jan Feb Mar Apr May Jun Jul Aug Sep Oct Nov Dec
V/Λ2009 > Jan Feb Mar Apr May Jun Jul Aug Sep Oct Nov Dec
V/Λ2008 > Jan Feb Mar Apr May Jun Jul Aug Sep Oct Nov Dec
V/Λ2007 > Jan Feb Mar Apr May Jun Jul Aug Sep Oct Nov Dec
V/Λ2006 > Jan Feb Mar Apr May Jun Jul Aug Sep Oct Nov Dec
V/Λ2005 > Jan Feb Mar Apr May Jun Jul Aug Sep Oct Nov Dec
V/Λ2004 > Jan Feb Mar Apr May Jun Jul Aug Sep Oct Nov Dec
V/Λ2003 > Jan Feb Mar Apr May Jun Jul Aug Sep Oct Nov Dec
V/Λ2002 > Jan Feb Mar Apr May Jun Jul Aug Sep Oct Nov Dec
V/Λ2001 > Jan Feb Mar Apr May Jun Jul Aug Sep Oct Nov Dec
V/Λ2000 > Jan Feb Mar Apr May Jun Jul Aug Sep Oct Nov Dec
V/Λ1999 > Jan Feb Mar Apr May Jun Jul Aug Sep Oct Nov Dec
V/Λ1998 > Jan Feb Mar Apr May Jun Jul Aug Sep Oct Nov Dec
V/Λ1997 > Jan Feb Mar Apr May Jun Jul Aug Sep Oct Nov Dec
V/Λ1996 > Jan Feb Mar Apr May Jun Jul Aug Sep Oct Nov Dec
V/Λ1995 > Jan Feb Mar Apr May Jun Jul Aug Sep Oct Nov Dec
V/Λ1994 > Jan Feb Mar Apr May Jun Jul Aug Sep Oct Nov Dec
V/Λ1993 > Jan Feb Mar Apr May Jun Jul Aug Sep Oct Nov Dec
V/Λ1992 > Jan Feb Mar Apr May Jun Jul Aug Sep Oct Nov Dec
V/Λ1991 > Jan Feb Mar Apr May Jun Jul Aug Sep Oct Nov Dec
V/Λ1990 > Jan Feb Mar Apr May Jun Jul Aug Sep Oct Nov Dec
V/Λ1989 > Jan Feb Mar Apr May Jun Jul Aug Sep Oct Nov Dec
V/Λ1988 > Jan Feb Mar Apr May Jun Jul Aug Sep Oct Nov Dec
V/Λ1987 > Jan Feb Mar Apr May Jun Jul Aug Sep Oct Nov Dec
V/Λ1986 > Jan Feb Mar Apr May Jun Jul Aug Sep Oct Nov Dec
V/Λ1985 > Jan Feb Mar Apr May Jun Jul Aug Sep Oct Nov Dec
V/Λ1984 > Jan Feb Mar Apr May Jun Jul Aug Sep Oct Nov Dec
V/Λ1983 > Jan Feb Mar Apr May Jun Jul Aug Sep Oct Nov Dec
V/Λ1982 > Jan Feb Mar Apr May Jun Jul Aug Sep Oct Nov Dec
V/Λ1981 > Jan Feb Mar Apr May Jun Jul Aug Sep Oct Nov Dec
V/Λ1980 > Jan Feb Mar Apr May Jun Jul Aug Sep Oct Nov Dec

Report for 2016 Mar
                   Monthly Climatological Summary for Mar 2016

Name: www.anoliosia.meteoclub .gr   City: Ano Liosia   State: Attiki
Elevation: 160 m  Lat: N 38 08' 03"   Lon: E 024 12' 58"

                  Temperature (C), Rain (mm), Wind Speed (km/h)

                                      Heat  Cool        Avg
    Mean                              Deg   Deg         Wind                 Dom
Day Temp  High   Time   Low    Time   Days  Days  Rain  Speed High   Time    Dir
----------------------------------------------------------------------------------
 1  16.2  21.0   13:57  12.4   22:29   2.6   0.4   0.0   3.2  18.0   15:19     W
 2  13.4  19.1   14:04   7.7   07:05   4.9   0.1   0.0   4.2  26.0   14:09   WSW
 3  13.2  18.5   10:48   8.9   05:40   5.1   0.0   2.1   4.9  43.0   23:44    SW
 4  10.1  15.5   12:39   6.8   06:47   8.2   0.0   1.2   7.0  45.0   20:19     W
 5  11.3  17.1   10:43   5.6   06:51   7.0   0.0   0.3   5.9  28.0   01:37   WSW
 6  12.8  17.7   13:03   7.2   06:33   5.5   0.0   0.0   3.3  19.0   13:33   SSW
 7  13.7  17.7   23:42  13.5   00:00   4.7   0.0   0.0   2.0  11.0   23:42     S
 8  15.4  18.2   14:31  12.5   23:49   3.0   0.0   0.3   2.8  19.0   00:12   SSW
 9  13.0  17.5   13:39   9.3   22:15   5.3   0.0   7.2   5.1  30.0   22:55   NNE
10  11.5  16.0   14:54   7.2   06:21   6.8   0.0   0.3   7.4  34.0   17:47   WSW
11  12.5  17.5   10:37   8.3   07:12   5.8   0.0   0.0   3.8  23.0   15:07    SW
12  12.5  14.9   13:39  10.8   01:37   5.8   0.0   1.2   6.5  40.0   19:27    NE
13  15.4  18.4   10:35  13.3   21:33   2.9   0.0  10.0   5.9  32.0   22:33   ENE
14  11.1  17.5   13:33   6.0   22:23   7.2   0.0  15.8   6.7  39.0   13:54     N
15   7.8  11.4   10:31   5.9   03:17  10.5   0.0   0.0   4.7  26.0   17:27   ENE
16   8.4  12.0   10:30   5.7   22:56   9.9   0.0   0.0   8.7  37.0   10:47   ENE
17   8.2  10.8   12:21   5.7   00:00  10.3   0.0   0.0   4.8  24.0   08:19   ENE
18   8.9  14.0   13:09   5.0   04:02   9.4   0.0   2.1   1.8  23.0   21:32   WNW
19  12.1  17.6   16:52   7.9   06:45   6.2   0.0   0.0   5.8  34.0   11:28   WNW
20  13.4  20.1   10:28   8.1   02:23   4.9   0.0   0.0   3.7  23.0   10:49   WNW
21  13.4  19.7   10:27   7.4   06:09   5.0   0.1   0.0   3.6  24.0   11:43   WSW
22  14.2  18.8   10:25  10.6   06:27   4.1   0.0   0.0   1.1  10.0   05:55    SE
23  14.6  18.6   10:15  10.6   05:48   3.7   0.0   0.0   9.6  39.0   10:58   SSW
24  14.7  18.1   14:33  12.3   22:33   3.6   0.0   0.0   8.8  42.0   23:11   WSW
25  11.6  16.5   09:52   6.4   23:52   6.7   0.0   0.3   7.5  51.0   20:55   WNW
26   9.3  14.4   15:19   4.2   04:18   9.0   0.0   0.0   5.0  24.0   07:47    NE
27   8.4  14.2   11:13   6.5   23:55   9.5   0.0   4.5   3.2  21.0   19:20   ENE
28   9.7  15.8   11:16   4.8   07:31   8.6   0.0   0.0   4.0  22.0   05:33   WSW
29  12.2  15.2   10:30   6.2   07:06   6.1   0.0   0.0   1.7  16.0   00:33   NNW
30  12.9  22.7   14:52   0.0   00:22   6.1   0.8   0.0   3.4  16.0   18:04     W
31  16.3  24.0   11:16  10.6   06:04   3.1   1.1   0.0   2.9  27.0   13:40    SW
----------------------------------------------------------------------------------
    12.2  24.0    31     0.0    30   191.5   2.5  45.3   4.8  51.0    25       W

Max >=  27.0:  0
Max <=   0.0:  0
Min <=   0.0:  1
Min <= -18.0:  0
Max Rain: 15.8 on day 14
Days of Rain: 12 (>= 0.2 mm)  6 (>= 2.0 mm)  0 (>= 20.0 mm)
Heat Base: 18.3  Cool Base: 18.3  Method: Integration