2011 2012 2013

NOAA style reports

NOAA-style Climate Reports

Select a Year or Month report
V/Λ2017 > Jan Feb Mar Apr May Jun Jul Aug Sep Oct Nov Dec
V/Λ2016 > Jan Feb Mar Apr May Jun Jul Aug Sep Oct Nov Dec
V/Λ2015 > Jan Feb Mar Apr May Jun Jul Aug Sep Oct Nov Dec
V/Λ2014 > Jan Feb Mar Apr May Jun Jul Aug Sep Oct Nov Dec
V/Λ2013 > Jan Feb Mar Apr May Jun Jul Aug Sep Oct Nov Dec
V/Λ2012 > Jan Feb Mar Apr May Jun Jul Aug Sep Oct Nov Dec
V/Λ2011 > Jan Feb Mar Apr May Jun Jul Aug Sep Oct Nov Dec
V/Λ2010 > Jan Feb Mar Apr May Jun Jul Aug Sep Oct Nov Dec
V/Λ2009 > Jan Feb Mar Apr May Jun Jul Aug Sep Oct Nov Dec
V/Λ2008 > Jan Feb Mar Apr May Jun Jul Aug Sep Oct Nov Dec
V/Λ2007 > Jan Feb Mar Apr May Jun Jul Aug Sep Oct Nov Dec
V/Λ2006 > Jan Feb Mar Apr May Jun Jul Aug Sep Oct Nov Dec
V/Λ2005 > Jan Feb Mar Apr May Jun Jul Aug Sep Oct Nov Dec
V/Λ2004 > Jan Feb Mar Apr May Jun Jul Aug Sep Oct Nov Dec
V/Λ2003 > Jan Feb Mar Apr May Jun Jul Aug Sep Oct Nov Dec
V/Λ2002 > Jan Feb Mar Apr May Jun Jul Aug Sep Oct Nov Dec
V/Λ2001 > Jan Feb Mar Apr May Jun Jul Aug Sep Oct Nov Dec
V/Λ2000 > Jan Feb Mar Apr May Jun Jul Aug Sep Oct Nov Dec
V/Λ1999 > Jan Feb Mar Apr May Jun Jul Aug Sep Oct Nov Dec
V/Λ1998 > Jan Feb Mar Apr May Jun Jul Aug Sep Oct Nov Dec
V/Λ1997 > Jan Feb Mar Apr May Jun Jul Aug Sep Oct Nov Dec
V/Λ1996 > Jan Feb Mar Apr May Jun Jul Aug Sep Oct Nov Dec
V/Λ1995 > Jan Feb Mar Apr May Jun Jul Aug Sep Oct Nov Dec
V/Λ1994 > Jan Feb Mar Apr May Jun Jul Aug Sep Oct Nov Dec
V/Λ1993 > Jan Feb Mar Apr May Jun Jul Aug Sep Oct Nov Dec
V/Λ1992 > Jan Feb Mar Apr May Jun Jul Aug Sep Oct Nov Dec
V/Λ1991 > Jan Feb Mar Apr May Jun Jul Aug Sep Oct Nov Dec
V/Λ1990 > Jan Feb Mar Apr May Jun Jul Aug Sep Oct Nov Dec
V/Λ1989 > Jan Feb Mar Apr May Jun Jul Aug Sep Oct Nov Dec
V/Λ1988 > Jan Feb Mar Apr May Jun Jul Aug Sep Oct Nov Dec
V/Λ1987 > Jan Feb Mar Apr May Jun Jul Aug Sep Oct Nov Dec
V/Λ1986 > Jan Feb Mar Apr May Jun Jul Aug Sep Oct Nov Dec
V/Λ1985 > Jan Feb Mar Apr May Jun Jul Aug Sep Oct Nov Dec
V/Λ1984 > Jan Feb Mar Apr May Jun Jul Aug Sep Oct Nov Dec
V/Λ1983 > Jan Feb Mar Apr May Jun Jul Aug Sep Oct Nov Dec
V/Λ1982 > Jan Feb Mar Apr May Jun Jul Aug Sep Oct Nov Dec
V/Λ1981 > Jan Feb Mar Apr May Jun Jul Aug Sep Oct Nov Dec
V/Λ1980 > Jan Feb Mar Apr May Jun Jul Aug Sep Oct Nov Dec

Report for 2016 Jan
                   Monthly Climatological Summary for Jan 2016

Name: www.anoliosia.meteoclub .gr   City: Ano Liosia   State: Attiki
Elevation: 160 m  Lat: N 38 08' 03"   Lon: E 024 12' 58"

                  Temperature (C), Rain (mm), Wind Speed (km/h)

                                      Heat  Cool        Avg
    Mean                              Deg   Deg         Wind                 Dom
Day Temp  High   Time   Low    Time   Days  Days  Rain  Speed High   Time    Dir
----------------------------------------------------------------------------------
 1   1.7   6.4   13:45  -2.4   06:45  16.6   0.0   0.0   3.4  28.0   00:32    NW
 2   6.0  11.1   14:23   1.9   00:00  12.3   0.0   0.0   1.3  13.0   16:14     N
 3   9.5  12.9   14:28   4.4   00:40   8.8   0.0   3.0   3.3  34.0   14:35     W
 4  11.2  15.3   14:16   7.2   06:36   7.1   0.0   0.0   3.2  24.0   13:27     W
 5  15.0  20.4   13:09  12.0   02:59   3.4   0.1   0.0   2.2  13.0   04:19   WNW
 6  15.1  20.3   13:13  11.9   07:26   3.3   0.1   0.0   4.2  32.0   22:28   WSW
 7  13.7  15.2   09:40   9.9   23:58   4.6   0.0   5.1  15.1  55.0   17:17   WSW
 8  10.6  16.0   15:05   5.9   05:19   7.7   0.0   0.0   4.3  22.0   13:49   WNW
 9  11.8  16.9   14:06   7.6   07:46   6.5   0.0   0.0   2.1  13.0   14:30     W
10  11.3  12.8   11:38   9.9   23:44   7.0   0.0   3.3   2.0  21.0   11:32     W
11  13.4  18.9   14:39   9.2   02:22   4.9   0.0   0.3   3.7  19.0   11:06   WSW
12  14.6  20.4   15:07  10.7   03:28   3.9   0.2   0.0   4.6  30.0   15:18     W
13  13.7  17.0   13:46  10.9   07:42   4.6   0.0   0.0   9.1  43.0   15:52     W
14  12.8  16.9   06:25   7.5   23:46   5.4   0.0   0.0   4.4  31.0   07:25   WNW
15  11.1  15.2   14:59   7.0   07:46   7.3   0.0   0.0   3.7  15.0   12:59   WNW
16  13.2  13.3   00:48  12.3   00:08   5.2   0.0   0.0   3.7  21.0   02:26   SSW
17  11.0  13.2   05:16   6.8   23:56   7.3   0.0  11.7   8.1  45.0   23:06   WNW
18   4.7   6.8   00:00   3.2   15:56  13.4   0.0   0.0  16.0  61.0   13:18   NNW
19   4.6   8.4   13:58   0.2   08:03  13.6   0.0   0.0   5.5  54.0   00:04    NE
20   5.8   8.7   15:39   3.9   06:22  12.5   0.0   5.4   9.7  43.0   12:43    NE
21   7.9  12.8   12:58   4.5   08:25  10.5   0.0   0.0   1.7  13.0   13:04   WSW
22   8.6  12.7   02:47   5.3   20:12   9.6   0.0   0.0  11.7  43.0   11:10     N
23   5.1   9.3   04:34   1.0   17:58  13.2   0.0   0.3   8.6  34.0   02:04   NNE
24   2.8   5.7   11:08   1.2   02:16  15.5   0.0   0.0   3.8  23.0   08:56    NW
25   2.9   5.5   16:11   1.3   10:41  15.5   0.0   0.0   0.3  17.0   18:11    NW
26   5.4  10.4   15:42   0.0   03:36  12.9   0.0   0.0   4.2  39.0   15:37     N
27   8.3  13.3   15:29   3.9   06:04   9.9   0.0   0.0   2.3  18.0   13:16     W
28   8.9   8.9   00:00   8.9   00:00   9.4   0.0   0.0   1.0   4.0   00:00    NW
29   7.1  10.2   05:15   3.9   19:45  11.2   0.0   0.0   2.6  22.0   05:15   NNE
30  12.6  16.9   13:15   7.2   00:15   5.7   0.0   0.0   5.1  38.0   11:02    NW
31  11.2  15.9   13:31   7.4   07:18   7.1   0.0   0.0   6.0  31.0   15:07   WSW
----------------------------------------------------------------------------------
     9.4  20.4     5    -2.4     1   275.9   0.4  29.1   4.9  61.0    18      NW

Max >=  27.0:  0
Max <=   0.0:  0
Min <=   0.0:  2
Min <= -18.0:  0
Max Rain: 11.7 on day 17
Days of Rain: 7 (>= 0.2 mm)  5 (>= 2.0 mm)  0 (>= 20.0 mm)
Heat Base: 18.3  Cool Base: 18.3  Method: Integration